{"id":43463,"date":"2025-12-12T19:11:03","date_gmt":"2025-12-12T18:11:03","guid":{"rendered":"https:\/\/test.ecbeaute.com\/?post_type=product&#038;p=43463"},"modified":"2025-12-12T19:11:07","modified_gmt":"2025-12-12T18:11:07","slug":"avent-classique-2-tetines-1m-2t","status":"publish","type":"product","link":"https:\/\/paracherkaoui.ma\/index.php\/produit\/avent-classique-2-tetines-1m-2t\/","title":{"rendered":"AVENT CLASSIQUE 2 TETINES- 1M+ \/ 2T"},"content":{"rendered":"<p>Technologie Anti Colic : La valve anti-coliques cliniquement prouv\u00e9e att\u00e9nue les risques de coliques, offrant un confort sup\u00e9rieur \u00e0 votre b\u00e9b\u00e9. \u00c0 l&rsquo;\u00e2ge de 2 semaines, les b\u00e9b\u00e9s nourris avec un biberon Philips Avent souffraient moins de coliques et d&rsquo;irritabilit\u00e9 nocturne que ceux nourris avec un biberon concurrent.<br \/>\nConfort de la t\u00e9t\u00e9e : La texture rainur\u00e9e de la t\u00e9tine emp\u00eache son \u00e9crasement, permettant une t\u00e9t\u00e9e ininterrompue, ce qui r\u00e9duit les interruptions et assure une alimentation continue et apaisante.<br \/>\nMoins d&rsquo;irritabilit\u00e9 : Avec 60 % d&rsquo;irritabilit\u00e9 en moins la nuit, votre b\u00e9b\u00e9 b\u00e9n\u00e9ficiera d\u2019un sommeil plus paisible.<br \/>\nSans BPA : Ces t\u00e9tines sont fabriqu\u00e9es \u00e0 partir de mat\u00e9riaux s\u00fbrs et sans BPA, conform\u00e9ment \u00e0 la r\u00e9glementation de l&rsquo;UE 10\/2011, garantissant une utilisation s\u00e9curis\u00e9e pour votre b\u00e9b\u00e9.<br \/>\nD\u00e9bit lent : Adapt\u00e9es aux b\u00e9b\u00e9s d\u00e8s 1 mois et plus, ces t\u00e9tines \u00e0 d\u00e9bit lent permettent une alimentation contr\u00f4l\u00e9e et confortable.<br \/>\nCONSEIL D\u2019UTILISATION<br \/>\nSt\u00e9rilisation : Avant la premi\u00e8re utilisation, st\u00e9rilisez les t\u00e9tines en les plongeant dans de l&rsquo;eau bouillante pendant 5 minutes ou en utilisant un st\u00e9rilisateur \u00e0 vapeur.<br \/>\nNettoyage : Lavez les t\u00e9tines apr\u00e8s chaque utilisation \u00e0 l&rsquo;eau chaude savonneuse, puis rincez abondamment. Elles peuvent \u00e9galement \u00eatre nettoy\u00e9es au lave-vaisselle.<br \/>\nInspection : Avant chaque utilisation, inspectez la t\u00e9tine. Si elle pr\u00e9sente des signes d&rsquo;usure ou de dommage, remplacez-la pour assurer la s\u00e9curit\u00e9 de votre b\u00e9b\u00e9.<br \/>\nAssemblage : Fixez correctement la t\u00e9tine au biberon pour garantir l&rsquo;efficacit\u00e9 de la valve anti coliques et \u00e9viter les fuites.<br \/>\nUtilisation : Utilisez la t\u00e9tine pour nourrir votre b\u00e9b\u00e9 en position l\u00e9g\u00e8rement inclin\u00e9e pour r\u00e9duire l&rsquo;ingestion d&rsquo;air.<\/p>\n","protected":false},"excerpt":{"rendered":"<p>Technologie Anti Colic : La valve anti-coliques cliniquement prouv\u00e9e att\u00e9nue les risques de coliques, offrant un confort sup\u00e9rieur \u00e0 votre<\/p>\n","protected":false},"featured_media":43504,"comment_status":"open","ping_status":"closed","template":"","meta":[],"product_brand":[723],"product_cat":[753],"product_tag":[],"class_list":{"0":"post-43463","1":"product","2":"type-product","3":"status-publish","4":"has-post-thumbnail","6":"product_brand-avent","7":"product_cat-tetine","9":"first","10":"instock","11":"sale","12":"shipping-taxable","13":"purchasable","14":"product-type-simple"},"yoast_head":"<!-- This site is optimized with the Yoast SEO plugin v26.6 - https:\/\/yoast.com\/wordpress\/plugins\/seo\/ -->\r\n<title>AVENT CLASSIQUE 2 TETINES- 1M+ \/ 2T - Paracherkaoui.ma<\/title>\r\n<meta name=\"robots\" content=\"index, follow, max-snippet:-1, max-image-preview:large, max-video-preview:-1\" \/>\r\n<link rel=\"canonical\" href=\"https:\/\/paracherkaoui.ma\/index.php\/produit\/avent-classique-2-tetines-1m-2t\/\" \/>\r\n<meta property=\"og:locale\" content=\"fr_FR\" \/>\r\n<meta property=\"og:type\" content=\"article\" \/>\r\n<meta property=\"og:title\" content=\"AVENT CLASSIQUE 2 TETINES- 1M+ \/ 2T - Paracherkaoui.ma\" \/>\r\n<meta property=\"og:description\" content=\"Technologie Anti Colic : La valve anti-coliques cliniquement prouv\u00e9e att\u00e9nue les risques de coliques, offrant un confort sup\u00e9rieur \u00e0 votre\" \/>\r\n<meta property=\"og:url\" content=\"https:\/\/paracherkaoui.ma\/index.php\/produit\/avent-classique-2-tetines-1m-2t\/\" \/>\r\n<meta property=\"og:site_name\" content=\"Paracherkaoui.ma\" \/>\r\n<meta property=\"article:modified_time\" content=\"2025-12-12T18:11:07+00:00\" \/>\r\n<meta property=\"og:image\" content=\"https:\/\/paracherkaoui.ma\/wp-content\/uploads\/2025\/12\/avent-avent-classique-2-tetines-1m-2t-tetines.jpg\" \/>\r\n\t<meta property=\"og:image:width\" content=\"700\" \/>\r\n\t<meta property=\"og:image:height\" content=\"700\" \/>\r\n\t<meta property=\"og:image:type\" content=\"image\/jpeg\" \/>\r\n<meta name=\"twitter:card\" content=\"summary_large_image\" \/>\r\n<meta name=\"twitter:label1\" content=\"Dur\u00e9e de lecture estim\u00e9e\" \/>\n\t<meta name=\"twitter:data1\" content=\"1 minute\" \/>\r\n<script type=\"application\/ld+json\" class=\"yoast-schema-graph\">{\"@context\":\"https:\/\/schema.org\",\"@graph\":[{\"@type\":\"WebPage\",\"@id\":\"https:\/\/paracherkaoui.ma\/index.php\/produit\/avent-classique-2-tetines-1m-2t\/\",\"url\":\"https:\/\/paracherkaoui.ma\/index.php\/produit\/avent-classique-2-tetines-1m-2t\/\",\"name\":\"AVENT CLASSIQUE 2 TETINES- 1M+ \/ 2T - Paracherkaoui.ma\",\"isPartOf\":{\"@id\":\"https:\/\/paracherkaoui.ma\/#website\"},\"primaryImageOfPage\":{\"@id\":\"https:\/\/paracherkaoui.ma\/index.php\/produit\/avent-classique-2-tetines-1m-2t\/#primaryimage\"},\"image\":{\"@id\":\"https:\/\/paracherkaoui.ma\/index.php\/produit\/avent-classique-2-tetines-1m-2t\/#primaryimage\"},\"thumbnailUrl\":\"https:\/\/paracherkaoui.ma\/wp-content\/uploads\/2025\/12\/avent-avent-classique-2-tetines-1m-2t-tetines.jpg\",\"datePublished\":\"2025-12-12T18:11:03+00:00\",\"dateModified\":\"2025-12-12T18:11:07+00:00\",\"breadcrumb\":{\"@id\":\"https:\/\/paracherkaoui.ma\/index.php\/produit\/avent-classique-2-tetines-1m-2t\/#breadcrumb\"},\"inLanguage\":\"fr-FR\",\"potentialAction\":[{\"@type\":\"ReadAction\",\"target\":[\"https:\/\/paracherkaoui.ma\/index.php\/produit\/avent-classique-2-tetines-1m-2t\/\"]}]},{\"@type\":\"ImageObject\",\"inLanguage\":\"fr-FR\",\"@id\":\"https:\/\/paracherkaoui.ma\/index.php\/produit\/avent-classique-2-tetines-1m-2t\/#primaryimage\",\"url\":\"https:\/\/paracherkaoui.ma\/wp-content\/uploads\/2025\/12\/avent-avent-classique-2-tetines-1m-2t-tetines.jpg\",\"contentUrl\":\"https:\/\/paracherkaoui.ma\/wp-content\/uploads\/2025\/12\/avent-avent-classique-2-tetines-1m-2t-tetines.jpg\",\"width\":700,\"height\":700},{\"@type\":\"BreadcrumbList\",\"@id\":\"https:\/\/paracherkaoui.ma\/index.php\/produit\/avent-classique-2-tetines-1m-2t\/#breadcrumb\",\"itemListElement\":[{\"@type\":\"ListItem\",\"position\":1,\"name\":\"Accueil\",\"item\":\"https:\/\/paracherkaoui.ma\/\"},{\"@type\":\"ListItem\",\"position\":2,\"name\":\"Boutique\",\"item\":\"https:\/\/paracherkaoui.ma\/index.php\/boutique\/\"},{\"@type\":\"ListItem\",\"position\":3,\"name\":\"AVENT CLASSIQUE 2 TETINES- 1M+ \/ 2T\"}]},{\"@type\":\"WebSite\",\"@id\":\"https:\/\/paracherkaoui.ma\/#website\",\"url\":\"https:\/\/paracherkaoui.ma\/\",\"name\":\"Paracherkaoui.ma\",\"description\":\"Achetez en ligne sur Paracherkaoui.ma\",\"potentialAction\":[{\"@type\":\"SearchAction\",\"target\":{\"@type\":\"EntryPoint\",\"urlTemplate\":\"https:\/\/paracherkaoui.ma\/?s={search_term_string}\"},\"query-input\":{\"@type\":\"PropertyValueSpecification\",\"valueRequired\":true,\"valueName\":\"search_term_string\"}}],\"inLanguage\":\"fr-FR\"}]}<\/script>\r\n<!-- \/ Yoast SEO plugin. -->","yoast_head_json":{"title":"AVENT CLASSIQUE 2 TETINES- 1M+ \/ 2T - Paracherkaoui.ma","robots":{"index":"index","follow":"follow","max-snippet":"max-snippet:-1","max-image-preview":"max-image-preview:large","max-video-preview":"max-video-preview:-1"},"canonical":"https:\/\/paracherkaoui.ma\/index.php\/produit\/avent-classique-2-tetines-1m-2t\/","og_locale":"fr_FR","og_type":"article","og_title":"AVENT CLASSIQUE 2 TETINES- 1M+ \/ 2T - Paracherkaoui.ma","og_description":"Technologie Anti Colic : La valve anti-coliques cliniquement prouv\u00e9e att\u00e9nue les risques de coliques, offrant un confort sup\u00e9rieur \u00e0 votre","og_url":"https:\/\/paracherkaoui.ma\/index.php\/produit\/avent-classique-2-tetines-1m-2t\/","og_site_name":"Paracherkaoui.ma","article_modified_time":"2025-12-12T18:11:07+00:00","og_image":[{"width":700,"height":700,"url":"https:\/\/paracherkaoui.ma\/wp-content\/uploads\/2025\/12\/avent-avent-classique-2-tetines-1m-2t-tetines.jpg","type":"image\/jpeg"}],"twitter_card":"summary_large_image","twitter_misc":{"Dur\u00e9e de lecture estim\u00e9e":"1 minute"},"schema":{"@context":"https:\/\/schema.org","@graph":[{"@type":"WebPage","@id":"https:\/\/paracherkaoui.ma\/index.php\/produit\/avent-classique-2-tetines-1m-2t\/","url":"https:\/\/paracherkaoui.ma\/index.php\/produit\/avent-classique-2-tetines-1m-2t\/","name":"AVENT CLASSIQUE 2 TETINES- 1M+ \/ 2T - Paracherkaoui.ma","isPartOf":{"@id":"https:\/\/paracherkaoui.ma\/#website"},"primaryImageOfPage":{"@id":"https:\/\/paracherkaoui.ma\/index.php\/produit\/avent-classique-2-tetines-1m-2t\/#primaryimage"},"image":{"@id":"https:\/\/paracherkaoui.ma\/index.php\/produit\/avent-classique-2-tetines-1m-2t\/#primaryimage"},"thumbnailUrl":"https:\/\/paracherkaoui.ma\/wp-content\/uploads\/2025\/12\/avent-avent-classique-2-tetines-1m-2t-tetines.jpg","datePublished":"2025-12-12T18:11:03+00:00","dateModified":"2025-12-12T18:11:07+00:00","breadcrumb":{"@id":"https:\/\/paracherkaoui.ma\/index.php\/produit\/avent-classique-2-tetines-1m-2t\/#breadcrumb"},"inLanguage":"fr-FR","potentialAction":[{"@type":"ReadAction","target":["https:\/\/paracherkaoui.ma\/index.php\/produit\/avent-classique-2-tetines-1m-2t\/"]}]},{"@type":"ImageObject","inLanguage":"fr-FR","@id":"https:\/\/paracherkaoui.ma\/index.php\/produit\/avent-classique-2-tetines-1m-2t\/#primaryimage","url":"https:\/\/paracherkaoui.ma\/wp-content\/uploads\/2025\/12\/avent-avent-classique-2-tetines-1m-2t-tetines.jpg","contentUrl":"https:\/\/paracherkaoui.ma\/wp-content\/uploads\/2025\/12\/avent-avent-classique-2-tetines-1m-2t-tetines.jpg","width":700,"height":700},{"@type":"BreadcrumbList","@id":"https:\/\/paracherkaoui.ma\/index.php\/produit\/avent-classique-2-tetines-1m-2t\/#breadcrumb","itemListElement":[{"@type":"ListItem","position":1,"name":"Accueil","item":"https:\/\/paracherkaoui.ma\/"},{"@type":"ListItem","position":2,"name":"Boutique","item":"https:\/\/paracherkaoui.ma\/index.php\/boutique\/"},{"@type":"ListItem","position":3,"name":"AVENT CLASSIQUE 2 TETINES- 1M+ \/ 2T"}]},{"@type":"WebSite","@id":"https:\/\/paracherkaoui.ma\/#website","url":"https:\/\/paracherkaoui.ma\/","name":"Paracherkaoui.ma","description":"Achetez en ligne sur Paracherkaoui.ma","potentialAction":[{"@type":"SearchAction","target":{"@type":"EntryPoint","urlTemplate":"https:\/\/paracherkaoui.ma\/?s={search_term_string}"},"query-input":{"@type":"PropertyValueSpecification","valueRequired":true,"valueName":"search_term_string"}}],"inLanguage":"fr-FR"}]}},"_links":{"self":[{"href":"https:\/\/paracherkaoui.ma\/index.php\/wp-json\/wp\/v2\/product\/43463","targetHints":{"allow":["GET"]}}],"collection":[{"href":"https:\/\/paracherkaoui.ma\/index.php\/wp-json\/wp\/v2\/product"}],"about":[{"href":"https:\/\/paracherkaoui.ma\/index.php\/wp-json\/wp\/v2\/types\/product"}],"replies":[{"embeddable":true,"href":"https:\/\/paracherkaoui.ma\/index.php\/wp-json\/wp\/v2\/comments?post=43463"}],"version-history":[{"count":1,"href":"https:\/\/paracherkaoui.ma\/index.php\/wp-json\/wp\/v2\/product\/43463\/revisions"}],"predecessor-version":[{"id":43505,"href":"https:\/\/paracherkaoui.ma\/index.php\/wp-json\/wp\/v2\/product\/43463\/revisions\/43505"}],"wp:featuredmedia":[{"embeddable":true,"href":"https:\/\/paracherkaoui.ma\/index.php\/wp-json\/wp\/v2\/media\/43504"}],"wp:attachment":[{"href":"https:\/\/paracherkaoui.ma\/index.php\/wp-json\/wp\/v2\/media?parent=43463"}],"wp:term":[{"taxonomy":"product_brand","embeddable":true,"href":"https:\/\/paracherkaoui.ma\/index.php\/wp-json\/wp\/v2\/product_brand?post=43463"},{"taxonomy":"product_cat","embeddable":true,"href":"https:\/\/paracherkaoui.ma\/index.php\/wp-json\/wp\/v2\/product_cat?post=43463"},{"taxonomy":"product_tag","embeddable":true,"href":"https:\/\/paracherkaoui.ma\/index.php\/wp-json\/wp\/v2\/product_tag?post=43463"}],"curies":[{"name":"wp","href":"https:\/\/api.w.org\/{rel}","templated":true}]}}