{"id":43452,"date":"2025-12-12T19:11:02","date_gmt":"2025-12-12T18:11:02","guid":{"rendered":"https:\/\/test.ecbeaute.com\/?post_type=product&#038;p=43452"},"modified":"2025-12-12T19:11:05","modified_gmt":"2025-12-12T18:11:05","slug":"dodie-tetine-plate-sensation-anti-colique-d1-0-6m-x2","status":"publish","type":"product","link":"https:\/\/paracherkaoui.ma\/index.php\/produit\/dodie-tetine-plate-sensation-anti-colique-d1-0-6m-x2\/","title":{"rendered":"DODIE TETINE PLATE SENSATION+ ANTI COLIQUE D1 0-6M X2"},"content":{"rendered":"<p>Description:<\/p>\n<p>Dodie 2 T\u00e9tines Silicone Col Large +6Mois 3 Vitesses D\u00e9bit 2 avec valve brevet\u00e9e, s&rsquo;adapte \u00e0 tous les biberons Dodie Initiation et Evolution. Anti-colique, anti-r\u00e9gurgitation et anti-a\u00e9rophagie, la t\u00e9tine Easy Air Dodie est num\u00e9ro 1 en pharmacie. Avec son embout large et rond proche de la forme du sein, elle est adapt\u00e9e \u00e0 la bouche de b\u00e9b\u00e9. Ses stries pr\u00e9viennent le collage des parois pendant la succion et sa valve permet une circulation d&rsquo;air r\u00e9guli\u00e8re qui aide \u00e0 r\u00e9duire les risques de coliques, de r\u00e9gurgitations et d&rsquo;a\u00e9rophagie. Sa texture en silicone extra-souple, lisse et flexible est aussi douce comme la peau de maman. L\u00e9 b\u00e9b\u00e9 se sent alors en s\u00e9curit\u00e9 et t\u00e8te facilement.3 vitesses existent pour s&rsquo;adapter \u00e0 l&rsquo;app\u00e9tit de b\u00e9b\u00e9 au cours de la t\u00e9t\u00e9e et le col large de la t\u00e9tine Dodie encourage l&rsquo;ouverture de la bouche de b\u00e9b\u00e9.<\/p>\n","protected":false},"excerpt":{"rendered":"<p>Description: Dodie 2 T\u00e9tines Silicone Col Large +6Mois 3 Vitesses D\u00e9bit 2 avec valve brevet\u00e9e, s&rsquo;adapte \u00e0 tous les biberons<\/p>\n","protected":false},"featured_media":43482,"comment_status":"open","ping_status":"closed","template":"","meta":[],"product_brand":[725],"product_cat":[753],"product_tag":[],"class_list":{"0":"post-43452","1":"product","2":"type-product","3":"status-publish","4":"has-post-thumbnail","6":"product_brand-dodie","7":"product_cat-tetine","9":"first","10":"instock","11":"sale","12":"shipping-taxable","13":"purchasable","14":"product-type-simple"},"yoast_head":"<!-- This site is optimized with the Yoast SEO plugin v26.6 - https:\/\/yoast.com\/wordpress\/plugins\/seo\/ -->\r\n<title>DODIE TETINE PLATE SENSATION+ ANTI COLIQUE D1 0-6M X2 - Paracherkaoui.ma<\/title>\r\n<meta name=\"robots\" content=\"index, follow, max-snippet:-1, max-image-preview:large, max-video-preview:-1\" \/>\r\n<link rel=\"canonical\" href=\"https:\/\/paracherkaoui.ma\/index.php\/produit\/dodie-tetine-plate-sensation-anti-colique-d1-0-6m-x2\/\" \/>\r\n<meta property=\"og:locale\" content=\"fr_FR\" \/>\r\n<meta property=\"og:type\" content=\"article\" \/>\r\n<meta property=\"og:title\" content=\"DODIE TETINE PLATE SENSATION+ ANTI COLIQUE D1 0-6M X2 - Paracherkaoui.ma\" \/>\r\n<meta property=\"og:description\" content=\"Description: Dodie 2 T\u00e9tines Silicone Col Large +6Mois 3 Vitesses D\u00e9bit 2 avec valve brevet\u00e9e, s&rsquo;adapte \u00e0 tous les biberons\" \/>\r\n<meta property=\"og:url\" content=\"https:\/\/paracherkaoui.ma\/index.php\/produit\/dodie-tetine-plate-sensation-anti-colique-d1-0-6m-x2\/\" \/>\r\n<meta property=\"og:site_name\" content=\"Paracherkaoui.ma\" \/>\r\n<meta property=\"article:modified_time\" content=\"2025-12-12T18:11:05+00:00\" \/>\r\n<meta property=\"og:image\" content=\"https:\/\/paracherkaoui.ma\/wp-content\/uploads\/2025\/12\/dodie-tetine-plate-sensation-anti-colique-d1-0-6m-x2.jpg\" \/>\r\n\t<meta property=\"og:image:width\" content=\"700\" \/>\r\n\t<meta property=\"og:image:height\" content=\"700\" \/>\r\n\t<meta property=\"og:image:type\" content=\"image\/jpeg\" \/>\r\n<meta name=\"twitter:card\" content=\"summary_large_image\" \/>\r\n<meta name=\"twitter:label1\" content=\"Dur\u00e9e de lecture estim\u00e9e\" \/>\n\t<meta name=\"twitter:data1\" content=\"1 minute\" \/>\r\n<script type=\"application\/ld+json\" class=\"yoast-schema-graph\">{\"@context\":\"https:\/\/schema.org\",\"@graph\":[{\"@type\":\"WebPage\",\"@id\":\"https:\/\/paracherkaoui.ma\/index.php\/produit\/dodie-tetine-plate-sensation-anti-colique-d1-0-6m-x2\/\",\"url\":\"https:\/\/paracherkaoui.ma\/index.php\/produit\/dodie-tetine-plate-sensation-anti-colique-d1-0-6m-x2\/\",\"name\":\"DODIE TETINE PLATE SENSATION+ ANTI COLIQUE D1 0-6M X2 - Paracherkaoui.ma\",\"isPartOf\":{\"@id\":\"https:\/\/paracherkaoui.ma\/#website\"},\"primaryImageOfPage\":{\"@id\":\"https:\/\/paracherkaoui.ma\/index.php\/produit\/dodie-tetine-plate-sensation-anti-colique-d1-0-6m-x2\/#primaryimage\"},\"image\":{\"@id\":\"https:\/\/paracherkaoui.ma\/index.php\/produit\/dodie-tetine-plate-sensation-anti-colique-d1-0-6m-x2\/#primaryimage\"},\"thumbnailUrl\":\"https:\/\/paracherkaoui.ma\/wp-content\/uploads\/2025\/12\/dodie-tetine-plate-sensation-anti-colique-d1-0-6m-x2.jpg\",\"datePublished\":\"2025-12-12T18:11:02+00:00\",\"dateModified\":\"2025-12-12T18:11:05+00:00\",\"breadcrumb\":{\"@id\":\"https:\/\/paracherkaoui.ma\/index.php\/produit\/dodie-tetine-plate-sensation-anti-colique-d1-0-6m-x2\/#breadcrumb\"},\"inLanguage\":\"fr-FR\",\"potentialAction\":[{\"@type\":\"ReadAction\",\"target\":[\"https:\/\/paracherkaoui.ma\/index.php\/produit\/dodie-tetine-plate-sensation-anti-colique-d1-0-6m-x2\/\"]}]},{\"@type\":\"ImageObject\",\"inLanguage\":\"fr-FR\",\"@id\":\"https:\/\/paracherkaoui.ma\/index.php\/produit\/dodie-tetine-plate-sensation-anti-colique-d1-0-6m-x2\/#primaryimage\",\"url\":\"https:\/\/paracherkaoui.ma\/wp-content\/uploads\/2025\/12\/dodie-tetine-plate-sensation-anti-colique-d1-0-6m-x2.jpg\",\"contentUrl\":\"https:\/\/paracherkaoui.ma\/wp-content\/uploads\/2025\/12\/dodie-tetine-plate-sensation-anti-colique-d1-0-6m-x2.jpg\",\"width\":700,\"height\":700},{\"@type\":\"BreadcrumbList\",\"@id\":\"https:\/\/paracherkaoui.ma\/index.php\/produit\/dodie-tetine-plate-sensation-anti-colique-d1-0-6m-x2\/#breadcrumb\",\"itemListElement\":[{\"@type\":\"ListItem\",\"position\":1,\"name\":\"Accueil\",\"item\":\"https:\/\/paracherkaoui.ma\/\"},{\"@type\":\"ListItem\",\"position\":2,\"name\":\"Boutique\",\"item\":\"https:\/\/paracherkaoui.ma\/index.php\/boutique\/\"},{\"@type\":\"ListItem\",\"position\":3,\"name\":\"DODIE TETINE PLATE SENSATION+ ANTI COLIQUE D1 0-6M X2\"}]},{\"@type\":\"WebSite\",\"@id\":\"https:\/\/paracherkaoui.ma\/#website\",\"url\":\"https:\/\/paracherkaoui.ma\/\",\"name\":\"Paracherkaoui.ma\",\"description\":\"Achetez en ligne sur Paracherkaoui.ma\",\"potentialAction\":[{\"@type\":\"SearchAction\",\"target\":{\"@type\":\"EntryPoint\",\"urlTemplate\":\"https:\/\/paracherkaoui.ma\/?s={search_term_string}\"},\"query-input\":{\"@type\":\"PropertyValueSpecification\",\"valueRequired\":true,\"valueName\":\"search_term_string\"}}],\"inLanguage\":\"fr-FR\"}]}<\/script>\r\n<!-- \/ Yoast SEO plugin. -->","yoast_head_json":{"title":"DODIE TETINE PLATE SENSATION+ ANTI COLIQUE D1 0-6M X2 - Paracherkaoui.ma","robots":{"index":"index","follow":"follow","max-snippet":"max-snippet:-1","max-image-preview":"max-image-preview:large","max-video-preview":"max-video-preview:-1"},"canonical":"https:\/\/paracherkaoui.ma\/index.php\/produit\/dodie-tetine-plate-sensation-anti-colique-d1-0-6m-x2\/","og_locale":"fr_FR","og_type":"article","og_title":"DODIE TETINE PLATE SENSATION+ ANTI COLIQUE D1 0-6M X2 - Paracherkaoui.ma","og_description":"Description: Dodie 2 T\u00e9tines Silicone Col Large +6Mois 3 Vitesses D\u00e9bit 2 avec valve brevet\u00e9e, s&rsquo;adapte \u00e0 tous les biberons","og_url":"https:\/\/paracherkaoui.ma\/index.php\/produit\/dodie-tetine-plate-sensation-anti-colique-d1-0-6m-x2\/","og_site_name":"Paracherkaoui.ma","article_modified_time":"2025-12-12T18:11:05+00:00","og_image":[{"width":700,"height":700,"url":"https:\/\/paracherkaoui.ma\/wp-content\/uploads\/2025\/12\/dodie-tetine-plate-sensation-anti-colique-d1-0-6m-x2.jpg","type":"image\/jpeg"}],"twitter_card":"summary_large_image","twitter_misc":{"Dur\u00e9e de lecture estim\u00e9e":"1 minute"},"schema":{"@context":"https:\/\/schema.org","@graph":[{"@type":"WebPage","@id":"https:\/\/paracherkaoui.ma\/index.php\/produit\/dodie-tetine-plate-sensation-anti-colique-d1-0-6m-x2\/","url":"https:\/\/paracherkaoui.ma\/index.php\/produit\/dodie-tetine-plate-sensation-anti-colique-d1-0-6m-x2\/","name":"DODIE TETINE PLATE SENSATION+ ANTI COLIQUE D1 0-6M X2 - Paracherkaoui.ma","isPartOf":{"@id":"https:\/\/paracherkaoui.ma\/#website"},"primaryImageOfPage":{"@id":"https:\/\/paracherkaoui.ma\/index.php\/produit\/dodie-tetine-plate-sensation-anti-colique-d1-0-6m-x2\/#primaryimage"},"image":{"@id":"https:\/\/paracherkaoui.ma\/index.php\/produit\/dodie-tetine-plate-sensation-anti-colique-d1-0-6m-x2\/#primaryimage"},"thumbnailUrl":"https:\/\/paracherkaoui.ma\/wp-content\/uploads\/2025\/12\/dodie-tetine-plate-sensation-anti-colique-d1-0-6m-x2.jpg","datePublished":"2025-12-12T18:11:02+00:00","dateModified":"2025-12-12T18:11:05+00:00","breadcrumb":{"@id":"https:\/\/paracherkaoui.ma\/index.php\/produit\/dodie-tetine-plate-sensation-anti-colique-d1-0-6m-x2\/#breadcrumb"},"inLanguage":"fr-FR","potentialAction":[{"@type":"ReadAction","target":["https:\/\/paracherkaoui.ma\/index.php\/produit\/dodie-tetine-plate-sensation-anti-colique-d1-0-6m-x2\/"]}]},{"@type":"ImageObject","inLanguage":"fr-FR","@id":"https:\/\/paracherkaoui.ma\/index.php\/produit\/dodie-tetine-plate-sensation-anti-colique-d1-0-6m-x2\/#primaryimage","url":"https:\/\/paracherkaoui.ma\/wp-content\/uploads\/2025\/12\/dodie-tetine-plate-sensation-anti-colique-d1-0-6m-x2.jpg","contentUrl":"https:\/\/paracherkaoui.ma\/wp-content\/uploads\/2025\/12\/dodie-tetine-plate-sensation-anti-colique-d1-0-6m-x2.jpg","width":700,"height":700},{"@type":"BreadcrumbList","@id":"https:\/\/paracherkaoui.ma\/index.php\/produit\/dodie-tetine-plate-sensation-anti-colique-d1-0-6m-x2\/#breadcrumb","itemListElement":[{"@type":"ListItem","position":1,"name":"Accueil","item":"https:\/\/paracherkaoui.ma\/"},{"@type":"ListItem","position":2,"name":"Boutique","item":"https:\/\/paracherkaoui.ma\/index.php\/boutique\/"},{"@type":"ListItem","position":3,"name":"DODIE TETINE PLATE SENSATION+ ANTI COLIQUE D1 0-6M X2"}]},{"@type":"WebSite","@id":"https:\/\/paracherkaoui.ma\/#website","url":"https:\/\/paracherkaoui.ma\/","name":"Paracherkaoui.ma","description":"Achetez en ligne sur Paracherkaoui.ma","potentialAction":[{"@type":"SearchAction","target":{"@type":"EntryPoint","urlTemplate":"https:\/\/paracherkaoui.ma\/?s={search_term_string}"},"query-input":{"@type":"PropertyValueSpecification","valueRequired":true,"valueName":"search_term_string"}}],"inLanguage":"fr-FR"}]}},"_links":{"self":[{"href":"https:\/\/paracherkaoui.ma\/index.php\/wp-json\/wp\/v2\/product\/43452","targetHints":{"allow":["GET"]}}],"collection":[{"href":"https:\/\/paracherkaoui.ma\/index.php\/wp-json\/wp\/v2\/product"}],"about":[{"href":"https:\/\/paracherkaoui.ma\/index.php\/wp-json\/wp\/v2\/types\/product"}],"replies":[{"embeddable":true,"href":"https:\/\/paracherkaoui.ma\/index.php\/wp-json\/wp\/v2\/comments?post=43452"}],"version-history":[{"count":1,"href":"https:\/\/paracherkaoui.ma\/index.php\/wp-json\/wp\/v2\/product\/43452\/revisions"}],"predecessor-version":[{"id":43483,"href":"https:\/\/paracherkaoui.ma\/index.php\/wp-json\/wp\/v2\/product\/43452\/revisions\/43483"}],"wp:featuredmedia":[{"embeddable":true,"href":"https:\/\/paracherkaoui.ma\/index.php\/wp-json\/wp\/v2\/media\/43482"}],"wp:attachment":[{"href":"https:\/\/paracherkaoui.ma\/index.php\/wp-json\/wp\/v2\/media?parent=43452"}],"wp:term":[{"taxonomy":"product_brand","embeddable":true,"href":"https:\/\/paracherkaoui.ma\/index.php\/wp-json\/wp\/v2\/product_brand?post=43452"},{"taxonomy":"product_cat","embeddable":true,"href":"https:\/\/paracherkaoui.ma\/index.php\/wp-json\/wp\/v2\/product_cat?post=43452"},{"taxonomy":"product_tag","embeddable":true,"href":"https:\/\/paracherkaoui.ma\/index.php\/wp-json\/wp\/v2\/product_tag?post=43452"}],"curies":[{"name":"wp","href":"https:\/\/api.w.org\/{rel}","templated":true}]}}