{"id":43383,"date":"2025-12-12T19:10:52","date_gmt":"2025-12-12T18:10:52","guid":{"rendered":"https:\/\/test.ecbeaute.com\/?post_type=product&#038;p=43383"},"modified":"2025-12-12T19:11:00","modified_gmt":"2025-12-12T18:11:00","slug":"avent-sucette-ultra-air-nuit-0-6-mois-pack-de-2-orthodontic","status":"publish","type":"product","link":"https:\/\/paracherkaoui.ma\/index.php\/produit\/avent-sucette-ultra-air-nuit-0-6-mois-pack-de-2-orthodontic\/","title":{"rendered":"AVENT SUCETTE ULTRA AIR NUIT 0-6 MOIS PACK DE 2 ORTHODONTIC"},"content":{"rendered":"<p>Disponible en diff\u00e9rents coloris et d\u00e9corations, la sucette ultra air night est non seulement pratique mais aussi esth\u00e9tique. Elle est fabriqu\u00e9e en silicone de qualit\u00e9 alimentaire \u00e0 100 %, garantissant une utilisation s\u00fbre et sans BPA pour les tout-petits de 0 \u00e0 6 mois. Ce lot de 2 sucettes orthodontiques soutient le d\u00e9veloppement naturel du palais, des dents et des gencives de votre b\u00e9b\u00e9. Les trous extra-larges assurent une bonne circulation de l&rsquo;air, gardant la peau de b\u00e9b\u00e9 au sec. La pastille phosphorescente brille longtemps dans le noir, permettant de localiser rapidement la sucette.\u00a0 Con\u00e7ue pour le d\u00e9veloppement buccal naturel, sans BPA, et fabriqu\u00e9e en silicone de qualit\u00e9 alimentaire. Pratique et \u00e9conomique, ce lot de 2 sucettes garantit que vous en aurez toujours une \u00e0 port\u00e9e de main.<br \/>\nCONSEIL D\u2019UTILISATION<br \/>\nAvant la premi\u00e8re utilisation, st\u00e9rilisez les sucettes en les plongeant dans de l&rsquo;eau bouillante pendant 5 minutes. Pour les utilisations suivantes, vous pouvez utiliser un st\u00e9rilisateur ou simplement les laver \u00e0 l&rsquo;eau chaude savonneuse.<br \/>\nAvant chaque utilisation, v\u00e9rifiez la sucette en tirant sur la t\u00e9tine. Si vous observez des signes d&rsquo;usure, remplacez la imm\u00e9diatement.<br \/>\nRangez les sucettes dans un endroit propre et sec. Utilisez le capuchon protecteur lorsqu&rsquo;elles ne sont pas utilis\u00e9es pour maintenir leur propret\u00e9.<br \/>\nProfitez de la pastille phosphorescente pour retrouver facilement la sucette pendant la nuit. Exposez la \u00e0 la lumi\u00e8re avant de coucher votre b\u00e9b\u00e9 pour garantir une longue dur\u00e9e de luminescence.<\/p>\n","protected":false},"excerpt":{"rendered":"<p>Disponible en diff\u00e9rents coloris et d\u00e9corations, la sucette ultra air night est non seulement pratique mais aussi esth\u00e9tique. Elle est<\/p>\n","protected":false},"featured_media":43434,"comment_status":"open","ping_status":"closed","template":"","meta":[],"product_brand":[723],"product_cat":[751],"product_tag":[],"class_list":{"0":"post-43383","1":"product","2":"type-product","3":"status-publish","4":"has-post-thumbnail","6":"product_brand-avent","7":"product_cat-sucettes-et-attaches-sucettes","9":"first","10":"instock","11":"sale","12":"shipping-taxable","13":"purchasable","14":"product-type-simple"},"yoast_head":"<!-- This site is optimized with the Yoast SEO plugin v26.6 - https:\/\/yoast.com\/wordpress\/plugins\/seo\/ -->\r\n<title>AVENT SUCETTE ULTRA AIR NUIT 0-6 MOIS PACK DE 2 ORTHODONTIC - Paracherkaoui.ma<\/title>\r\n<meta name=\"robots\" content=\"index, follow, max-snippet:-1, max-image-preview:large, max-video-preview:-1\" \/>\r\n<link rel=\"canonical\" href=\"https:\/\/paracherkaoui.ma\/index.php\/produit\/avent-sucette-ultra-air-nuit-0-6-mois-pack-de-2-orthodontic\/\" \/>\r\n<meta property=\"og:locale\" content=\"fr_FR\" \/>\r\n<meta property=\"og:type\" content=\"article\" \/>\r\n<meta property=\"og:title\" content=\"AVENT SUCETTE ULTRA AIR NUIT 0-6 MOIS PACK DE 2 ORTHODONTIC - Paracherkaoui.ma\" \/>\r\n<meta property=\"og:description\" content=\"Disponible en diff\u00e9rents coloris et d\u00e9corations, la sucette ultra air night est non seulement pratique mais aussi esth\u00e9tique. Elle est\" \/>\r\n<meta property=\"og:url\" content=\"https:\/\/paracherkaoui.ma\/index.php\/produit\/avent-sucette-ultra-air-nuit-0-6-mois-pack-de-2-orthodontic\/\" \/>\r\n<meta property=\"og:site_name\" content=\"Paracherkaoui.ma\" \/>\r\n<meta property=\"article:modified_time\" content=\"2025-12-12T18:11:00+00:00\" \/>\r\n<meta property=\"og:image\" content=\"https:\/\/paracherkaoui.ma\/wp-content\/uploads\/2025\/12\/avent-avent-sucette-ultra-air-nuit-0-6-mois-pack-de-2-orthodontic-sucettes-et-attaches-sucettes.jpg\" \/>\r\n\t<meta property=\"og:image:width\" content=\"700\" \/>\r\n\t<meta property=\"og:image:height\" content=\"700\" \/>\r\n\t<meta property=\"og:image:type\" content=\"image\/jpeg\" \/>\r\n<meta name=\"twitter:card\" content=\"summary_large_image\" \/>\r\n<meta name=\"twitter:label1\" content=\"Dur\u00e9e de lecture estim\u00e9e\" \/>\n\t<meta name=\"twitter:data1\" content=\"1 minute\" \/>\r\n<script type=\"application\/ld+json\" class=\"yoast-schema-graph\">{\"@context\":\"https:\/\/schema.org\",\"@graph\":[{\"@type\":\"WebPage\",\"@id\":\"https:\/\/paracherkaoui.ma\/index.php\/produit\/avent-sucette-ultra-air-nuit-0-6-mois-pack-de-2-orthodontic\/\",\"url\":\"https:\/\/paracherkaoui.ma\/index.php\/produit\/avent-sucette-ultra-air-nuit-0-6-mois-pack-de-2-orthodontic\/\",\"name\":\"AVENT SUCETTE ULTRA AIR NUIT 0-6 MOIS PACK DE 2 ORTHODONTIC - Paracherkaoui.ma\",\"isPartOf\":{\"@id\":\"https:\/\/paracherkaoui.ma\/#website\"},\"primaryImageOfPage\":{\"@id\":\"https:\/\/paracherkaoui.ma\/index.php\/produit\/avent-sucette-ultra-air-nuit-0-6-mois-pack-de-2-orthodontic\/#primaryimage\"},\"image\":{\"@id\":\"https:\/\/paracherkaoui.ma\/index.php\/produit\/avent-sucette-ultra-air-nuit-0-6-mois-pack-de-2-orthodontic\/#primaryimage\"},\"thumbnailUrl\":\"https:\/\/paracherkaoui.ma\/wp-content\/uploads\/2025\/12\/avent-avent-sucette-ultra-air-nuit-0-6-mois-pack-de-2-orthodontic-sucettes-et-attaches-sucettes.jpg\",\"datePublished\":\"2025-12-12T18:10:52+00:00\",\"dateModified\":\"2025-12-12T18:11:00+00:00\",\"breadcrumb\":{\"@id\":\"https:\/\/paracherkaoui.ma\/index.php\/produit\/avent-sucette-ultra-air-nuit-0-6-mois-pack-de-2-orthodontic\/#breadcrumb\"},\"inLanguage\":\"fr-FR\",\"potentialAction\":[{\"@type\":\"ReadAction\",\"target\":[\"https:\/\/paracherkaoui.ma\/index.php\/produit\/avent-sucette-ultra-air-nuit-0-6-mois-pack-de-2-orthodontic\/\"]}]},{\"@type\":\"ImageObject\",\"inLanguage\":\"fr-FR\",\"@id\":\"https:\/\/paracherkaoui.ma\/index.php\/produit\/avent-sucette-ultra-air-nuit-0-6-mois-pack-de-2-orthodontic\/#primaryimage\",\"url\":\"https:\/\/paracherkaoui.ma\/wp-content\/uploads\/2025\/12\/avent-avent-sucette-ultra-air-nuit-0-6-mois-pack-de-2-orthodontic-sucettes-et-attaches-sucettes.jpg\",\"contentUrl\":\"https:\/\/paracherkaoui.ma\/wp-content\/uploads\/2025\/12\/avent-avent-sucette-ultra-air-nuit-0-6-mois-pack-de-2-orthodontic-sucettes-et-attaches-sucettes.jpg\",\"width\":700,\"height\":700},{\"@type\":\"BreadcrumbList\",\"@id\":\"https:\/\/paracherkaoui.ma\/index.php\/produit\/avent-sucette-ultra-air-nuit-0-6-mois-pack-de-2-orthodontic\/#breadcrumb\",\"itemListElement\":[{\"@type\":\"ListItem\",\"position\":1,\"name\":\"Accueil\",\"item\":\"https:\/\/paracherkaoui.ma\/\"},{\"@type\":\"ListItem\",\"position\":2,\"name\":\"Boutique\",\"item\":\"https:\/\/paracherkaoui.ma\/index.php\/boutique\/\"},{\"@type\":\"ListItem\",\"position\":3,\"name\":\"AVENT SUCETTE ULTRA AIR NUIT 0-6 MOIS PACK DE 2 ORTHODONTIC\"}]},{\"@type\":\"WebSite\",\"@id\":\"https:\/\/paracherkaoui.ma\/#website\",\"url\":\"https:\/\/paracherkaoui.ma\/\",\"name\":\"Paracherkaoui.ma\",\"description\":\"Achetez en ligne sur Paracherkaoui.ma\",\"potentialAction\":[{\"@type\":\"SearchAction\",\"target\":{\"@type\":\"EntryPoint\",\"urlTemplate\":\"https:\/\/paracherkaoui.ma\/?s={search_term_string}\"},\"query-input\":{\"@type\":\"PropertyValueSpecification\",\"valueRequired\":true,\"valueName\":\"search_term_string\"}}],\"inLanguage\":\"fr-FR\"}]}<\/script>\r\n<!-- \/ Yoast SEO plugin. -->","yoast_head_json":{"title":"AVENT SUCETTE ULTRA AIR NUIT 0-6 MOIS PACK DE 2 ORTHODONTIC - Paracherkaoui.ma","robots":{"index":"index","follow":"follow","max-snippet":"max-snippet:-1","max-image-preview":"max-image-preview:large","max-video-preview":"max-video-preview:-1"},"canonical":"https:\/\/paracherkaoui.ma\/index.php\/produit\/avent-sucette-ultra-air-nuit-0-6-mois-pack-de-2-orthodontic\/","og_locale":"fr_FR","og_type":"article","og_title":"AVENT SUCETTE ULTRA AIR NUIT 0-6 MOIS PACK DE 2 ORTHODONTIC - Paracherkaoui.ma","og_description":"Disponible en diff\u00e9rents coloris et d\u00e9corations, la sucette ultra air night est non seulement pratique mais aussi esth\u00e9tique. Elle est","og_url":"https:\/\/paracherkaoui.ma\/index.php\/produit\/avent-sucette-ultra-air-nuit-0-6-mois-pack-de-2-orthodontic\/","og_site_name":"Paracherkaoui.ma","article_modified_time":"2025-12-12T18:11:00+00:00","og_image":[{"width":700,"height":700,"url":"https:\/\/paracherkaoui.ma\/wp-content\/uploads\/2025\/12\/avent-avent-sucette-ultra-air-nuit-0-6-mois-pack-de-2-orthodontic-sucettes-et-attaches-sucettes.jpg","type":"image\/jpeg"}],"twitter_card":"summary_large_image","twitter_misc":{"Dur\u00e9e de lecture estim\u00e9e":"1 minute"},"schema":{"@context":"https:\/\/schema.org","@graph":[{"@type":"WebPage","@id":"https:\/\/paracherkaoui.ma\/index.php\/produit\/avent-sucette-ultra-air-nuit-0-6-mois-pack-de-2-orthodontic\/","url":"https:\/\/paracherkaoui.ma\/index.php\/produit\/avent-sucette-ultra-air-nuit-0-6-mois-pack-de-2-orthodontic\/","name":"AVENT SUCETTE ULTRA AIR NUIT 0-6 MOIS PACK DE 2 ORTHODONTIC - Paracherkaoui.ma","isPartOf":{"@id":"https:\/\/paracherkaoui.ma\/#website"},"primaryImageOfPage":{"@id":"https:\/\/paracherkaoui.ma\/index.php\/produit\/avent-sucette-ultra-air-nuit-0-6-mois-pack-de-2-orthodontic\/#primaryimage"},"image":{"@id":"https:\/\/paracherkaoui.ma\/index.php\/produit\/avent-sucette-ultra-air-nuit-0-6-mois-pack-de-2-orthodontic\/#primaryimage"},"thumbnailUrl":"https:\/\/paracherkaoui.ma\/wp-content\/uploads\/2025\/12\/avent-avent-sucette-ultra-air-nuit-0-6-mois-pack-de-2-orthodontic-sucettes-et-attaches-sucettes.jpg","datePublished":"2025-12-12T18:10:52+00:00","dateModified":"2025-12-12T18:11:00+00:00","breadcrumb":{"@id":"https:\/\/paracherkaoui.ma\/index.php\/produit\/avent-sucette-ultra-air-nuit-0-6-mois-pack-de-2-orthodontic\/#breadcrumb"},"inLanguage":"fr-FR","potentialAction":[{"@type":"ReadAction","target":["https:\/\/paracherkaoui.ma\/index.php\/produit\/avent-sucette-ultra-air-nuit-0-6-mois-pack-de-2-orthodontic\/"]}]},{"@type":"ImageObject","inLanguage":"fr-FR","@id":"https:\/\/paracherkaoui.ma\/index.php\/produit\/avent-sucette-ultra-air-nuit-0-6-mois-pack-de-2-orthodontic\/#primaryimage","url":"https:\/\/paracherkaoui.ma\/wp-content\/uploads\/2025\/12\/avent-avent-sucette-ultra-air-nuit-0-6-mois-pack-de-2-orthodontic-sucettes-et-attaches-sucettes.jpg","contentUrl":"https:\/\/paracherkaoui.ma\/wp-content\/uploads\/2025\/12\/avent-avent-sucette-ultra-air-nuit-0-6-mois-pack-de-2-orthodontic-sucettes-et-attaches-sucettes.jpg","width":700,"height":700},{"@type":"BreadcrumbList","@id":"https:\/\/paracherkaoui.ma\/index.php\/produit\/avent-sucette-ultra-air-nuit-0-6-mois-pack-de-2-orthodontic\/#breadcrumb","itemListElement":[{"@type":"ListItem","position":1,"name":"Accueil","item":"https:\/\/paracherkaoui.ma\/"},{"@type":"ListItem","position":2,"name":"Boutique","item":"https:\/\/paracherkaoui.ma\/index.php\/boutique\/"},{"@type":"ListItem","position":3,"name":"AVENT SUCETTE ULTRA AIR NUIT 0-6 MOIS PACK DE 2 ORTHODONTIC"}]},{"@type":"WebSite","@id":"https:\/\/paracherkaoui.ma\/#website","url":"https:\/\/paracherkaoui.ma\/","name":"Paracherkaoui.ma","description":"Achetez en ligne sur Paracherkaoui.ma","potentialAction":[{"@type":"SearchAction","target":{"@type":"EntryPoint","urlTemplate":"https:\/\/paracherkaoui.ma\/?s={search_term_string}"},"query-input":{"@type":"PropertyValueSpecification","valueRequired":true,"valueName":"search_term_string"}}],"inLanguage":"fr-FR"}]}},"_links":{"self":[{"href":"https:\/\/paracherkaoui.ma\/index.php\/wp-json\/wp\/v2\/product\/43383","targetHints":{"allow":["GET"]}}],"collection":[{"href":"https:\/\/paracherkaoui.ma\/index.php\/wp-json\/wp\/v2\/product"}],"about":[{"href":"https:\/\/paracherkaoui.ma\/index.php\/wp-json\/wp\/v2\/types\/product"}],"replies":[{"embeddable":true,"href":"https:\/\/paracherkaoui.ma\/index.php\/wp-json\/wp\/v2\/comments?post=43383"}],"version-history":[{"count":1,"href":"https:\/\/paracherkaoui.ma\/index.php\/wp-json\/wp\/v2\/product\/43383\/revisions"}],"predecessor-version":[{"id":43435,"href":"https:\/\/paracherkaoui.ma\/index.php\/wp-json\/wp\/v2\/product\/43383\/revisions\/43435"}],"wp:featuredmedia":[{"embeddable":true,"href":"https:\/\/paracherkaoui.ma\/index.php\/wp-json\/wp\/v2\/media\/43434"}],"wp:attachment":[{"href":"https:\/\/paracherkaoui.ma\/index.php\/wp-json\/wp\/v2\/media?parent=43383"}],"wp:term":[{"taxonomy":"product_brand","embeddable":true,"href":"https:\/\/paracherkaoui.ma\/index.php\/wp-json\/wp\/v2\/product_brand?post=43383"},{"taxonomy":"product_cat","embeddable":true,"href":"https:\/\/paracherkaoui.ma\/index.php\/wp-json\/wp\/v2\/product_cat?post=43383"},{"taxonomy":"product_tag","embeddable":true,"href":"https:\/\/paracherkaoui.ma\/index.php\/wp-json\/wp\/v2\/product_tag?post=43383"}],"curies":[{"name":"wp","href":"https:\/\/api.w.org\/{rel}","templated":true}]}}