{"id":43366,"date":"2025-12-12T19:10:51","date_gmt":"2025-12-12T18:10:51","guid":{"rendered":"https:\/\/test.ecbeaute.com\/?post_type=product&#038;p=43366"},"modified":"2025-12-12T19:10:55","modified_gmt":"2025-12-12T18:10:55","slug":"dodie-2-sucettes-anatomique-a68-6-mois","status":"publish","type":"product","link":"https:\/\/paracherkaoui.ma\/index.php\/produit\/dodie-2-sucettes-anatomique-a68-6-mois\/","title":{"rendered":"DODIE 2 SUCETTES ANATOMIQUE A68 +6 MOIS"},"content":{"rendered":"<p>D\u00e9velopp\u00e9es avec des experts pour r\u00e9pondre au besoin naturel de succion de votre b\u00e9b\u00e9 et lui apporter une sensation de r\u00e9confort et d&rsquo;apaisement imm\u00e9diats, les Dodie Disney Baby 2 Sucettes Anatomiques Silicone 6 Mois et + s\u00e9duiront votre enfant avec leurs motifs ludiques issus des films Disney. Cette sucette qui convient aux b\u00e9b\u00e9s de 6 mois et plus, poss\u00e8de : &#8211; une forme anatomique pour un bon positionnement garanti, &#8211; une t\u00e9terelle fine qui respecte le d\u00e9veloppement naturel de la bouche de b\u00e9b\u00e9, &#8211; un bouclier avec des trous de ventilation pour r\u00e9duire les risques d&rsquo;irritation, &#8211; un bouclier en tritan, une mati\u00e8re l\u00e9g\u00e8re et confortable pour un maintien facile en bouche. 0% BPA.<\/p>\n","protected":false},"excerpt":{"rendered":"<p>D\u00e9velopp\u00e9es avec des experts pour r\u00e9pondre au besoin naturel de succion de votre b\u00e9b\u00e9 et lui apporter une sensation de<\/p>\n","protected":false},"featured_media":43400,"comment_status":"open","ping_status":"closed","template":"","meta":[],"product_brand":[725],"product_cat":[751],"product_tag":[],"class_list":{"0":"post-43366","1":"product","2":"type-product","3":"status-publish","4":"has-post-thumbnail","6":"product_brand-dodie","7":"product_cat-sucettes-et-attaches-sucettes","9":"first","10":"instock","11":"sale","12":"shipping-taxable","13":"purchasable","14":"product-type-simple"},"yoast_head":"<!-- This site is optimized with the Yoast SEO plugin v26.6 - https:\/\/yoast.com\/wordpress\/plugins\/seo\/ -->\r\n<title>DODIE 2 SUCETTES ANATOMIQUE A68 +6 MOIS - Paracherkaoui.ma<\/title>\r\n<meta name=\"robots\" content=\"index, follow, max-snippet:-1, max-image-preview:large, max-video-preview:-1\" \/>\r\n<link rel=\"canonical\" href=\"https:\/\/paracherkaoui.ma\/index.php\/produit\/dodie-2-sucettes-anatomique-a68-6-mois\/\" \/>\r\n<meta property=\"og:locale\" content=\"fr_FR\" \/>\r\n<meta property=\"og:type\" content=\"article\" \/>\r\n<meta property=\"og:title\" content=\"DODIE 2 SUCETTES ANATOMIQUE A68 +6 MOIS - Paracherkaoui.ma\" \/>\r\n<meta property=\"og:description\" content=\"D\u00e9velopp\u00e9es avec des experts pour r\u00e9pondre au besoin naturel de succion de votre b\u00e9b\u00e9 et lui apporter une sensation de\" \/>\r\n<meta property=\"og:url\" content=\"https:\/\/paracherkaoui.ma\/index.php\/produit\/dodie-2-sucettes-anatomique-a68-6-mois\/\" \/>\r\n<meta property=\"og:site_name\" content=\"Paracherkaoui.ma\" \/>\r\n<meta property=\"article:modified_time\" content=\"2025-12-12T18:10:55+00:00\" \/>\r\n<meta property=\"og:image\" content=\"https:\/\/paracherkaoui.ma\/wp-content\/uploads\/2025\/12\/dodie-dodie-2-sucettes-anatomique-a68-6-mois-sucettes-et-attaches-sucettes.jpg\" \/>\r\n\t<meta property=\"og:image:width\" content=\"700\" \/>\r\n\t<meta property=\"og:image:height\" content=\"700\" \/>\r\n\t<meta property=\"og:image:type\" content=\"image\/jpeg\" \/>\r\n<meta name=\"twitter:card\" content=\"summary_large_image\" \/>\r\n<meta name=\"twitter:label1\" content=\"Dur\u00e9e de lecture estim\u00e9e\" \/>\n\t<meta name=\"twitter:data1\" content=\"1 minute\" \/>\r\n<script type=\"application\/ld+json\" class=\"yoast-schema-graph\">{\"@context\":\"https:\/\/schema.org\",\"@graph\":[{\"@type\":\"WebPage\",\"@id\":\"https:\/\/paracherkaoui.ma\/index.php\/produit\/dodie-2-sucettes-anatomique-a68-6-mois\/\",\"url\":\"https:\/\/paracherkaoui.ma\/index.php\/produit\/dodie-2-sucettes-anatomique-a68-6-mois\/\",\"name\":\"DODIE 2 SUCETTES ANATOMIQUE A68 +6 MOIS - Paracherkaoui.ma\",\"isPartOf\":{\"@id\":\"https:\/\/paracherkaoui.ma\/#website\"},\"primaryImageOfPage\":{\"@id\":\"https:\/\/paracherkaoui.ma\/index.php\/produit\/dodie-2-sucettes-anatomique-a68-6-mois\/#primaryimage\"},\"image\":{\"@id\":\"https:\/\/paracherkaoui.ma\/index.php\/produit\/dodie-2-sucettes-anatomique-a68-6-mois\/#primaryimage\"},\"thumbnailUrl\":\"https:\/\/paracherkaoui.ma\/wp-content\/uploads\/2025\/12\/dodie-dodie-2-sucettes-anatomique-a68-6-mois-sucettes-et-attaches-sucettes.jpg\",\"datePublished\":\"2025-12-12T18:10:51+00:00\",\"dateModified\":\"2025-12-12T18:10:55+00:00\",\"breadcrumb\":{\"@id\":\"https:\/\/paracherkaoui.ma\/index.php\/produit\/dodie-2-sucettes-anatomique-a68-6-mois\/#breadcrumb\"},\"inLanguage\":\"fr-FR\",\"potentialAction\":[{\"@type\":\"ReadAction\",\"target\":[\"https:\/\/paracherkaoui.ma\/index.php\/produit\/dodie-2-sucettes-anatomique-a68-6-mois\/\"]}]},{\"@type\":\"ImageObject\",\"inLanguage\":\"fr-FR\",\"@id\":\"https:\/\/paracherkaoui.ma\/index.php\/produit\/dodie-2-sucettes-anatomique-a68-6-mois\/#primaryimage\",\"url\":\"https:\/\/paracherkaoui.ma\/wp-content\/uploads\/2025\/12\/dodie-dodie-2-sucettes-anatomique-a68-6-mois-sucettes-et-attaches-sucettes.jpg\",\"contentUrl\":\"https:\/\/paracherkaoui.ma\/wp-content\/uploads\/2025\/12\/dodie-dodie-2-sucettes-anatomique-a68-6-mois-sucettes-et-attaches-sucettes.jpg\",\"width\":700,\"height\":700},{\"@type\":\"BreadcrumbList\",\"@id\":\"https:\/\/paracherkaoui.ma\/index.php\/produit\/dodie-2-sucettes-anatomique-a68-6-mois\/#breadcrumb\",\"itemListElement\":[{\"@type\":\"ListItem\",\"position\":1,\"name\":\"Accueil\",\"item\":\"https:\/\/paracherkaoui.ma\/\"},{\"@type\":\"ListItem\",\"position\":2,\"name\":\"Boutique\",\"item\":\"https:\/\/paracherkaoui.ma\/index.php\/boutique\/\"},{\"@type\":\"ListItem\",\"position\":3,\"name\":\"DODIE 2 SUCETTES ANATOMIQUE A68 +6 MOIS\"}]},{\"@type\":\"WebSite\",\"@id\":\"https:\/\/paracherkaoui.ma\/#website\",\"url\":\"https:\/\/paracherkaoui.ma\/\",\"name\":\"Paracherkaoui.ma\",\"description\":\"Achetez en ligne sur Paracherkaoui.ma\",\"potentialAction\":[{\"@type\":\"SearchAction\",\"target\":{\"@type\":\"EntryPoint\",\"urlTemplate\":\"https:\/\/paracherkaoui.ma\/?s={search_term_string}\"},\"query-input\":{\"@type\":\"PropertyValueSpecification\",\"valueRequired\":true,\"valueName\":\"search_term_string\"}}],\"inLanguage\":\"fr-FR\"}]}<\/script>\r\n<!-- \/ Yoast SEO plugin. -->","yoast_head_json":{"title":"DODIE 2 SUCETTES ANATOMIQUE A68 +6 MOIS - Paracherkaoui.ma","robots":{"index":"index","follow":"follow","max-snippet":"max-snippet:-1","max-image-preview":"max-image-preview:large","max-video-preview":"max-video-preview:-1"},"canonical":"https:\/\/paracherkaoui.ma\/index.php\/produit\/dodie-2-sucettes-anatomique-a68-6-mois\/","og_locale":"fr_FR","og_type":"article","og_title":"DODIE 2 SUCETTES ANATOMIQUE A68 +6 MOIS - Paracherkaoui.ma","og_description":"D\u00e9velopp\u00e9es avec des experts pour r\u00e9pondre au besoin naturel de succion de votre b\u00e9b\u00e9 et lui apporter une sensation de","og_url":"https:\/\/paracherkaoui.ma\/index.php\/produit\/dodie-2-sucettes-anatomique-a68-6-mois\/","og_site_name":"Paracherkaoui.ma","article_modified_time":"2025-12-12T18:10:55+00:00","og_image":[{"width":700,"height":700,"url":"https:\/\/paracherkaoui.ma\/wp-content\/uploads\/2025\/12\/dodie-dodie-2-sucettes-anatomique-a68-6-mois-sucettes-et-attaches-sucettes.jpg","type":"image\/jpeg"}],"twitter_card":"summary_large_image","twitter_misc":{"Dur\u00e9e de lecture estim\u00e9e":"1 minute"},"schema":{"@context":"https:\/\/schema.org","@graph":[{"@type":"WebPage","@id":"https:\/\/paracherkaoui.ma\/index.php\/produit\/dodie-2-sucettes-anatomique-a68-6-mois\/","url":"https:\/\/paracherkaoui.ma\/index.php\/produit\/dodie-2-sucettes-anatomique-a68-6-mois\/","name":"DODIE 2 SUCETTES ANATOMIQUE A68 +6 MOIS - Paracherkaoui.ma","isPartOf":{"@id":"https:\/\/paracherkaoui.ma\/#website"},"primaryImageOfPage":{"@id":"https:\/\/paracherkaoui.ma\/index.php\/produit\/dodie-2-sucettes-anatomique-a68-6-mois\/#primaryimage"},"image":{"@id":"https:\/\/paracherkaoui.ma\/index.php\/produit\/dodie-2-sucettes-anatomique-a68-6-mois\/#primaryimage"},"thumbnailUrl":"https:\/\/paracherkaoui.ma\/wp-content\/uploads\/2025\/12\/dodie-dodie-2-sucettes-anatomique-a68-6-mois-sucettes-et-attaches-sucettes.jpg","datePublished":"2025-12-12T18:10:51+00:00","dateModified":"2025-12-12T18:10:55+00:00","breadcrumb":{"@id":"https:\/\/paracherkaoui.ma\/index.php\/produit\/dodie-2-sucettes-anatomique-a68-6-mois\/#breadcrumb"},"inLanguage":"fr-FR","potentialAction":[{"@type":"ReadAction","target":["https:\/\/paracherkaoui.ma\/index.php\/produit\/dodie-2-sucettes-anatomique-a68-6-mois\/"]}]},{"@type":"ImageObject","inLanguage":"fr-FR","@id":"https:\/\/paracherkaoui.ma\/index.php\/produit\/dodie-2-sucettes-anatomique-a68-6-mois\/#primaryimage","url":"https:\/\/paracherkaoui.ma\/wp-content\/uploads\/2025\/12\/dodie-dodie-2-sucettes-anatomique-a68-6-mois-sucettes-et-attaches-sucettes.jpg","contentUrl":"https:\/\/paracherkaoui.ma\/wp-content\/uploads\/2025\/12\/dodie-dodie-2-sucettes-anatomique-a68-6-mois-sucettes-et-attaches-sucettes.jpg","width":700,"height":700},{"@type":"BreadcrumbList","@id":"https:\/\/paracherkaoui.ma\/index.php\/produit\/dodie-2-sucettes-anatomique-a68-6-mois\/#breadcrumb","itemListElement":[{"@type":"ListItem","position":1,"name":"Accueil","item":"https:\/\/paracherkaoui.ma\/"},{"@type":"ListItem","position":2,"name":"Boutique","item":"https:\/\/paracherkaoui.ma\/index.php\/boutique\/"},{"@type":"ListItem","position":3,"name":"DODIE 2 SUCETTES ANATOMIQUE A68 +6 MOIS"}]},{"@type":"WebSite","@id":"https:\/\/paracherkaoui.ma\/#website","url":"https:\/\/paracherkaoui.ma\/","name":"Paracherkaoui.ma","description":"Achetez en ligne sur Paracherkaoui.ma","potentialAction":[{"@type":"SearchAction","target":{"@type":"EntryPoint","urlTemplate":"https:\/\/paracherkaoui.ma\/?s={search_term_string}"},"query-input":{"@type":"PropertyValueSpecification","valueRequired":true,"valueName":"search_term_string"}}],"inLanguage":"fr-FR"}]}},"_links":{"self":[{"href":"https:\/\/paracherkaoui.ma\/index.php\/wp-json\/wp\/v2\/product\/43366","targetHints":{"allow":["GET"]}}],"collection":[{"href":"https:\/\/paracherkaoui.ma\/index.php\/wp-json\/wp\/v2\/product"}],"about":[{"href":"https:\/\/paracherkaoui.ma\/index.php\/wp-json\/wp\/v2\/types\/product"}],"replies":[{"embeddable":true,"href":"https:\/\/paracherkaoui.ma\/index.php\/wp-json\/wp\/v2\/comments?post=43366"}],"version-history":[{"count":1,"href":"https:\/\/paracherkaoui.ma\/index.php\/wp-json\/wp\/v2\/product\/43366\/revisions"}],"predecessor-version":[{"id":43401,"href":"https:\/\/paracherkaoui.ma\/index.php\/wp-json\/wp\/v2\/product\/43366\/revisions\/43401"}],"wp:featuredmedia":[{"embeddable":true,"href":"https:\/\/paracherkaoui.ma\/index.php\/wp-json\/wp\/v2\/media\/43400"}],"wp:attachment":[{"href":"https:\/\/paracherkaoui.ma\/index.php\/wp-json\/wp\/v2\/media?parent=43366"}],"wp:term":[{"taxonomy":"product_brand","embeddable":true,"href":"https:\/\/paracherkaoui.ma\/index.php\/wp-json\/wp\/v2\/product_brand?post=43366"},{"taxonomy":"product_cat","embeddable":true,"href":"https:\/\/paracherkaoui.ma\/index.php\/wp-json\/wp\/v2\/product_cat?post=43366"},{"taxonomy":"product_tag","embeddable":true,"href":"https:\/\/paracherkaoui.ma\/index.php\/wp-json\/wp\/v2\/product_tag?post=43366"}],"curies":[{"name":"wp","href":"https:\/\/api.w.org\/{rel}","templated":true}]}}