{"id":43273,"date":"2025-12-12T19:10:38","date_gmt":"2025-12-12T18:10:38","guid":{"rendered":"https:\/\/test.ecbeaute.com\/?post_type=product&#038;p=43273"},"modified":"2025-12-12T19:10:41","modified_gmt":"2025-12-12T18:10:41","slug":"dodie-sucettes-anatomiques-symmetric-brille-la-nuit-18-mois-a2","status":"publish","type":"product","link":"https:\/\/paracherkaoui.ma\/index.php\/produit\/dodie-sucettes-anatomiques-symmetric-brille-la-nuit-18-mois-a2\/","title":{"rendered":"DODIE SUCETTES ANATOMIQUES SYMMETRIC BRILLE LA NUIT + 18 MOIS A2"},"content":{"rendered":"<p>La Sucette Anatomique Nuit +18m Dodie\u00a0est une\u00a0sucette en silicone\u00a0pour les b\u00e9b\u00e9s de 18 mois et plus.Sa forme anatomique lui permet de rester bien positionn\u00e9e en bouche. Phosphorescente, elle brille dans le noir pour de la retrouver plus facilement si elle se perd durant la nuit. La finesse de sa t\u00e9terelle respecte le d\u00e9veloppement naturel des dents et des gencives de votre enfant.<\/p>\n","protected":false},"excerpt":{"rendered":"<p>La Sucette Anatomique Nuit +18m Dodie\u00a0est une\u00a0sucette en silicone\u00a0pour les b\u00e9b\u00e9s de 18 mois et plus.Sa forme anatomique lui permet<\/p>\n","protected":false},"featured_media":43304,"comment_status":"open","ping_status":"closed","template":"","meta":[],"product_brand":[725],"product_cat":[751],"product_tag":[],"class_list":{"0":"post-43273","1":"product","2":"type-product","3":"status-publish","4":"has-post-thumbnail","6":"product_brand-dodie","7":"product_cat-sucettes-et-attaches-sucettes","9":"first","10":"instock","11":"sale","12":"shipping-taxable","13":"purchasable","14":"product-type-simple"},"yoast_head":"<!-- This site is optimized with the Yoast SEO plugin v26.6 - https:\/\/yoast.com\/wordpress\/plugins\/seo\/ -->\r\n<title>DODIE SUCETTES ANATOMIQUES SYMMETRIC BRILLE LA NUIT + 18 MOIS A2 - Paracherkaoui.ma<\/title>\r\n<meta name=\"robots\" content=\"index, follow, max-snippet:-1, max-image-preview:large, max-video-preview:-1\" \/>\r\n<link rel=\"canonical\" href=\"https:\/\/paracherkaoui.ma\/index.php\/produit\/dodie-sucettes-anatomiques-symmetric-brille-la-nuit-18-mois-a2\/\" \/>\r\n<meta property=\"og:locale\" content=\"fr_FR\" \/>\r\n<meta property=\"og:type\" content=\"article\" \/>\r\n<meta property=\"og:title\" content=\"DODIE SUCETTES ANATOMIQUES SYMMETRIC BRILLE LA NUIT + 18 MOIS A2 - Paracherkaoui.ma\" \/>\r\n<meta property=\"og:description\" content=\"La Sucette Anatomique Nuit +18m Dodie\u00a0est une\u00a0sucette en silicone\u00a0pour les b\u00e9b\u00e9s de 18 mois et plus.Sa forme anatomique lui permet\" \/>\r\n<meta property=\"og:url\" content=\"https:\/\/paracherkaoui.ma\/index.php\/produit\/dodie-sucettes-anatomiques-symmetric-brille-la-nuit-18-mois-a2\/\" \/>\r\n<meta property=\"og:site_name\" content=\"Paracherkaoui.ma\" \/>\r\n<meta property=\"article:modified_time\" content=\"2025-12-12T18:10:41+00:00\" \/>\r\n<meta property=\"og:image\" content=\"https:\/\/paracherkaoui.ma\/wp-content\/uploads\/2025\/12\/dodie-dodie-sucettes-anatomiques-symmetric-brille-la-nuit-18-mois-a2-sucettes-et-attaches-sucettes.jpg\" \/>\r\n\t<meta property=\"og:image:width\" content=\"700\" \/>\r\n\t<meta property=\"og:image:height\" content=\"700\" \/>\r\n\t<meta property=\"og:image:type\" content=\"image\/jpeg\" \/>\r\n<meta name=\"twitter:card\" content=\"summary_large_image\" \/>\r\n<script type=\"application\/ld+json\" class=\"yoast-schema-graph\">{\"@context\":\"https:\/\/schema.org\",\"@graph\":[{\"@type\":\"WebPage\",\"@id\":\"https:\/\/paracherkaoui.ma\/index.php\/produit\/dodie-sucettes-anatomiques-symmetric-brille-la-nuit-18-mois-a2\/\",\"url\":\"https:\/\/paracherkaoui.ma\/index.php\/produit\/dodie-sucettes-anatomiques-symmetric-brille-la-nuit-18-mois-a2\/\",\"name\":\"DODIE SUCETTES ANATOMIQUES SYMMETRIC BRILLE LA NUIT + 18 MOIS A2 - Paracherkaoui.ma\",\"isPartOf\":{\"@id\":\"https:\/\/paracherkaoui.ma\/#website\"},\"primaryImageOfPage\":{\"@id\":\"https:\/\/paracherkaoui.ma\/index.php\/produit\/dodie-sucettes-anatomiques-symmetric-brille-la-nuit-18-mois-a2\/#primaryimage\"},\"image\":{\"@id\":\"https:\/\/paracherkaoui.ma\/index.php\/produit\/dodie-sucettes-anatomiques-symmetric-brille-la-nuit-18-mois-a2\/#primaryimage\"},\"thumbnailUrl\":\"https:\/\/paracherkaoui.ma\/wp-content\/uploads\/2025\/12\/dodie-dodie-sucettes-anatomiques-symmetric-brille-la-nuit-18-mois-a2-sucettes-et-attaches-sucettes.jpg\",\"datePublished\":\"2025-12-12T18:10:38+00:00\",\"dateModified\":\"2025-12-12T18:10:41+00:00\",\"breadcrumb\":{\"@id\":\"https:\/\/paracherkaoui.ma\/index.php\/produit\/dodie-sucettes-anatomiques-symmetric-brille-la-nuit-18-mois-a2\/#breadcrumb\"},\"inLanguage\":\"fr-FR\",\"potentialAction\":[{\"@type\":\"ReadAction\",\"target\":[\"https:\/\/paracherkaoui.ma\/index.php\/produit\/dodie-sucettes-anatomiques-symmetric-brille-la-nuit-18-mois-a2\/\"]}]},{\"@type\":\"ImageObject\",\"inLanguage\":\"fr-FR\",\"@id\":\"https:\/\/paracherkaoui.ma\/index.php\/produit\/dodie-sucettes-anatomiques-symmetric-brille-la-nuit-18-mois-a2\/#primaryimage\",\"url\":\"https:\/\/paracherkaoui.ma\/wp-content\/uploads\/2025\/12\/dodie-dodie-sucettes-anatomiques-symmetric-brille-la-nuit-18-mois-a2-sucettes-et-attaches-sucettes.jpg\",\"contentUrl\":\"https:\/\/paracherkaoui.ma\/wp-content\/uploads\/2025\/12\/dodie-dodie-sucettes-anatomiques-symmetric-brille-la-nuit-18-mois-a2-sucettes-et-attaches-sucettes.jpg\",\"width\":700,\"height\":700},{\"@type\":\"BreadcrumbList\",\"@id\":\"https:\/\/paracherkaoui.ma\/index.php\/produit\/dodie-sucettes-anatomiques-symmetric-brille-la-nuit-18-mois-a2\/#breadcrumb\",\"itemListElement\":[{\"@type\":\"ListItem\",\"position\":1,\"name\":\"Accueil\",\"item\":\"https:\/\/paracherkaoui.ma\/\"},{\"@type\":\"ListItem\",\"position\":2,\"name\":\"Boutique\",\"item\":\"https:\/\/paracherkaoui.ma\/index.php\/boutique\/\"},{\"@type\":\"ListItem\",\"position\":3,\"name\":\"DODIE SUCETTES ANATOMIQUES SYMMETRIC BRILLE LA NUIT + 18 MOIS A2\"}]},{\"@type\":\"WebSite\",\"@id\":\"https:\/\/paracherkaoui.ma\/#website\",\"url\":\"https:\/\/paracherkaoui.ma\/\",\"name\":\"Paracherkaoui.ma\",\"description\":\"Achetez en ligne sur Paracherkaoui.ma\",\"potentialAction\":[{\"@type\":\"SearchAction\",\"target\":{\"@type\":\"EntryPoint\",\"urlTemplate\":\"https:\/\/paracherkaoui.ma\/?s={search_term_string}\"},\"query-input\":{\"@type\":\"PropertyValueSpecification\",\"valueRequired\":true,\"valueName\":\"search_term_string\"}}],\"inLanguage\":\"fr-FR\"}]}<\/script>\r\n<!-- \/ Yoast SEO plugin. -->","yoast_head_json":{"title":"DODIE SUCETTES ANATOMIQUES SYMMETRIC BRILLE LA NUIT + 18 MOIS A2 - Paracherkaoui.ma","robots":{"index":"index","follow":"follow","max-snippet":"max-snippet:-1","max-image-preview":"max-image-preview:large","max-video-preview":"max-video-preview:-1"},"canonical":"https:\/\/paracherkaoui.ma\/index.php\/produit\/dodie-sucettes-anatomiques-symmetric-brille-la-nuit-18-mois-a2\/","og_locale":"fr_FR","og_type":"article","og_title":"DODIE SUCETTES ANATOMIQUES SYMMETRIC BRILLE LA NUIT + 18 MOIS A2 - Paracherkaoui.ma","og_description":"La Sucette Anatomique Nuit +18m Dodie\u00a0est une\u00a0sucette en silicone\u00a0pour les b\u00e9b\u00e9s de 18 mois et plus.Sa forme anatomique lui permet","og_url":"https:\/\/paracherkaoui.ma\/index.php\/produit\/dodie-sucettes-anatomiques-symmetric-brille-la-nuit-18-mois-a2\/","og_site_name":"Paracherkaoui.ma","article_modified_time":"2025-12-12T18:10:41+00:00","og_image":[{"width":700,"height":700,"url":"https:\/\/paracherkaoui.ma\/wp-content\/uploads\/2025\/12\/dodie-dodie-sucettes-anatomiques-symmetric-brille-la-nuit-18-mois-a2-sucettes-et-attaches-sucettes.jpg","type":"image\/jpeg"}],"twitter_card":"summary_large_image","schema":{"@context":"https:\/\/schema.org","@graph":[{"@type":"WebPage","@id":"https:\/\/paracherkaoui.ma\/index.php\/produit\/dodie-sucettes-anatomiques-symmetric-brille-la-nuit-18-mois-a2\/","url":"https:\/\/paracherkaoui.ma\/index.php\/produit\/dodie-sucettes-anatomiques-symmetric-brille-la-nuit-18-mois-a2\/","name":"DODIE SUCETTES ANATOMIQUES SYMMETRIC BRILLE LA NUIT + 18 MOIS A2 - Paracherkaoui.ma","isPartOf":{"@id":"https:\/\/paracherkaoui.ma\/#website"},"primaryImageOfPage":{"@id":"https:\/\/paracherkaoui.ma\/index.php\/produit\/dodie-sucettes-anatomiques-symmetric-brille-la-nuit-18-mois-a2\/#primaryimage"},"image":{"@id":"https:\/\/paracherkaoui.ma\/index.php\/produit\/dodie-sucettes-anatomiques-symmetric-brille-la-nuit-18-mois-a2\/#primaryimage"},"thumbnailUrl":"https:\/\/paracherkaoui.ma\/wp-content\/uploads\/2025\/12\/dodie-dodie-sucettes-anatomiques-symmetric-brille-la-nuit-18-mois-a2-sucettes-et-attaches-sucettes.jpg","datePublished":"2025-12-12T18:10:38+00:00","dateModified":"2025-12-12T18:10:41+00:00","breadcrumb":{"@id":"https:\/\/paracherkaoui.ma\/index.php\/produit\/dodie-sucettes-anatomiques-symmetric-brille-la-nuit-18-mois-a2\/#breadcrumb"},"inLanguage":"fr-FR","potentialAction":[{"@type":"ReadAction","target":["https:\/\/paracherkaoui.ma\/index.php\/produit\/dodie-sucettes-anatomiques-symmetric-brille-la-nuit-18-mois-a2\/"]}]},{"@type":"ImageObject","inLanguage":"fr-FR","@id":"https:\/\/paracherkaoui.ma\/index.php\/produit\/dodie-sucettes-anatomiques-symmetric-brille-la-nuit-18-mois-a2\/#primaryimage","url":"https:\/\/paracherkaoui.ma\/wp-content\/uploads\/2025\/12\/dodie-dodie-sucettes-anatomiques-symmetric-brille-la-nuit-18-mois-a2-sucettes-et-attaches-sucettes.jpg","contentUrl":"https:\/\/paracherkaoui.ma\/wp-content\/uploads\/2025\/12\/dodie-dodie-sucettes-anatomiques-symmetric-brille-la-nuit-18-mois-a2-sucettes-et-attaches-sucettes.jpg","width":700,"height":700},{"@type":"BreadcrumbList","@id":"https:\/\/paracherkaoui.ma\/index.php\/produit\/dodie-sucettes-anatomiques-symmetric-brille-la-nuit-18-mois-a2\/#breadcrumb","itemListElement":[{"@type":"ListItem","position":1,"name":"Accueil","item":"https:\/\/paracherkaoui.ma\/"},{"@type":"ListItem","position":2,"name":"Boutique","item":"https:\/\/paracherkaoui.ma\/index.php\/boutique\/"},{"@type":"ListItem","position":3,"name":"DODIE SUCETTES ANATOMIQUES SYMMETRIC BRILLE LA NUIT + 18 MOIS A2"}]},{"@type":"WebSite","@id":"https:\/\/paracherkaoui.ma\/#website","url":"https:\/\/paracherkaoui.ma\/","name":"Paracherkaoui.ma","description":"Achetez en ligne sur Paracherkaoui.ma","potentialAction":[{"@type":"SearchAction","target":{"@type":"EntryPoint","urlTemplate":"https:\/\/paracherkaoui.ma\/?s={search_term_string}"},"query-input":{"@type":"PropertyValueSpecification","valueRequired":true,"valueName":"search_term_string"}}],"inLanguage":"fr-FR"}]}},"_links":{"self":[{"href":"https:\/\/paracherkaoui.ma\/index.php\/wp-json\/wp\/v2\/product\/43273","targetHints":{"allow":["GET"]}}],"collection":[{"href":"https:\/\/paracherkaoui.ma\/index.php\/wp-json\/wp\/v2\/product"}],"about":[{"href":"https:\/\/paracherkaoui.ma\/index.php\/wp-json\/wp\/v2\/types\/product"}],"replies":[{"embeddable":true,"href":"https:\/\/paracherkaoui.ma\/index.php\/wp-json\/wp\/v2\/comments?post=43273"}],"version-history":[{"count":1,"href":"https:\/\/paracherkaoui.ma\/index.php\/wp-json\/wp\/v2\/product\/43273\/revisions"}],"predecessor-version":[{"id":43305,"href":"https:\/\/paracherkaoui.ma\/index.php\/wp-json\/wp\/v2\/product\/43273\/revisions\/43305"}],"wp:featuredmedia":[{"embeddable":true,"href":"https:\/\/paracherkaoui.ma\/index.php\/wp-json\/wp\/v2\/media\/43304"}],"wp:attachment":[{"href":"https:\/\/paracherkaoui.ma\/index.php\/wp-json\/wp\/v2\/media?parent=43273"}],"wp:term":[{"taxonomy":"product_brand","embeddable":true,"href":"https:\/\/paracherkaoui.ma\/index.php\/wp-json\/wp\/v2\/product_brand?post=43273"},{"taxonomy":"product_cat","embeddable":true,"href":"https:\/\/paracherkaoui.ma\/index.php\/wp-json\/wp\/v2\/product_cat?post=43273"},{"taxonomy":"product_tag","embeddable":true,"href":"https:\/\/paracherkaoui.ma\/index.php\/wp-json\/wp\/v2\/product_tag?post=43273"}],"curies":[{"name":"wp","href":"https:\/\/api.w.org\/{rel}","templated":true}]}}