{"id":43114,"date":"2025-12-12T19:10:18","date_gmt":"2025-12-12T18:10:18","guid":{"rendered":"https:\/\/test.ecbeaute.com\/?post_type=product&#038;p=43114"},"modified":"2025-12-12T19:10:23","modified_gmt":"2025-12-12T18:10:23","slug":"mam-sucettes-nuit-2-6-mois","status":"publish","type":"product","link":"https:\/\/paracherkaoui.ma\/index.php\/produit\/mam-sucettes-nuit-2-6-mois\/","title":{"rendered":"MAM SUCETTES NUIT 2-6 MOIS"},"content":{"rendered":"<p>MAM Sucette Silicone Oiseau Vert Brille dans la Nuit 0-6 mois + Boite de St\u00e9rilisation est une sucette id\u00e9ale pour votre enfant en bas-\u00e2ge de sa naissance \u00e0 ses 6 mois,<br \/>\nEn effet, cette sucette pour b\u00e9b\u00e9 est issue de la recherche et de l&rsquo;expertise du laboratoire MAM afin d&rsquo;apporter le confort optimal pour votre nourrisson, La collerette est tr\u00e8s douce pour un contact agr\u00e9able et non irritant avec la peau, La douceur du silicone permet de respecter les jeunes gencives encore sensibles de b\u00e9b\u00e9 et la forme a \u00e9t\u00e9 \u00e9labor\u00e9e en collaboration avec des dentistes pour s&rsquo;assurer d&rsquo;un d\u00e9veloppement bucco-dentaire optimal, De plus, retrouvez un design sym\u00e9trique qui permet \u00e0 la sucette de se placer naturellement dans la bonne position une fois dans la bouche de l&rsquo;enfant,<br \/>\nLe bouton brille dans la nuit afin de la retrouver facilement dans la nuit, Sa forme ergonomique est facile \u00e0 attraper par les petites mains et permet d&rsquo;attacher facilement l&rsquo;attache-sucette,<br \/>\nEnfin, la boite est facile \u00e0 st\u00e9riliser en seulement 3 minutes et permet de maintenir la sucette dans un environnement hygi\u00e9nique et st\u00e9rile pendant 48h tout en \u00e9tant tr\u00e8s facile \u00e0 emporter lors de vos d\u00e9placements,<br \/>\nIndications :<br \/>\nSucette anatomique en silicone doux pour nourrisson de 0 \u00e0 6 mois,<br \/>\nConseils d&rsquo;utilisation :<br \/>\nBien laver les diff\u00e9rents \u00e9l\u00e9ments \u00e0 l&rsquo;eau savonneuse avant la premi\u00e8re utilisation et apr\u00e8s chaque utilisation, Rincer puis st\u00e9riliser la sucette et la boite avant de ranger la sucette dans la boite,<br \/>\nInspecter l&rsquo;\u00e9tat de la sucette avant de la donner \u00e0 l&rsquo;enfant,<\/p>\n","protected":false},"excerpt":{"rendered":"<p>MAM Sucette Silicone Oiseau Vert Brille dans la Nuit 0-6 mois + Boite de St\u00e9rilisation est une sucette id\u00e9ale pour<\/p>\n","protected":false},"featured_media":43166,"comment_status":"open","ping_status":"closed","template":"","meta":[],"product_brand":[727],"product_cat":[751],"product_tag":[],"class_list":{"0":"post-43114","1":"product","2":"type-product","3":"status-publish","4":"has-post-thumbnail","6":"product_brand-mam","7":"product_cat-sucettes-et-attaches-sucettes","9":"first","10":"instock","11":"sale","12":"shipping-taxable","13":"purchasable","14":"product-type-simple"},"yoast_head":"<!-- This site is optimized with the Yoast SEO plugin v26.6 - https:\/\/yoast.com\/wordpress\/plugins\/seo\/ -->\r\n<title>MAM SUCETTES NUIT 2-6 MOIS - Paracherkaoui.ma<\/title>\r\n<meta name=\"robots\" content=\"index, follow, max-snippet:-1, max-image-preview:large, max-video-preview:-1\" \/>\r\n<link rel=\"canonical\" href=\"https:\/\/paracherkaoui.ma\/index.php\/produit\/mam-sucettes-nuit-2-6-mois\/\" \/>\r\n<meta property=\"og:locale\" content=\"fr_FR\" \/>\r\n<meta property=\"og:type\" content=\"article\" \/>\r\n<meta property=\"og:title\" content=\"MAM SUCETTES NUIT 2-6 MOIS - Paracherkaoui.ma\" \/>\r\n<meta property=\"og:description\" content=\"MAM Sucette Silicone Oiseau Vert Brille dans la Nuit 0-6 mois + Boite de St\u00e9rilisation est une sucette id\u00e9ale pour\" \/>\r\n<meta property=\"og:url\" content=\"https:\/\/paracherkaoui.ma\/index.php\/produit\/mam-sucettes-nuit-2-6-mois\/\" \/>\r\n<meta property=\"og:site_name\" content=\"Paracherkaoui.ma\" \/>\r\n<meta property=\"article:modified_time\" content=\"2025-12-12T18:10:23+00:00\" \/>\r\n<meta property=\"og:image\" content=\"https:\/\/paracherkaoui.ma\/wp-content\/uploads\/2025\/12\/mam-mam-sucettes-nuit-2-6-mois-sucettes-et-attaches-sucettes.jpg\" \/>\r\n\t<meta property=\"og:image:width\" content=\"700\" \/>\r\n\t<meta property=\"og:image:height\" content=\"700\" \/>\r\n\t<meta property=\"og:image:type\" content=\"image\/jpeg\" \/>\r\n<meta name=\"twitter:card\" content=\"summary_large_image\" \/>\r\n<meta name=\"twitter:label1\" content=\"Dur\u00e9e de lecture estim\u00e9e\" \/>\n\t<meta name=\"twitter:data1\" content=\"1 minute\" \/>\r\n<script type=\"application\/ld+json\" class=\"yoast-schema-graph\">{\"@context\":\"https:\/\/schema.org\",\"@graph\":[{\"@type\":\"WebPage\",\"@id\":\"https:\/\/paracherkaoui.ma\/index.php\/produit\/mam-sucettes-nuit-2-6-mois\/\",\"url\":\"https:\/\/paracherkaoui.ma\/index.php\/produit\/mam-sucettes-nuit-2-6-mois\/\",\"name\":\"MAM SUCETTES NUIT 2-6 MOIS - Paracherkaoui.ma\",\"isPartOf\":{\"@id\":\"https:\/\/paracherkaoui.ma\/#website\"},\"primaryImageOfPage\":{\"@id\":\"https:\/\/paracherkaoui.ma\/index.php\/produit\/mam-sucettes-nuit-2-6-mois\/#primaryimage\"},\"image\":{\"@id\":\"https:\/\/paracherkaoui.ma\/index.php\/produit\/mam-sucettes-nuit-2-6-mois\/#primaryimage\"},\"thumbnailUrl\":\"https:\/\/paracherkaoui.ma\/wp-content\/uploads\/2025\/12\/mam-mam-sucettes-nuit-2-6-mois-sucettes-et-attaches-sucettes.jpg\",\"datePublished\":\"2025-12-12T18:10:18+00:00\",\"dateModified\":\"2025-12-12T18:10:23+00:00\",\"breadcrumb\":{\"@id\":\"https:\/\/paracherkaoui.ma\/index.php\/produit\/mam-sucettes-nuit-2-6-mois\/#breadcrumb\"},\"inLanguage\":\"fr-FR\",\"potentialAction\":[{\"@type\":\"ReadAction\",\"target\":[\"https:\/\/paracherkaoui.ma\/index.php\/produit\/mam-sucettes-nuit-2-6-mois\/\"]}]},{\"@type\":\"ImageObject\",\"inLanguage\":\"fr-FR\",\"@id\":\"https:\/\/paracherkaoui.ma\/index.php\/produit\/mam-sucettes-nuit-2-6-mois\/#primaryimage\",\"url\":\"https:\/\/paracherkaoui.ma\/wp-content\/uploads\/2025\/12\/mam-mam-sucettes-nuit-2-6-mois-sucettes-et-attaches-sucettes.jpg\",\"contentUrl\":\"https:\/\/paracherkaoui.ma\/wp-content\/uploads\/2025\/12\/mam-mam-sucettes-nuit-2-6-mois-sucettes-et-attaches-sucettes.jpg\",\"width\":700,\"height\":700},{\"@type\":\"BreadcrumbList\",\"@id\":\"https:\/\/paracherkaoui.ma\/index.php\/produit\/mam-sucettes-nuit-2-6-mois\/#breadcrumb\",\"itemListElement\":[{\"@type\":\"ListItem\",\"position\":1,\"name\":\"Accueil\",\"item\":\"https:\/\/paracherkaoui.ma\/\"},{\"@type\":\"ListItem\",\"position\":2,\"name\":\"Boutique\",\"item\":\"https:\/\/paracherkaoui.ma\/index.php\/boutique\/\"},{\"@type\":\"ListItem\",\"position\":3,\"name\":\"MAM SUCETTES NUIT 2-6 MOIS\"}]},{\"@type\":\"WebSite\",\"@id\":\"https:\/\/paracherkaoui.ma\/#website\",\"url\":\"https:\/\/paracherkaoui.ma\/\",\"name\":\"Paracherkaoui.ma\",\"description\":\"Achetez en ligne sur Paracherkaoui.ma\",\"potentialAction\":[{\"@type\":\"SearchAction\",\"target\":{\"@type\":\"EntryPoint\",\"urlTemplate\":\"https:\/\/paracherkaoui.ma\/?s={search_term_string}\"},\"query-input\":{\"@type\":\"PropertyValueSpecification\",\"valueRequired\":true,\"valueName\":\"search_term_string\"}}],\"inLanguage\":\"fr-FR\"}]}<\/script>\r\n<!-- \/ Yoast SEO plugin. -->","yoast_head_json":{"title":"MAM SUCETTES NUIT 2-6 MOIS - Paracherkaoui.ma","robots":{"index":"index","follow":"follow","max-snippet":"max-snippet:-1","max-image-preview":"max-image-preview:large","max-video-preview":"max-video-preview:-1"},"canonical":"https:\/\/paracherkaoui.ma\/index.php\/produit\/mam-sucettes-nuit-2-6-mois\/","og_locale":"fr_FR","og_type":"article","og_title":"MAM SUCETTES NUIT 2-6 MOIS - Paracherkaoui.ma","og_description":"MAM Sucette Silicone Oiseau Vert Brille dans la Nuit 0-6 mois + Boite de St\u00e9rilisation est une sucette id\u00e9ale pour","og_url":"https:\/\/paracherkaoui.ma\/index.php\/produit\/mam-sucettes-nuit-2-6-mois\/","og_site_name":"Paracherkaoui.ma","article_modified_time":"2025-12-12T18:10:23+00:00","og_image":[{"width":700,"height":700,"url":"https:\/\/paracherkaoui.ma\/wp-content\/uploads\/2025\/12\/mam-mam-sucettes-nuit-2-6-mois-sucettes-et-attaches-sucettes.jpg","type":"image\/jpeg"}],"twitter_card":"summary_large_image","twitter_misc":{"Dur\u00e9e de lecture estim\u00e9e":"1 minute"},"schema":{"@context":"https:\/\/schema.org","@graph":[{"@type":"WebPage","@id":"https:\/\/paracherkaoui.ma\/index.php\/produit\/mam-sucettes-nuit-2-6-mois\/","url":"https:\/\/paracherkaoui.ma\/index.php\/produit\/mam-sucettes-nuit-2-6-mois\/","name":"MAM SUCETTES NUIT 2-6 MOIS - Paracherkaoui.ma","isPartOf":{"@id":"https:\/\/paracherkaoui.ma\/#website"},"primaryImageOfPage":{"@id":"https:\/\/paracherkaoui.ma\/index.php\/produit\/mam-sucettes-nuit-2-6-mois\/#primaryimage"},"image":{"@id":"https:\/\/paracherkaoui.ma\/index.php\/produit\/mam-sucettes-nuit-2-6-mois\/#primaryimage"},"thumbnailUrl":"https:\/\/paracherkaoui.ma\/wp-content\/uploads\/2025\/12\/mam-mam-sucettes-nuit-2-6-mois-sucettes-et-attaches-sucettes.jpg","datePublished":"2025-12-12T18:10:18+00:00","dateModified":"2025-12-12T18:10:23+00:00","breadcrumb":{"@id":"https:\/\/paracherkaoui.ma\/index.php\/produit\/mam-sucettes-nuit-2-6-mois\/#breadcrumb"},"inLanguage":"fr-FR","potentialAction":[{"@type":"ReadAction","target":["https:\/\/paracherkaoui.ma\/index.php\/produit\/mam-sucettes-nuit-2-6-mois\/"]}]},{"@type":"ImageObject","inLanguage":"fr-FR","@id":"https:\/\/paracherkaoui.ma\/index.php\/produit\/mam-sucettes-nuit-2-6-mois\/#primaryimage","url":"https:\/\/paracherkaoui.ma\/wp-content\/uploads\/2025\/12\/mam-mam-sucettes-nuit-2-6-mois-sucettes-et-attaches-sucettes.jpg","contentUrl":"https:\/\/paracherkaoui.ma\/wp-content\/uploads\/2025\/12\/mam-mam-sucettes-nuit-2-6-mois-sucettes-et-attaches-sucettes.jpg","width":700,"height":700},{"@type":"BreadcrumbList","@id":"https:\/\/paracherkaoui.ma\/index.php\/produit\/mam-sucettes-nuit-2-6-mois\/#breadcrumb","itemListElement":[{"@type":"ListItem","position":1,"name":"Accueil","item":"https:\/\/paracherkaoui.ma\/"},{"@type":"ListItem","position":2,"name":"Boutique","item":"https:\/\/paracherkaoui.ma\/index.php\/boutique\/"},{"@type":"ListItem","position":3,"name":"MAM SUCETTES NUIT 2-6 MOIS"}]},{"@type":"WebSite","@id":"https:\/\/paracherkaoui.ma\/#website","url":"https:\/\/paracherkaoui.ma\/","name":"Paracherkaoui.ma","description":"Achetez en ligne sur Paracherkaoui.ma","potentialAction":[{"@type":"SearchAction","target":{"@type":"EntryPoint","urlTemplate":"https:\/\/paracherkaoui.ma\/?s={search_term_string}"},"query-input":{"@type":"PropertyValueSpecification","valueRequired":true,"valueName":"search_term_string"}}],"inLanguage":"fr-FR"}]}},"_links":{"self":[{"href":"https:\/\/paracherkaoui.ma\/index.php\/wp-json\/wp\/v2\/product\/43114","targetHints":{"allow":["GET"]}}],"collection":[{"href":"https:\/\/paracherkaoui.ma\/index.php\/wp-json\/wp\/v2\/product"}],"about":[{"href":"https:\/\/paracherkaoui.ma\/index.php\/wp-json\/wp\/v2\/types\/product"}],"replies":[{"embeddable":true,"href":"https:\/\/paracherkaoui.ma\/index.php\/wp-json\/wp\/v2\/comments?post=43114"}],"version-history":[{"count":1,"href":"https:\/\/paracherkaoui.ma\/index.php\/wp-json\/wp\/v2\/product\/43114\/revisions"}],"predecessor-version":[{"id":43167,"href":"https:\/\/paracherkaoui.ma\/index.php\/wp-json\/wp\/v2\/product\/43114\/revisions\/43167"}],"wp:featuredmedia":[{"embeddable":true,"href":"https:\/\/paracherkaoui.ma\/index.php\/wp-json\/wp\/v2\/media\/43166"}],"wp:attachment":[{"href":"https:\/\/paracherkaoui.ma\/index.php\/wp-json\/wp\/v2\/media?parent=43114"}],"wp:term":[{"taxonomy":"product_brand","embeddable":true,"href":"https:\/\/paracherkaoui.ma\/index.php\/wp-json\/wp\/v2\/product_brand?post=43114"},{"taxonomy":"product_cat","embeddable":true,"href":"https:\/\/paracherkaoui.ma\/index.php\/wp-json\/wp\/v2\/product_cat?post=43114"},{"taxonomy":"product_tag","embeddable":true,"href":"https:\/\/paracherkaoui.ma\/index.php\/wp-json\/wp\/v2\/product_tag?post=43114"}],"curies":[{"name":"wp","href":"https:\/\/api.w.org\/{rel}","templated":true}]}}