{"id":42857,"date":"2025-12-12T19:09:39","date_gmt":"2025-12-12T18:09:39","guid":{"rendered":"https:\/\/test.ecbeaute.com\/?post_type=product&#038;p=42857"},"modified":"2025-12-12T19:09:43","modified_gmt":"2025-12-12T18:09:43","slug":"medela-innovation-biberon-calma-150-ml","status":"publish","type":"product","link":"https:\/\/paracherkaoui.ma\/index.php\/produit\/medela-innovation-biberon-calma-150-ml\/","title":{"rendered":"MEDELA INNOVATION BIBERON CALMA 150 ML"},"content":{"rendered":"<p>Calma est une solution d&rsquo;alimentation innovante con\u00e7ue pour les b\u00e9b\u00e9s allait\u00e9s. Elle n&rsquo;interf\u00e8re pas avec l&rsquo;allaitement et, puisque votre b\u00e9b\u00e9 continue de se nourrir comme il l&rsquo;a appris au sein, la transition entre le sein et la Calma et vice versa, s&rsquo;effectue sans difficult\u00e9. Calma, une solution proche de l&rsquo;allaitement au sein L&#8217;embout Calma de Medela repr\u00e9sente une solution de substitution \u00e0 l&rsquo;allaitement au sein pour les m\u00e8res qui souhaitent nourrir leur b\u00e9b\u00e9 au lait maternel avec un biberon. Elle a \u00e9t\u00e9 d\u00e9velopp\u00e9e en collaboration avec des experts de l&rsquo;allaitement, faisant partie du groupe de recherche sur la lactation humaine dirig\u00e9 par le professeur Hartmann, de l&rsquo;Universit\u00e9 d&rsquo;Australie occidentale. Avec Calma, votre b\u00e9b\u00e9 peut se nourrir, d\u00e9glutir et respirer exactement comme il le ferait au sein : il peut boire le lait, faire une pause et respirer selon son rythme naturel, comme lorsqu&rsquo;il t\u00e8te au sein, en restant d\u00e9tendu et serein. Tout comme au sein, il doit cr\u00e9er un vide pour que le lait commence \u00e0 couler. Il peut conserver son comportement de succion naturel, ce qui simplifie la transition entre l&rsquo;allaitement au sein et l&rsquo;utilisation de Calma (et inversement).<\/p>\n","protected":false},"excerpt":{"rendered":"<p>Calma est une solution d&rsquo;alimentation innovante con\u00e7ue pour les b\u00e9b\u00e9s allait\u00e9s. Elle n&rsquo;interf\u00e8re pas avec l&rsquo;allaitement et, puisque votre b\u00e9b\u00e9<\/p>\n","protected":false},"featured_media":42892,"comment_status":"open","ping_status":"closed","template":"","meta":[],"product_brand":[724],"product_cat":[739],"product_tag":[],"class_list":{"0":"post-42857","1":"product","2":"type-product","3":"status-publish","4":"has-post-thumbnail","6":"product_brand-medela","7":"product_cat-biberon-et-goupillon","9":"first","10":"instock","11":"sale","12":"shipping-taxable","13":"purchasable","14":"product-type-simple"},"yoast_head":"<!-- This site is optimized with the Yoast SEO plugin v26.6 - https:\/\/yoast.com\/wordpress\/plugins\/seo\/ -->\r\n<title>MEDELA INNOVATION BIBERON CALMA 150 ML - Paracherkaoui.ma<\/title>\r\n<meta name=\"robots\" content=\"index, follow, max-snippet:-1, max-image-preview:large, max-video-preview:-1\" \/>\r\n<link rel=\"canonical\" href=\"https:\/\/paracherkaoui.ma\/index.php\/produit\/medela-innovation-biberon-calma-150-ml\/\" \/>\r\n<meta property=\"og:locale\" content=\"fr_FR\" \/>\r\n<meta property=\"og:type\" content=\"article\" \/>\r\n<meta property=\"og:title\" content=\"MEDELA INNOVATION BIBERON CALMA 150 ML - Paracherkaoui.ma\" \/>\r\n<meta property=\"og:description\" content=\"Calma est une solution d&rsquo;alimentation innovante con\u00e7ue pour les b\u00e9b\u00e9s allait\u00e9s. Elle n&rsquo;interf\u00e8re pas avec l&rsquo;allaitement et, puisque votre b\u00e9b\u00e9\" \/>\r\n<meta property=\"og:url\" content=\"https:\/\/paracherkaoui.ma\/index.php\/produit\/medela-innovation-biberon-calma-150-ml\/\" \/>\r\n<meta property=\"og:site_name\" content=\"Paracherkaoui.ma\" \/>\r\n<meta property=\"article:modified_time\" content=\"2025-12-12T18:09:43+00:00\" \/>\r\n<meta property=\"og:image\" content=\"https:\/\/paracherkaoui.ma\/wp-content\/uploads\/2025\/12\/medela-innovation-biberon-calma-150-ml.jpg\" \/>\r\n\t<meta property=\"og:image:width\" content=\"700\" \/>\r\n\t<meta property=\"og:image:height\" content=\"700\" \/>\r\n\t<meta property=\"og:image:type\" content=\"image\/jpeg\" \/>\r\n<meta name=\"twitter:card\" content=\"summary_large_image\" \/>\r\n<meta name=\"twitter:label1\" content=\"Dur\u00e9e de lecture estim\u00e9e\" \/>\n\t<meta name=\"twitter:data1\" content=\"1 minute\" \/>\r\n<script type=\"application\/ld+json\" class=\"yoast-schema-graph\">{\"@context\":\"https:\/\/schema.org\",\"@graph\":[{\"@type\":\"WebPage\",\"@id\":\"https:\/\/paracherkaoui.ma\/index.php\/produit\/medela-innovation-biberon-calma-150-ml\/\",\"url\":\"https:\/\/paracherkaoui.ma\/index.php\/produit\/medela-innovation-biberon-calma-150-ml\/\",\"name\":\"MEDELA INNOVATION BIBERON CALMA 150 ML - Paracherkaoui.ma\",\"isPartOf\":{\"@id\":\"https:\/\/paracherkaoui.ma\/#website\"},\"primaryImageOfPage\":{\"@id\":\"https:\/\/paracherkaoui.ma\/index.php\/produit\/medela-innovation-biberon-calma-150-ml\/#primaryimage\"},\"image\":{\"@id\":\"https:\/\/paracherkaoui.ma\/index.php\/produit\/medela-innovation-biberon-calma-150-ml\/#primaryimage\"},\"thumbnailUrl\":\"https:\/\/paracherkaoui.ma\/wp-content\/uploads\/2025\/12\/medela-innovation-biberon-calma-150-ml.jpg\",\"datePublished\":\"2025-12-12T18:09:39+00:00\",\"dateModified\":\"2025-12-12T18:09:43+00:00\",\"breadcrumb\":{\"@id\":\"https:\/\/paracherkaoui.ma\/index.php\/produit\/medela-innovation-biberon-calma-150-ml\/#breadcrumb\"},\"inLanguage\":\"fr-FR\",\"potentialAction\":[{\"@type\":\"ReadAction\",\"target\":[\"https:\/\/paracherkaoui.ma\/index.php\/produit\/medela-innovation-biberon-calma-150-ml\/\"]}]},{\"@type\":\"ImageObject\",\"inLanguage\":\"fr-FR\",\"@id\":\"https:\/\/paracherkaoui.ma\/index.php\/produit\/medela-innovation-biberon-calma-150-ml\/#primaryimage\",\"url\":\"https:\/\/paracherkaoui.ma\/wp-content\/uploads\/2025\/12\/medela-innovation-biberon-calma-150-ml.jpg\",\"contentUrl\":\"https:\/\/paracherkaoui.ma\/wp-content\/uploads\/2025\/12\/medela-innovation-biberon-calma-150-ml.jpg\",\"width\":700,\"height\":700},{\"@type\":\"BreadcrumbList\",\"@id\":\"https:\/\/paracherkaoui.ma\/index.php\/produit\/medela-innovation-biberon-calma-150-ml\/#breadcrumb\",\"itemListElement\":[{\"@type\":\"ListItem\",\"position\":1,\"name\":\"Accueil\",\"item\":\"https:\/\/paracherkaoui.ma\/\"},{\"@type\":\"ListItem\",\"position\":2,\"name\":\"Boutique\",\"item\":\"https:\/\/paracherkaoui.ma\/index.php\/boutique\/\"},{\"@type\":\"ListItem\",\"position\":3,\"name\":\"MEDELA INNOVATION BIBERON CALMA 150 ML\"}]},{\"@type\":\"WebSite\",\"@id\":\"https:\/\/paracherkaoui.ma\/#website\",\"url\":\"https:\/\/paracherkaoui.ma\/\",\"name\":\"Paracherkaoui.ma\",\"description\":\"Achetez en ligne sur Paracherkaoui.ma\",\"potentialAction\":[{\"@type\":\"SearchAction\",\"target\":{\"@type\":\"EntryPoint\",\"urlTemplate\":\"https:\/\/paracherkaoui.ma\/?s={search_term_string}\"},\"query-input\":{\"@type\":\"PropertyValueSpecification\",\"valueRequired\":true,\"valueName\":\"search_term_string\"}}],\"inLanguage\":\"fr-FR\"}]}<\/script>\r\n<!-- \/ Yoast SEO plugin. -->","yoast_head_json":{"title":"MEDELA INNOVATION BIBERON CALMA 150 ML - Paracherkaoui.ma","robots":{"index":"index","follow":"follow","max-snippet":"max-snippet:-1","max-image-preview":"max-image-preview:large","max-video-preview":"max-video-preview:-1"},"canonical":"https:\/\/paracherkaoui.ma\/index.php\/produit\/medela-innovation-biberon-calma-150-ml\/","og_locale":"fr_FR","og_type":"article","og_title":"MEDELA INNOVATION BIBERON CALMA 150 ML - Paracherkaoui.ma","og_description":"Calma est une solution d&rsquo;alimentation innovante con\u00e7ue pour les b\u00e9b\u00e9s allait\u00e9s. Elle n&rsquo;interf\u00e8re pas avec l&rsquo;allaitement et, puisque votre b\u00e9b\u00e9","og_url":"https:\/\/paracherkaoui.ma\/index.php\/produit\/medela-innovation-biberon-calma-150-ml\/","og_site_name":"Paracherkaoui.ma","article_modified_time":"2025-12-12T18:09:43+00:00","og_image":[{"width":700,"height":700,"url":"https:\/\/paracherkaoui.ma\/wp-content\/uploads\/2025\/12\/medela-innovation-biberon-calma-150-ml.jpg","type":"image\/jpeg"}],"twitter_card":"summary_large_image","twitter_misc":{"Dur\u00e9e de lecture estim\u00e9e":"1 minute"},"schema":{"@context":"https:\/\/schema.org","@graph":[{"@type":"WebPage","@id":"https:\/\/paracherkaoui.ma\/index.php\/produit\/medela-innovation-biberon-calma-150-ml\/","url":"https:\/\/paracherkaoui.ma\/index.php\/produit\/medela-innovation-biberon-calma-150-ml\/","name":"MEDELA INNOVATION BIBERON CALMA 150 ML - Paracherkaoui.ma","isPartOf":{"@id":"https:\/\/paracherkaoui.ma\/#website"},"primaryImageOfPage":{"@id":"https:\/\/paracherkaoui.ma\/index.php\/produit\/medela-innovation-biberon-calma-150-ml\/#primaryimage"},"image":{"@id":"https:\/\/paracherkaoui.ma\/index.php\/produit\/medela-innovation-biberon-calma-150-ml\/#primaryimage"},"thumbnailUrl":"https:\/\/paracherkaoui.ma\/wp-content\/uploads\/2025\/12\/medela-innovation-biberon-calma-150-ml.jpg","datePublished":"2025-12-12T18:09:39+00:00","dateModified":"2025-12-12T18:09:43+00:00","breadcrumb":{"@id":"https:\/\/paracherkaoui.ma\/index.php\/produit\/medela-innovation-biberon-calma-150-ml\/#breadcrumb"},"inLanguage":"fr-FR","potentialAction":[{"@type":"ReadAction","target":["https:\/\/paracherkaoui.ma\/index.php\/produit\/medela-innovation-biberon-calma-150-ml\/"]}]},{"@type":"ImageObject","inLanguage":"fr-FR","@id":"https:\/\/paracherkaoui.ma\/index.php\/produit\/medela-innovation-biberon-calma-150-ml\/#primaryimage","url":"https:\/\/paracherkaoui.ma\/wp-content\/uploads\/2025\/12\/medela-innovation-biberon-calma-150-ml.jpg","contentUrl":"https:\/\/paracherkaoui.ma\/wp-content\/uploads\/2025\/12\/medela-innovation-biberon-calma-150-ml.jpg","width":700,"height":700},{"@type":"BreadcrumbList","@id":"https:\/\/paracherkaoui.ma\/index.php\/produit\/medela-innovation-biberon-calma-150-ml\/#breadcrumb","itemListElement":[{"@type":"ListItem","position":1,"name":"Accueil","item":"https:\/\/paracherkaoui.ma\/"},{"@type":"ListItem","position":2,"name":"Boutique","item":"https:\/\/paracherkaoui.ma\/index.php\/boutique\/"},{"@type":"ListItem","position":3,"name":"MEDELA INNOVATION BIBERON CALMA 150 ML"}]},{"@type":"WebSite","@id":"https:\/\/paracherkaoui.ma\/#website","url":"https:\/\/paracherkaoui.ma\/","name":"Paracherkaoui.ma","description":"Achetez en ligne sur Paracherkaoui.ma","potentialAction":[{"@type":"SearchAction","target":{"@type":"EntryPoint","urlTemplate":"https:\/\/paracherkaoui.ma\/?s={search_term_string}"},"query-input":{"@type":"PropertyValueSpecification","valueRequired":true,"valueName":"search_term_string"}}],"inLanguage":"fr-FR"}]}},"_links":{"self":[{"href":"https:\/\/paracherkaoui.ma\/index.php\/wp-json\/wp\/v2\/product\/42857","targetHints":{"allow":["GET"]}}],"collection":[{"href":"https:\/\/paracherkaoui.ma\/index.php\/wp-json\/wp\/v2\/product"}],"about":[{"href":"https:\/\/paracherkaoui.ma\/index.php\/wp-json\/wp\/v2\/types\/product"}],"replies":[{"embeddable":true,"href":"https:\/\/paracherkaoui.ma\/index.php\/wp-json\/wp\/v2\/comments?post=42857"}],"version-history":[{"count":1,"href":"https:\/\/paracherkaoui.ma\/index.php\/wp-json\/wp\/v2\/product\/42857\/revisions"}],"predecessor-version":[{"id":42893,"href":"https:\/\/paracherkaoui.ma\/index.php\/wp-json\/wp\/v2\/product\/42857\/revisions\/42893"}],"wp:featuredmedia":[{"embeddable":true,"href":"https:\/\/paracherkaoui.ma\/index.php\/wp-json\/wp\/v2\/media\/42892"}],"wp:attachment":[{"href":"https:\/\/paracherkaoui.ma\/index.php\/wp-json\/wp\/v2\/media?parent=42857"}],"wp:term":[{"taxonomy":"product_brand","embeddable":true,"href":"https:\/\/paracherkaoui.ma\/index.php\/wp-json\/wp\/v2\/product_brand?post=42857"},{"taxonomy":"product_cat","embeddable":true,"href":"https:\/\/paracherkaoui.ma\/index.php\/wp-json\/wp\/v2\/product_cat?post=42857"},{"taxonomy":"product_tag","embeddable":true,"href":"https:\/\/paracherkaoui.ma\/index.php\/wp-json\/wp\/v2\/product_tag?post=42857"}],"curies":[{"name":"wp","href":"https:\/\/api.w.org\/{rel}","templated":true}]}}