{"id":42696,"date":"2025-12-12T19:09:21","date_gmt":"2025-12-12T18:09:21","guid":{"rendered":"https:\/\/test.ecbeaute.com\/?post_type=product&#038;p=42696"},"modified":"2025-12-12T19:09:29","modified_gmt":"2025-12-12T18:09:29","slug":"dr-browns-biberon-en-verre-anti-colic-option-120-ml-col-etroit-0m","status":"publish","type":"product","link":"https:\/\/paracherkaoui.ma\/index.php\/produit\/dr-browns-biberon-en-verre-anti-colic-option-120-ml-col-etroit-0m\/","title":{"rendered":"DR BROWNS BIBERON EN VERRE ANTI COLIC OPTION +120 ML COL ETROIT 0M+"},"content":{"rendered":"<p>Vos options n&rsquo;ont jamais \u00e9t\u00e9 aussi bonnes avec le biberon en verre \u00e9troit Natural Flow\u00ae Anti-Colic Options+\u2122 de Dr. Brown&rsquo;s. Il est cliniquement prouv\u00e9 que le syst\u00e8me de ventilation interne anti-colique r\u00e9duit les coliques. Les biberons Dr. Brown&rsquo;s\u00ae offrent une exp\u00e9rience d&rsquo;alimentation plus confortable pour b\u00e9b\u00e9 en r\u00e9duisant les r\u00e9gurgitations, les rots et les gaz.<br \/>\nIl est cliniquement prouv\u00e9 que le syst\u00e8me de ventilation anti-coliques r\u00e9duit les coliques. Diminue les crachats, les rots et les gaz<br \/>\nLa forme du mamelon, semblable \u00e0 celle d&rsquo;un sein, favorise une bonne prise du sein et fournit un d\u00e9bit constant afin que les b\u00e9b\u00e9s se nourrissent \u00e0 leur propre rythme.<\/p>\n","protected":false},"excerpt":{"rendered":"<p>Vos options n&rsquo;ont jamais \u00e9t\u00e9 aussi bonnes avec le biberon en verre \u00e9troit Natural Flow\u00ae Anti-Colic Options+\u2122 de Dr. Brown&rsquo;s.<\/p>\n","protected":false},"featured_media":42750,"comment_status":"open","ping_status":"closed","template":"","meta":[],"product_brand":[740],"product_cat":[739],"product_tag":[],"class_list":{"0":"post-42696","1":"product","2":"type-product","3":"status-publish","4":"has-post-thumbnail","6":"product_brand-dr-browns","7":"product_cat-biberon-et-goupillon","9":"first","10":"instock","11":"sale","12":"shipping-taxable","13":"purchasable","14":"product-type-simple"},"yoast_head":"<!-- This site is optimized with the Yoast SEO plugin v26.6 - https:\/\/yoast.com\/wordpress\/plugins\/seo\/ -->\r\n<title>DR BROWNS BIBERON EN VERRE ANTI COLIC OPTION +120 ML COL ETROIT 0M+ - Paracherkaoui.ma<\/title>\r\n<meta name=\"robots\" content=\"index, follow, max-snippet:-1, max-image-preview:large, max-video-preview:-1\" \/>\r\n<link rel=\"canonical\" href=\"https:\/\/paracherkaoui.ma\/index.php\/produit\/dr-browns-biberon-en-verre-anti-colic-option-120-ml-col-etroit-0m\/\" \/>\r\n<meta property=\"og:locale\" content=\"fr_FR\" \/>\r\n<meta property=\"og:type\" content=\"article\" \/>\r\n<meta property=\"og:title\" content=\"DR BROWNS BIBERON EN VERRE ANTI COLIC OPTION +120 ML COL ETROIT 0M+ - Paracherkaoui.ma\" \/>\r\n<meta property=\"og:description\" content=\"Vos options n&rsquo;ont jamais \u00e9t\u00e9 aussi bonnes avec le biberon en verre \u00e9troit Natural Flow\u00ae Anti-Colic Options+\u2122 de Dr. Brown&rsquo;s.\" \/>\r\n<meta property=\"og:url\" content=\"https:\/\/paracherkaoui.ma\/index.php\/produit\/dr-browns-biberon-en-verre-anti-colic-option-120-ml-col-etroit-0m\/\" \/>\r\n<meta property=\"og:site_name\" content=\"Paracherkaoui.ma\" \/>\r\n<meta property=\"article:modified_time\" content=\"2025-12-12T18:09:29+00:00\" \/>\r\n<meta property=\"og:image\" content=\"https:\/\/paracherkaoui.ma\/wp-content\/uploads\/2025\/12\/dr-browns-dr-browns-biberon-en-verre-anti-colic-option-120-ml-col-etroit-0m-biberons-et-goupillons.jpg\" \/>\r\n\t<meta property=\"og:image:width\" content=\"700\" \/>\r\n\t<meta property=\"og:image:height\" content=\"700\" \/>\r\n\t<meta property=\"og:image:type\" content=\"image\/jpeg\" \/>\r\n<meta name=\"twitter:card\" content=\"summary_large_image\" \/>\r\n<meta name=\"twitter:label1\" content=\"Dur\u00e9e de lecture estim\u00e9e\" \/>\n\t<meta name=\"twitter:data1\" content=\"1 minute\" \/>\r\n<script type=\"application\/ld+json\" class=\"yoast-schema-graph\">{\"@context\":\"https:\/\/schema.org\",\"@graph\":[{\"@type\":\"WebPage\",\"@id\":\"https:\/\/paracherkaoui.ma\/index.php\/produit\/dr-browns-biberon-en-verre-anti-colic-option-120-ml-col-etroit-0m\/\",\"url\":\"https:\/\/paracherkaoui.ma\/index.php\/produit\/dr-browns-biberon-en-verre-anti-colic-option-120-ml-col-etroit-0m\/\",\"name\":\"DR BROWNS BIBERON EN VERRE ANTI COLIC OPTION +120 ML COL ETROIT 0M+ - Paracherkaoui.ma\",\"isPartOf\":{\"@id\":\"https:\/\/paracherkaoui.ma\/#website\"},\"primaryImageOfPage\":{\"@id\":\"https:\/\/paracherkaoui.ma\/index.php\/produit\/dr-browns-biberon-en-verre-anti-colic-option-120-ml-col-etroit-0m\/#primaryimage\"},\"image\":{\"@id\":\"https:\/\/paracherkaoui.ma\/index.php\/produit\/dr-browns-biberon-en-verre-anti-colic-option-120-ml-col-etroit-0m\/#primaryimage\"},\"thumbnailUrl\":\"https:\/\/paracherkaoui.ma\/wp-content\/uploads\/2025\/12\/dr-browns-dr-browns-biberon-en-verre-anti-colic-option-120-ml-col-etroit-0m-biberons-et-goupillons.jpg\",\"datePublished\":\"2025-12-12T18:09:21+00:00\",\"dateModified\":\"2025-12-12T18:09:29+00:00\",\"breadcrumb\":{\"@id\":\"https:\/\/paracherkaoui.ma\/index.php\/produit\/dr-browns-biberon-en-verre-anti-colic-option-120-ml-col-etroit-0m\/#breadcrumb\"},\"inLanguage\":\"fr-FR\",\"potentialAction\":[{\"@type\":\"ReadAction\",\"target\":[\"https:\/\/paracherkaoui.ma\/index.php\/produit\/dr-browns-biberon-en-verre-anti-colic-option-120-ml-col-etroit-0m\/\"]}]},{\"@type\":\"ImageObject\",\"inLanguage\":\"fr-FR\",\"@id\":\"https:\/\/paracherkaoui.ma\/index.php\/produit\/dr-browns-biberon-en-verre-anti-colic-option-120-ml-col-etroit-0m\/#primaryimage\",\"url\":\"https:\/\/paracherkaoui.ma\/wp-content\/uploads\/2025\/12\/dr-browns-dr-browns-biberon-en-verre-anti-colic-option-120-ml-col-etroit-0m-biberons-et-goupillons.jpg\",\"contentUrl\":\"https:\/\/paracherkaoui.ma\/wp-content\/uploads\/2025\/12\/dr-browns-dr-browns-biberon-en-verre-anti-colic-option-120-ml-col-etroit-0m-biberons-et-goupillons.jpg\",\"width\":700,\"height\":700},{\"@type\":\"BreadcrumbList\",\"@id\":\"https:\/\/paracherkaoui.ma\/index.php\/produit\/dr-browns-biberon-en-verre-anti-colic-option-120-ml-col-etroit-0m\/#breadcrumb\",\"itemListElement\":[{\"@type\":\"ListItem\",\"position\":1,\"name\":\"Accueil\",\"item\":\"https:\/\/paracherkaoui.ma\/\"},{\"@type\":\"ListItem\",\"position\":2,\"name\":\"Boutique\",\"item\":\"https:\/\/paracherkaoui.ma\/index.php\/boutique\/\"},{\"@type\":\"ListItem\",\"position\":3,\"name\":\"DR BROWNS BIBERON EN VERRE ANTI COLIC OPTION +120 ML COL ETROIT 0M+\"}]},{\"@type\":\"WebSite\",\"@id\":\"https:\/\/paracherkaoui.ma\/#website\",\"url\":\"https:\/\/paracherkaoui.ma\/\",\"name\":\"Paracherkaoui.ma\",\"description\":\"Achetez en ligne sur Paracherkaoui.ma\",\"potentialAction\":[{\"@type\":\"SearchAction\",\"target\":{\"@type\":\"EntryPoint\",\"urlTemplate\":\"https:\/\/paracherkaoui.ma\/?s={search_term_string}\"},\"query-input\":{\"@type\":\"PropertyValueSpecification\",\"valueRequired\":true,\"valueName\":\"search_term_string\"}}],\"inLanguage\":\"fr-FR\"}]}<\/script>\r\n<!-- \/ Yoast SEO plugin. -->","yoast_head_json":{"title":"DR BROWNS BIBERON EN VERRE ANTI COLIC OPTION +120 ML COL ETROIT 0M+ - Paracherkaoui.ma","robots":{"index":"index","follow":"follow","max-snippet":"max-snippet:-1","max-image-preview":"max-image-preview:large","max-video-preview":"max-video-preview:-1"},"canonical":"https:\/\/paracherkaoui.ma\/index.php\/produit\/dr-browns-biberon-en-verre-anti-colic-option-120-ml-col-etroit-0m\/","og_locale":"fr_FR","og_type":"article","og_title":"DR BROWNS BIBERON EN VERRE ANTI COLIC OPTION +120 ML COL ETROIT 0M+ - Paracherkaoui.ma","og_description":"Vos options n&rsquo;ont jamais \u00e9t\u00e9 aussi bonnes avec le biberon en verre \u00e9troit Natural Flow\u00ae Anti-Colic Options+\u2122 de Dr. Brown&rsquo;s.","og_url":"https:\/\/paracherkaoui.ma\/index.php\/produit\/dr-browns-biberon-en-verre-anti-colic-option-120-ml-col-etroit-0m\/","og_site_name":"Paracherkaoui.ma","article_modified_time":"2025-12-12T18:09:29+00:00","og_image":[{"width":700,"height":700,"url":"https:\/\/paracherkaoui.ma\/wp-content\/uploads\/2025\/12\/dr-browns-dr-browns-biberon-en-verre-anti-colic-option-120-ml-col-etroit-0m-biberons-et-goupillons.jpg","type":"image\/jpeg"}],"twitter_card":"summary_large_image","twitter_misc":{"Dur\u00e9e de lecture estim\u00e9e":"1 minute"},"schema":{"@context":"https:\/\/schema.org","@graph":[{"@type":"WebPage","@id":"https:\/\/paracherkaoui.ma\/index.php\/produit\/dr-browns-biberon-en-verre-anti-colic-option-120-ml-col-etroit-0m\/","url":"https:\/\/paracherkaoui.ma\/index.php\/produit\/dr-browns-biberon-en-verre-anti-colic-option-120-ml-col-etroit-0m\/","name":"DR BROWNS BIBERON EN VERRE ANTI COLIC OPTION +120 ML COL ETROIT 0M+ - Paracherkaoui.ma","isPartOf":{"@id":"https:\/\/paracherkaoui.ma\/#website"},"primaryImageOfPage":{"@id":"https:\/\/paracherkaoui.ma\/index.php\/produit\/dr-browns-biberon-en-verre-anti-colic-option-120-ml-col-etroit-0m\/#primaryimage"},"image":{"@id":"https:\/\/paracherkaoui.ma\/index.php\/produit\/dr-browns-biberon-en-verre-anti-colic-option-120-ml-col-etroit-0m\/#primaryimage"},"thumbnailUrl":"https:\/\/paracherkaoui.ma\/wp-content\/uploads\/2025\/12\/dr-browns-dr-browns-biberon-en-verre-anti-colic-option-120-ml-col-etroit-0m-biberons-et-goupillons.jpg","datePublished":"2025-12-12T18:09:21+00:00","dateModified":"2025-12-12T18:09:29+00:00","breadcrumb":{"@id":"https:\/\/paracherkaoui.ma\/index.php\/produit\/dr-browns-biberon-en-verre-anti-colic-option-120-ml-col-etroit-0m\/#breadcrumb"},"inLanguage":"fr-FR","potentialAction":[{"@type":"ReadAction","target":["https:\/\/paracherkaoui.ma\/index.php\/produit\/dr-browns-biberon-en-verre-anti-colic-option-120-ml-col-etroit-0m\/"]}]},{"@type":"ImageObject","inLanguage":"fr-FR","@id":"https:\/\/paracherkaoui.ma\/index.php\/produit\/dr-browns-biberon-en-verre-anti-colic-option-120-ml-col-etroit-0m\/#primaryimage","url":"https:\/\/paracherkaoui.ma\/wp-content\/uploads\/2025\/12\/dr-browns-dr-browns-biberon-en-verre-anti-colic-option-120-ml-col-etroit-0m-biberons-et-goupillons.jpg","contentUrl":"https:\/\/paracherkaoui.ma\/wp-content\/uploads\/2025\/12\/dr-browns-dr-browns-biberon-en-verre-anti-colic-option-120-ml-col-etroit-0m-biberons-et-goupillons.jpg","width":700,"height":700},{"@type":"BreadcrumbList","@id":"https:\/\/paracherkaoui.ma\/index.php\/produit\/dr-browns-biberon-en-verre-anti-colic-option-120-ml-col-etroit-0m\/#breadcrumb","itemListElement":[{"@type":"ListItem","position":1,"name":"Accueil","item":"https:\/\/paracherkaoui.ma\/"},{"@type":"ListItem","position":2,"name":"Boutique","item":"https:\/\/paracherkaoui.ma\/index.php\/boutique\/"},{"@type":"ListItem","position":3,"name":"DR BROWNS BIBERON EN VERRE ANTI COLIC OPTION +120 ML COL ETROIT 0M+"}]},{"@type":"WebSite","@id":"https:\/\/paracherkaoui.ma\/#website","url":"https:\/\/paracherkaoui.ma\/","name":"Paracherkaoui.ma","description":"Achetez en ligne sur Paracherkaoui.ma","potentialAction":[{"@type":"SearchAction","target":{"@type":"EntryPoint","urlTemplate":"https:\/\/paracherkaoui.ma\/?s={search_term_string}"},"query-input":{"@type":"PropertyValueSpecification","valueRequired":true,"valueName":"search_term_string"}}],"inLanguage":"fr-FR"}]}},"_links":{"self":[{"href":"https:\/\/paracherkaoui.ma\/index.php\/wp-json\/wp\/v2\/product\/42696","targetHints":{"allow":["GET"]}}],"collection":[{"href":"https:\/\/paracherkaoui.ma\/index.php\/wp-json\/wp\/v2\/product"}],"about":[{"href":"https:\/\/paracherkaoui.ma\/index.php\/wp-json\/wp\/v2\/types\/product"}],"replies":[{"embeddable":true,"href":"https:\/\/paracherkaoui.ma\/index.php\/wp-json\/wp\/v2\/comments?post=42696"}],"version-history":[{"count":1,"href":"https:\/\/paracherkaoui.ma\/index.php\/wp-json\/wp\/v2\/product\/42696\/revisions"}],"predecessor-version":[{"id":42751,"href":"https:\/\/paracherkaoui.ma\/index.php\/wp-json\/wp\/v2\/product\/42696\/revisions\/42751"}],"wp:featuredmedia":[{"embeddable":true,"href":"https:\/\/paracherkaoui.ma\/index.php\/wp-json\/wp\/v2\/media\/42750"}],"wp:attachment":[{"href":"https:\/\/paracherkaoui.ma\/index.php\/wp-json\/wp\/v2\/media?parent=42696"}],"wp:term":[{"taxonomy":"product_brand","embeddable":true,"href":"https:\/\/paracherkaoui.ma\/index.php\/wp-json\/wp\/v2\/product_brand?post=42696"},{"taxonomy":"product_cat","embeddable":true,"href":"https:\/\/paracherkaoui.ma\/index.php\/wp-json\/wp\/v2\/product_cat?post=42696"},{"taxonomy":"product_tag","embeddable":true,"href":"https:\/\/paracherkaoui.ma\/index.php\/wp-json\/wp\/v2\/product_tag?post=42696"}],"curies":[{"name":"wp","href":"https:\/\/api.w.org\/{rel}","templated":true}]}}