{"id":42431,"date":"2025-12-12T19:08:49","date_gmt":"2025-12-12T18:08:49","guid":{"rendered":"https:\/\/test.ecbeaute.com\/?post_type=product&#038;p=42431"},"modified":"2025-12-12T19:08:56","modified_gmt":"2025-12-12T18:08:56","slug":"rilastil-vergetures-creme-200ml","status":"publish","type":"product","link":"https:\/\/paracherkaoui.ma\/index.php\/produit\/rilastil-vergetures-creme-200ml\/","title":{"rendered":"Rilastil vergetures creme 200ml"},"content":{"rendered":"<p>Pendant l&rsquo;adolescence, la grossesse, apr\u00e8s une variation soudaine ou importante de poids, la rupture des fibres de collag\u00e8ne et d&rsquo;\u00e9lastine peuvent provoquer des vergetures. La cr\u00e8me Smagliature Rilastil est l&rsquo;un des produits de la gamme sp\u00e9cifiquement pens\u00e9e par les laboratoires Rilastil pour pr\u00e9venir et combattre les stries atrophiques ou vergetures. Id\u00e9ale en cas de vergetures blanches ou rouges, la cr\u00e8me est compos\u00e9e d&rsquo;acides amin\u00e9s essentiels, de vitamines et d&rsquo;huile de son de riz, qui permettent de nourrir en profondeur votre peau ; ils la rendent plus \u00e9lastique et plus douce. Les plus de cette cr\u00e8me ? Elle est cliniquement test\u00e9e, son pH est physiologique (le pH pr\u00e9conis\u00e9 par la m\u00e9decine conventionnelle), elle n&rsquo;est pas com\u00e9dog\u00e9nique :\u00a0 elle ne va donc pas ostruer vos pores. Enfin, elle est hypoallerg\u00e9nique (elle provoque peu d&rsquo;allergies). Sa texture riche et onctueuse en fait un produit agr\u00e9able, facile \u00e0 appliquer et dont l&rsquo;absorption est rapide. La cr\u00e8me Smagliature Rilastil est id\u00e9ale pour un massage b\u00e9n\u00e9fique et prolong\u00e9. Pour un r\u00e9sultat plus rapide, les laboratoires Rilastil pr\u00e9conisent d&rsquo;utiliser en m\u00eame temps que la cr\u00e8me, le traitement des ampoules, notamment si vous avez des striae rubrae (vergetures de couleur ros\u00e9e, pourpre).<br \/>\nIndication:<br \/>\nSoin anti-vergetures, pour tous les types de peaux, qui peut \u00eatre utilis\u00e9 pendant la grossesse et l&rsquo;allaitement.<br \/>\nConseils d&rsquo;utilisation:<\/p>\n<p>Une ou deux fois par jour, appliquer la cr\u00e8me en effectuant un massage circulaire et prolong\u00e9. Peut \u00eatre utilis\u00e9 par les femmes enceintes et allaitantes.<\/p>\n","protected":false},"excerpt":{"rendered":"<p>Pendant l&rsquo;adolescence, la grossesse, apr\u00e8s une variation soudaine ou importante de poids, la rupture des fibres de collag\u00e8ne et d&rsquo;\u00e9lastine<\/p>\n","protected":false},"featured_media":42474,"comment_status":"open","ping_status":"closed","template":"","meta":[],"product_brand":[393],"product_cat":[731],"product_tag":[],"class_list":{"0":"post-42431","1":"product","2":"type-product","3":"status-publish","4":"has-post-thumbnail","6":"product_brand-rilastil","7":"product_cat-soins-vergetures","9":"first","10":"instock","11":"sale","12":"shipping-taxable","13":"purchasable","14":"product-type-simple"},"yoast_head":"<!-- This site is optimized with the Yoast SEO plugin v26.6 - https:\/\/yoast.com\/wordpress\/plugins\/seo\/ -->\r\n<title>Rilastil vergetures creme 200ml - Paracherkaoui.ma<\/title>\r\n<meta name=\"robots\" content=\"index, follow, max-snippet:-1, max-image-preview:large, max-video-preview:-1\" \/>\r\n<link rel=\"canonical\" href=\"https:\/\/paracherkaoui.ma\/index.php\/produit\/rilastil-vergetures-creme-200ml\/\" \/>\r\n<meta property=\"og:locale\" content=\"fr_FR\" \/>\r\n<meta property=\"og:type\" content=\"article\" \/>\r\n<meta property=\"og:title\" content=\"Rilastil vergetures creme 200ml - Paracherkaoui.ma\" \/>\r\n<meta property=\"og:description\" content=\"Pendant l&rsquo;adolescence, la grossesse, apr\u00e8s une variation soudaine ou importante de poids, la rupture des fibres de collag\u00e8ne et d&rsquo;\u00e9lastine\" \/>\r\n<meta property=\"og:url\" content=\"https:\/\/paracherkaoui.ma\/index.php\/produit\/rilastil-vergetures-creme-200ml\/\" \/>\r\n<meta property=\"og:site_name\" content=\"Paracherkaoui.ma\" \/>\r\n<meta property=\"article:modified_time\" content=\"2025-12-12T18:08:56+00:00\" \/>\r\n<meta property=\"og:image\" content=\"https:\/\/paracherkaoui.ma\/wp-content\/uploads\/2025\/12\/rilastil-rilastil-vergetures-creme-200ml-soin-vergetures.jpg\" \/>\r\n\t<meta property=\"og:image:width\" content=\"700\" \/>\r\n\t<meta property=\"og:image:height\" content=\"700\" \/>\r\n\t<meta property=\"og:image:type\" content=\"image\/jpeg\" \/>\r\n<meta name=\"twitter:card\" content=\"summary_large_image\" \/>\r\n<meta name=\"twitter:label1\" content=\"Dur\u00e9e de lecture estim\u00e9e\" \/>\n\t<meta name=\"twitter:data1\" content=\"1 minute\" \/>\r\n<script type=\"application\/ld+json\" class=\"yoast-schema-graph\">{\"@context\":\"https:\/\/schema.org\",\"@graph\":[{\"@type\":\"WebPage\",\"@id\":\"https:\/\/paracherkaoui.ma\/index.php\/produit\/rilastil-vergetures-creme-200ml\/\",\"url\":\"https:\/\/paracherkaoui.ma\/index.php\/produit\/rilastil-vergetures-creme-200ml\/\",\"name\":\"Rilastil vergetures creme 200ml - Paracherkaoui.ma\",\"isPartOf\":{\"@id\":\"https:\/\/paracherkaoui.ma\/#website\"},\"primaryImageOfPage\":{\"@id\":\"https:\/\/paracherkaoui.ma\/index.php\/produit\/rilastil-vergetures-creme-200ml\/#primaryimage\"},\"image\":{\"@id\":\"https:\/\/paracherkaoui.ma\/index.php\/produit\/rilastil-vergetures-creme-200ml\/#primaryimage\"},\"thumbnailUrl\":\"https:\/\/paracherkaoui.ma\/wp-content\/uploads\/2025\/12\/rilastil-rilastil-vergetures-creme-200ml-soin-vergetures.jpg\",\"datePublished\":\"2025-12-12T18:08:49+00:00\",\"dateModified\":\"2025-12-12T18:08:56+00:00\",\"breadcrumb\":{\"@id\":\"https:\/\/paracherkaoui.ma\/index.php\/produit\/rilastil-vergetures-creme-200ml\/#breadcrumb\"},\"inLanguage\":\"fr-FR\",\"potentialAction\":[{\"@type\":\"ReadAction\",\"target\":[\"https:\/\/paracherkaoui.ma\/index.php\/produit\/rilastil-vergetures-creme-200ml\/\"]}]},{\"@type\":\"ImageObject\",\"inLanguage\":\"fr-FR\",\"@id\":\"https:\/\/paracherkaoui.ma\/index.php\/produit\/rilastil-vergetures-creme-200ml\/#primaryimage\",\"url\":\"https:\/\/paracherkaoui.ma\/wp-content\/uploads\/2025\/12\/rilastil-rilastil-vergetures-creme-200ml-soin-vergetures.jpg\",\"contentUrl\":\"https:\/\/paracherkaoui.ma\/wp-content\/uploads\/2025\/12\/rilastil-rilastil-vergetures-creme-200ml-soin-vergetures.jpg\",\"width\":700,\"height\":700},{\"@type\":\"BreadcrumbList\",\"@id\":\"https:\/\/paracherkaoui.ma\/index.php\/produit\/rilastil-vergetures-creme-200ml\/#breadcrumb\",\"itemListElement\":[{\"@type\":\"ListItem\",\"position\":1,\"name\":\"Accueil\",\"item\":\"https:\/\/paracherkaoui.ma\/\"},{\"@type\":\"ListItem\",\"position\":2,\"name\":\"Boutique\",\"item\":\"https:\/\/paracherkaoui.ma\/index.php\/boutique\/\"},{\"@type\":\"ListItem\",\"position\":3,\"name\":\"Rilastil vergetures creme 200ml\"}]},{\"@type\":\"WebSite\",\"@id\":\"https:\/\/paracherkaoui.ma\/#website\",\"url\":\"https:\/\/paracherkaoui.ma\/\",\"name\":\"Paracherkaoui.ma\",\"description\":\"Achetez en ligne sur Paracherkaoui.ma\",\"potentialAction\":[{\"@type\":\"SearchAction\",\"target\":{\"@type\":\"EntryPoint\",\"urlTemplate\":\"https:\/\/paracherkaoui.ma\/?s={search_term_string}\"},\"query-input\":{\"@type\":\"PropertyValueSpecification\",\"valueRequired\":true,\"valueName\":\"search_term_string\"}}],\"inLanguage\":\"fr-FR\"}]}<\/script>\r\n<!-- \/ Yoast SEO plugin. -->","yoast_head_json":{"title":"Rilastil vergetures creme 200ml - Paracherkaoui.ma","robots":{"index":"index","follow":"follow","max-snippet":"max-snippet:-1","max-image-preview":"max-image-preview:large","max-video-preview":"max-video-preview:-1"},"canonical":"https:\/\/paracherkaoui.ma\/index.php\/produit\/rilastil-vergetures-creme-200ml\/","og_locale":"fr_FR","og_type":"article","og_title":"Rilastil vergetures creme 200ml - Paracherkaoui.ma","og_description":"Pendant l&rsquo;adolescence, la grossesse, apr\u00e8s une variation soudaine ou importante de poids, la rupture des fibres de collag\u00e8ne et d&rsquo;\u00e9lastine","og_url":"https:\/\/paracherkaoui.ma\/index.php\/produit\/rilastil-vergetures-creme-200ml\/","og_site_name":"Paracherkaoui.ma","article_modified_time":"2025-12-12T18:08:56+00:00","og_image":[{"width":700,"height":700,"url":"https:\/\/paracherkaoui.ma\/wp-content\/uploads\/2025\/12\/rilastil-rilastil-vergetures-creme-200ml-soin-vergetures.jpg","type":"image\/jpeg"}],"twitter_card":"summary_large_image","twitter_misc":{"Dur\u00e9e de lecture estim\u00e9e":"1 minute"},"schema":{"@context":"https:\/\/schema.org","@graph":[{"@type":"WebPage","@id":"https:\/\/paracherkaoui.ma\/index.php\/produit\/rilastil-vergetures-creme-200ml\/","url":"https:\/\/paracherkaoui.ma\/index.php\/produit\/rilastil-vergetures-creme-200ml\/","name":"Rilastil vergetures creme 200ml - Paracherkaoui.ma","isPartOf":{"@id":"https:\/\/paracherkaoui.ma\/#website"},"primaryImageOfPage":{"@id":"https:\/\/paracherkaoui.ma\/index.php\/produit\/rilastil-vergetures-creme-200ml\/#primaryimage"},"image":{"@id":"https:\/\/paracherkaoui.ma\/index.php\/produit\/rilastil-vergetures-creme-200ml\/#primaryimage"},"thumbnailUrl":"https:\/\/paracherkaoui.ma\/wp-content\/uploads\/2025\/12\/rilastil-rilastil-vergetures-creme-200ml-soin-vergetures.jpg","datePublished":"2025-12-12T18:08:49+00:00","dateModified":"2025-12-12T18:08:56+00:00","breadcrumb":{"@id":"https:\/\/paracherkaoui.ma\/index.php\/produit\/rilastil-vergetures-creme-200ml\/#breadcrumb"},"inLanguage":"fr-FR","potentialAction":[{"@type":"ReadAction","target":["https:\/\/paracherkaoui.ma\/index.php\/produit\/rilastil-vergetures-creme-200ml\/"]}]},{"@type":"ImageObject","inLanguage":"fr-FR","@id":"https:\/\/paracherkaoui.ma\/index.php\/produit\/rilastil-vergetures-creme-200ml\/#primaryimage","url":"https:\/\/paracherkaoui.ma\/wp-content\/uploads\/2025\/12\/rilastil-rilastil-vergetures-creme-200ml-soin-vergetures.jpg","contentUrl":"https:\/\/paracherkaoui.ma\/wp-content\/uploads\/2025\/12\/rilastil-rilastil-vergetures-creme-200ml-soin-vergetures.jpg","width":700,"height":700},{"@type":"BreadcrumbList","@id":"https:\/\/paracherkaoui.ma\/index.php\/produit\/rilastil-vergetures-creme-200ml\/#breadcrumb","itemListElement":[{"@type":"ListItem","position":1,"name":"Accueil","item":"https:\/\/paracherkaoui.ma\/"},{"@type":"ListItem","position":2,"name":"Boutique","item":"https:\/\/paracherkaoui.ma\/index.php\/boutique\/"},{"@type":"ListItem","position":3,"name":"Rilastil vergetures creme 200ml"}]},{"@type":"WebSite","@id":"https:\/\/paracherkaoui.ma\/#website","url":"https:\/\/paracherkaoui.ma\/","name":"Paracherkaoui.ma","description":"Achetez en ligne sur Paracherkaoui.ma","potentialAction":[{"@type":"SearchAction","target":{"@type":"EntryPoint","urlTemplate":"https:\/\/paracherkaoui.ma\/?s={search_term_string}"},"query-input":{"@type":"PropertyValueSpecification","valueRequired":true,"valueName":"search_term_string"}}],"inLanguage":"fr-FR"}]}},"_links":{"self":[{"href":"https:\/\/paracherkaoui.ma\/index.php\/wp-json\/wp\/v2\/product\/42431","targetHints":{"allow":["GET"]}}],"collection":[{"href":"https:\/\/paracherkaoui.ma\/index.php\/wp-json\/wp\/v2\/product"}],"about":[{"href":"https:\/\/paracherkaoui.ma\/index.php\/wp-json\/wp\/v2\/types\/product"}],"replies":[{"embeddable":true,"href":"https:\/\/paracherkaoui.ma\/index.php\/wp-json\/wp\/v2\/comments?post=42431"}],"version-history":[{"count":1,"href":"https:\/\/paracherkaoui.ma\/index.php\/wp-json\/wp\/v2\/product\/42431\/revisions"}],"predecessor-version":[{"id":42475,"href":"https:\/\/paracherkaoui.ma\/index.php\/wp-json\/wp\/v2\/product\/42431\/revisions\/42475"}],"wp:featuredmedia":[{"embeddable":true,"href":"https:\/\/paracherkaoui.ma\/index.php\/wp-json\/wp\/v2\/media\/42474"}],"wp:attachment":[{"href":"https:\/\/paracherkaoui.ma\/index.php\/wp-json\/wp\/v2\/media?parent=42431"}],"wp:term":[{"taxonomy":"product_brand","embeddable":true,"href":"https:\/\/paracherkaoui.ma\/index.php\/wp-json\/wp\/v2\/product_brand?post=42431"},{"taxonomy":"product_cat","embeddable":true,"href":"https:\/\/paracherkaoui.ma\/index.php\/wp-json\/wp\/v2\/product_cat?post=42431"},{"taxonomy":"product_tag","embeddable":true,"href":"https:\/\/paracherkaoui.ma\/index.php\/wp-json\/wp\/v2\/product_tag?post=42431"}],"curies":[{"name":"wp","href":"https:\/\/api.w.org\/{rel}","templated":true}]}}