{"id":42360,"date":"2025-12-12T19:08:32","date_gmt":"2025-12-12T18:08:32","guid":{"rendered":"https:\/\/test.ecbeaute.com\/?post_type=product&#038;p=42360"},"modified":"2025-12-12T19:08:35","modified_gmt":"2025-12-12T18:08:35","slug":"dodie-coussinet-dallaitement-jour-x30","status":"publish","type":"product","link":"https:\/\/paracherkaoui.ma\/index.php\/produit\/dodie-coussinet-dallaitement-jour-x30\/","title":{"rendered":"DODIE COUSSINET D&rsquo;ALLAITEMENT JOUR X30"},"content":{"rendered":"<p>Description<br \/>\nLes coussinets d\u2019allaitement nuit Dodie sont con\u00e7us pour absorber les pertes de lait, et permettent de garder les mamelons au sec, les pr\u00e9servant ainsi du risque de mac\u00e9ration et d\u2019apparition de crevasses. Ils sont compos\u00e9s d\u2019un\u00a0voile moelleux\u00a0qui permet une\u00a0absorption efficace, et de\u00a0micro-perles ultra absorbantes\u00a0qui ont pour r\u00f4le de\u00a0capter le lait et de le garder \u00e0 l\u2019int\u00e9rieur des coussinets. Ils disposent aussi d\u2019un voile hydrophobe respirant, qui aide \u00e0 pr\u00e9server une peau s\u00e8che plus longtemps. Ces coussinets d\u2019allaitement sont \u00e9galement d\u2019une grande douceur pour la peau. De\u00a0forme anatomique, ils sont munis d\u2019adh\u00e9sifs de maintien, \u00e0 la fois anti-fuites et respirants. L\u2019absorption des coussinets d\u2019allaitement Dodie est renforc\u00e9e pour la nuit.<\/p>\n","protected":false},"excerpt":{"rendered":"<p>Description Les coussinets d\u2019allaitement nuit Dodie sont con\u00e7us pour absorber les pertes de lait, et permettent de garder les mamelons<\/p>\n","protected":false},"featured_media":42385,"comment_status":"open","ping_status":"closed","template":"","meta":[],"product_brand":[725],"product_cat":[722],"product_tag":[],"class_list":{"0":"post-42360","1":"product","2":"type-product","3":"status-publish","4":"has-post-thumbnail","6":"product_brand-dodie","7":"product_cat-coussinets-dallaitement-et-soins","9":"first","10":"instock","11":"sale","12":"shipping-taxable","13":"purchasable","14":"product-type-simple"},"yoast_head":"<!-- This site is optimized with the Yoast SEO plugin v26.6 - https:\/\/yoast.com\/wordpress\/plugins\/seo\/ -->\r\n<title>DODIE COUSSINET D&#039;ALLAITEMENT JOUR X30 - Paracherkaoui.ma<\/title>\r\n<meta name=\"robots\" content=\"index, follow, max-snippet:-1, max-image-preview:large, max-video-preview:-1\" \/>\r\n<link rel=\"canonical\" href=\"https:\/\/paracherkaoui.ma\/index.php\/produit\/dodie-coussinet-dallaitement-jour-x30\/\" \/>\r\n<meta property=\"og:locale\" content=\"fr_FR\" \/>\r\n<meta property=\"og:type\" content=\"article\" \/>\r\n<meta property=\"og:title\" content=\"DODIE COUSSINET D&#039;ALLAITEMENT JOUR X30 - Paracherkaoui.ma\" \/>\r\n<meta property=\"og:description\" content=\"Description Les coussinets d\u2019allaitement nuit Dodie sont con\u00e7us pour absorber les pertes de lait, et permettent de garder les mamelons\" \/>\r\n<meta property=\"og:url\" content=\"https:\/\/paracherkaoui.ma\/index.php\/produit\/dodie-coussinet-dallaitement-jour-x30\/\" \/>\r\n<meta property=\"og:site_name\" content=\"Paracherkaoui.ma\" \/>\r\n<meta property=\"article:modified_time\" content=\"2025-12-12T18:08:35+00:00\" \/>\r\n<meta property=\"og:image\" content=\"https:\/\/paracherkaoui.ma\/wp-content\/uploads\/2025\/12\/dodie-dodie-coussinet-dallaitement-jour-x30-allaitement-et-sterilisation.jpg\" \/>\r\n\t<meta property=\"og:image:width\" content=\"700\" \/>\r\n\t<meta property=\"og:image:height\" content=\"700\" \/>\r\n\t<meta property=\"og:image:type\" content=\"image\/jpeg\" \/>\r\n<meta name=\"twitter:card\" content=\"summary_large_image\" \/>\r\n<meta name=\"twitter:label1\" content=\"Dur\u00e9e de lecture estim\u00e9e\" \/>\n\t<meta name=\"twitter:data1\" content=\"1 minute\" \/>\r\n<script type=\"application\/ld+json\" class=\"yoast-schema-graph\">{\"@context\":\"https:\/\/schema.org\",\"@graph\":[{\"@type\":\"WebPage\",\"@id\":\"https:\/\/paracherkaoui.ma\/index.php\/produit\/dodie-coussinet-dallaitement-jour-x30\/\",\"url\":\"https:\/\/paracherkaoui.ma\/index.php\/produit\/dodie-coussinet-dallaitement-jour-x30\/\",\"name\":\"DODIE COUSSINET D'ALLAITEMENT JOUR X30 - Paracherkaoui.ma\",\"isPartOf\":{\"@id\":\"https:\/\/paracherkaoui.ma\/#website\"},\"primaryImageOfPage\":{\"@id\":\"https:\/\/paracherkaoui.ma\/index.php\/produit\/dodie-coussinet-dallaitement-jour-x30\/#primaryimage\"},\"image\":{\"@id\":\"https:\/\/paracherkaoui.ma\/index.php\/produit\/dodie-coussinet-dallaitement-jour-x30\/#primaryimage\"},\"thumbnailUrl\":\"https:\/\/paracherkaoui.ma\/wp-content\/uploads\/2025\/12\/dodie-dodie-coussinet-dallaitement-jour-x30-allaitement-et-sterilisation.jpg\",\"datePublished\":\"2025-12-12T18:08:32+00:00\",\"dateModified\":\"2025-12-12T18:08:35+00:00\",\"breadcrumb\":{\"@id\":\"https:\/\/paracherkaoui.ma\/index.php\/produit\/dodie-coussinet-dallaitement-jour-x30\/#breadcrumb\"},\"inLanguage\":\"fr-FR\",\"potentialAction\":[{\"@type\":\"ReadAction\",\"target\":[\"https:\/\/paracherkaoui.ma\/index.php\/produit\/dodie-coussinet-dallaitement-jour-x30\/\"]}]},{\"@type\":\"ImageObject\",\"inLanguage\":\"fr-FR\",\"@id\":\"https:\/\/paracherkaoui.ma\/index.php\/produit\/dodie-coussinet-dallaitement-jour-x30\/#primaryimage\",\"url\":\"https:\/\/paracherkaoui.ma\/wp-content\/uploads\/2025\/12\/dodie-dodie-coussinet-dallaitement-jour-x30-allaitement-et-sterilisation.jpg\",\"contentUrl\":\"https:\/\/paracherkaoui.ma\/wp-content\/uploads\/2025\/12\/dodie-dodie-coussinet-dallaitement-jour-x30-allaitement-et-sterilisation.jpg\",\"width\":700,\"height\":700},{\"@type\":\"BreadcrumbList\",\"@id\":\"https:\/\/paracherkaoui.ma\/index.php\/produit\/dodie-coussinet-dallaitement-jour-x30\/#breadcrumb\",\"itemListElement\":[{\"@type\":\"ListItem\",\"position\":1,\"name\":\"Accueil\",\"item\":\"https:\/\/paracherkaoui.ma\/\"},{\"@type\":\"ListItem\",\"position\":2,\"name\":\"Boutique\",\"item\":\"https:\/\/paracherkaoui.ma\/index.php\/boutique\/\"},{\"@type\":\"ListItem\",\"position\":3,\"name\":\"DODIE COUSSINET D&rsquo;ALLAITEMENT JOUR X30\"}]},{\"@type\":\"WebSite\",\"@id\":\"https:\/\/paracherkaoui.ma\/#website\",\"url\":\"https:\/\/paracherkaoui.ma\/\",\"name\":\"Paracherkaoui.ma\",\"description\":\"Achetez en ligne sur Paracherkaoui.ma\",\"potentialAction\":[{\"@type\":\"SearchAction\",\"target\":{\"@type\":\"EntryPoint\",\"urlTemplate\":\"https:\/\/paracherkaoui.ma\/?s={search_term_string}\"},\"query-input\":{\"@type\":\"PropertyValueSpecification\",\"valueRequired\":true,\"valueName\":\"search_term_string\"}}],\"inLanguage\":\"fr-FR\"}]}<\/script>\r\n<!-- \/ Yoast SEO plugin. -->","yoast_head_json":{"title":"DODIE COUSSINET D'ALLAITEMENT JOUR X30 - Paracherkaoui.ma","robots":{"index":"index","follow":"follow","max-snippet":"max-snippet:-1","max-image-preview":"max-image-preview:large","max-video-preview":"max-video-preview:-1"},"canonical":"https:\/\/paracherkaoui.ma\/index.php\/produit\/dodie-coussinet-dallaitement-jour-x30\/","og_locale":"fr_FR","og_type":"article","og_title":"DODIE COUSSINET D'ALLAITEMENT JOUR X30 - Paracherkaoui.ma","og_description":"Description Les coussinets d\u2019allaitement nuit Dodie sont con\u00e7us pour absorber les pertes de lait, et permettent de garder les mamelons","og_url":"https:\/\/paracherkaoui.ma\/index.php\/produit\/dodie-coussinet-dallaitement-jour-x30\/","og_site_name":"Paracherkaoui.ma","article_modified_time":"2025-12-12T18:08:35+00:00","og_image":[{"width":700,"height":700,"url":"https:\/\/paracherkaoui.ma\/wp-content\/uploads\/2025\/12\/dodie-dodie-coussinet-dallaitement-jour-x30-allaitement-et-sterilisation.jpg","type":"image\/jpeg"}],"twitter_card":"summary_large_image","twitter_misc":{"Dur\u00e9e de lecture estim\u00e9e":"1 minute"},"schema":{"@context":"https:\/\/schema.org","@graph":[{"@type":"WebPage","@id":"https:\/\/paracherkaoui.ma\/index.php\/produit\/dodie-coussinet-dallaitement-jour-x30\/","url":"https:\/\/paracherkaoui.ma\/index.php\/produit\/dodie-coussinet-dallaitement-jour-x30\/","name":"DODIE COUSSINET D'ALLAITEMENT JOUR X30 - Paracherkaoui.ma","isPartOf":{"@id":"https:\/\/paracherkaoui.ma\/#website"},"primaryImageOfPage":{"@id":"https:\/\/paracherkaoui.ma\/index.php\/produit\/dodie-coussinet-dallaitement-jour-x30\/#primaryimage"},"image":{"@id":"https:\/\/paracherkaoui.ma\/index.php\/produit\/dodie-coussinet-dallaitement-jour-x30\/#primaryimage"},"thumbnailUrl":"https:\/\/paracherkaoui.ma\/wp-content\/uploads\/2025\/12\/dodie-dodie-coussinet-dallaitement-jour-x30-allaitement-et-sterilisation.jpg","datePublished":"2025-12-12T18:08:32+00:00","dateModified":"2025-12-12T18:08:35+00:00","breadcrumb":{"@id":"https:\/\/paracherkaoui.ma\/index.php\/produit\/dodie-coussinet-dallaitement-jour-x30\/#breadcrumb"},"inLanguage":"fr-FR","potentialAction":[{"@type":"ReadAction","target":["https:\/\/paracherkaoui.ma\/index.php\/produit\/dodie-coussinet-dallaitement-jour-x30\/"]}]},{"@type":"ImageObject","inLanguage":"fr-FR","@id":"https:\/\/paracherkaoui.ma\/index.php\/produit\/dodie-coussinet-dallaitement-jour-x30\/#primaryimage","url":"https:\/\/paracherkaoui.ma\/wp-content\/uploads\/2025\/12\/dodie-dodie-coussinet-dallaitement-jour-x30-allaitement-et-sterilisation.jpg","contentUrl":"https:\/\/paracherkaoui.ma\/wp-content\/uploads\/2025\/12\/dodie-dodie-coussinet-dallaitement-jour-x30-allaitement-et-sterilisation.jpg","width":700,"height":700},{"@type":"BreadcrumbList","@id":"https:\/\/paracherkaoui.ma\/index.php\/produit\/dodie-coussinet-dallaitement-jour-x30\/#breadcrumb","itemListElement":[{"@type":"ListItem","position":1,"name":"Accueil","item":"https:\/\/paracherkaoui.ma\/"},{"@type":"ListItem","position":2,"name":"Boutique","item":"https:\/\/paracherkaoui.ma\/index.php\/boutique\/"},{"@type":"ListItem","position":3,"name":"DODIE COUSSINET D&rsquo;ALLAITEMENT JOUR X30"}]},{"@type":"WebSite","@id":"https:\/\/paracherkaoui.ma\/#website","url":"https:\/\/paracherkaoui.ma\/","name":"Paracherkaoui.ma","description":"Achetez en ligne sur Paracherkaoui.ma","potentialAction":[{"@type":"SearchAction","target":{"@type":"EntryPoint","urlTemplate":"https:\/\/paracherkaoui.ma\/?s={search_term_string}"},"query-input":{"@type":"PropertyValueSpecification","valueRequired":true,"valueName":"search_term_string"}}],"inLanguage":"fr-FR"}]}},"_links":{"self":[{"href":"https:\/\/paracherkaoui.ma\/index.php\/wp-json\/wp\/v2\/product\/42360","targetHints":{"allow":["GET"]}}],"collection":[{"href":"https:\/\/paracherkaoui.ma\/index.php\/wp-json\/wp\/v2\/product"}],"about":[{"href":"https:\/\/paracherkaoui.ma\/index.php\/wp-json\/wp\/v2\/types\/product"}],"replies":[{"embeddable":true,"href":"https:\/\/paracherkaoui.ma\/index.php\/wp-json\/wp\/v2\/comments?post=42360"}],"version-history":[{"count":1,"href":"https:\/\/paracherkaoui.ma\/index.php\/wp-json\/wp\/v2\/product\/42360\/revisions"}],"predecessor-version":[{"id":42386,"href":"https:\/\/paracherkaoui.ma\/index.php\/wp-json\/wp\/v2\/product\/42360\/revisions\/42386"}],"wp:featuredmedia":[{"embeddable":true,"href":"https:\/\/paracherkaoui.ma\/index.php\/wp-json\/wp\/v2\/media\/42385"}],"wp:attachment":[{"href":"https:\/\/paracherkaoui.ma\/index.php\/wp-json\/wp\/v2\/media?parent=42360"}],"wp:term":[{"taxonomy":"product_brand","embeddable":true,"href":"https:\/\/paracherkaoui.ma\/index.php\/wp-json\/wp\/v2\/product_brand?post=42360"},{"taxonomy":"product_cat","embeddable":true,"href":"https:\/\/paracherkaoui.ma\/index.php\/wp-json\/wp\/v2\/product_cat?post=42360"},{"taxonomy":"product_tag","embeddable":true,"href":"https:\/\/paracherkaoui.ma\/index.php\/wp-json\/wp\/v2\/product_tag?post=42360"}],"curies":[{"name":"wp","href":"https:\/\/api.w.org\/{rel}","templated":true}]}}