{"id":41836,"date":"2025-12-12T19:07:38","date_gmt":"2025-12-12T18:07:38","guid":{"rendered":"https:\/\/test.ecbeaute.com\/?post_type=product&#038;p=41836"},"modified":"2025-12-12T19:07:42","modified_gmt":"2025-12-12T18:07:42","slug":"heliabrine-serum-fortifiant-cils-et-sourcils","status":"publish","type":"product","link":"https:\/\/paracherkaoui.ma\/index.php\/produit\/heliabrine-serum-fortifiant-cils-et-sourcils\/","title":{"rendered":"HELIABRINE SERUM FORTIFIANT CILS ET SOURCILS"},"content":{"rendered":"<p>Description:<br \/>\nCe s\u00e9rum fortifiant a \u00e9t\u00e9 con\u00e7u pour sublimer le regard en favorisant la pousse naturelle des cils et des sourcils.La formule compos\u00e9e d\u2019ANP\u00ae 2+, Tripeptide et Provitamine B5 permet de fortifier durablement les cils et les sourcils tout en stimulant leur croissance.Elle prot\u00e8ge, r\u00e9pare et renforce tous les types de cils et sourcils m\u00eame fragilis\u00e9s, fins ou clairsem\u00e9s. Ce traitement convient \u00e9galement aux yeux sensibles et porteurs de lentilles.Transparent,\u00a0le s\u00e9rum peut s\u2019appliquer seul ou sous le mascara dont il facilite l\u2019application.<br \/>\nConseils d&rsquo;utilisation:<br \/>\nEnlever toutes les traces de maquillage sur vos cils et sourcils, gr\u00e2ce \u00e0 un d\u00e9maquillant adapt\u00e9.Une fois les yeux parfaitement nettoy\u00e9s, \u00e0 l\u2019aide de la brosse, appliquez le s\u00e9rum de la base jusqu\u2019aux pointes des cils et sur les sourcils. R\u00e9p\u00e9tez l\u2019op\u00e9ration deux \u00e0 trois fois afin que le produit se d\u00e9pose de mani\u00e8re homog\u00e8ne.Le matin, appliquez le s\u00e9rum et attendez quelques secondes avant l\u2019application de votre mascara.Le soir, appliquez le soin en \u201cmasque fortifiant\u201d qui agira toute la nuit.Utilisez en cure de 2 \u00e0 3 mois cons\u00e9cutifs pour un r\u00e9sultat optimal.<\/p>\n","protected":false},"excerpt":{"rendered":"<p>Description: Ce s\u00e9rum fortifiant a \u00e9t\u00e9 con\u00e7u pour sublimer le regard en favorisant la pousse naturelle des cils et des<\/p>\n","protected":false},"featured_media":41874,"comment_status":"open","ping_status":"closed","template":"","meta":[],"product_brand":[360],"product_cat":[708],"product_tag":[],"class_list":{"0":"post-41836","1":"product","2":"type-product","3":"status-publish","4":"has-post-thumbnail","6":"product_brand-heliabrine","7":"product_cat-yeux-et-sourcils","9":"first","10":"instock","11":"sale","12":"shipping-taxable","13":"purchasable","14":"product-type-simple"},"yoast_head":"<!-- This site is optimized with the Yoast SEO plugin v26.6 - https:\/\/yoast.com\/wordpress\/plugins\/seo\/ -->\r\n<title>HELIABRINE SERUM FORTIFIANT CILS ET SOURCILS - Paracherkaoui.ma<\/title>\r\n<meta name=\"robots\" content=\"index, follow, max-snippet:-1, max-image-preview:large, max-video-preview:-1\" \/>\r\n<link rel=\"canonical\" href=\"https:\/\/paracherkaoui.ma\/index.php\/produit\/heliabrine-serum-fortifiant-cils-et-sourcils\/\" \/>\r\n<meta property=\"og:locale\" content=\"fr_FR\" \/>\r\n<meta property=\"og:type\" content=\"article\" \/>\r\n<meta property=\"og:title\" content=\"HELIABRINE SERUM FORTIFIANT CILS ET SOURCILS - Paracherkaoui.ma\" \/>\r\n<meta property=\"og:description\" content=\"Description: Ce s\u00e9rum fortifiant a \u00e9t\u00e9 con\u00e7u pour sublimer le regard en favorisant la pousse naturelle des cils et des\" \/>\r\n<meta property=\"og:url\" content=\"https:\/\/paracherkaoui.ma\/index.php\/produit\/heliabrine-serum-fortifiant-cils-et-sourcils\/\" \/>\r\n<meta property=\"og:site_name\" content=\"Paracherkaoui.ma\" \/>\r\n<meta property=\"article:modified_time\" content=\"2025-12-12T18:07:42+00:00\" \/>\r\n<meta property=\"og:image\" content=\"https:\/\/paracherkaoui.ma\/wp-content\/uploads\/2025\/12\/heliabrine-heliabrine-serum-fortifiant-cils-et-sourcils-yeux.jpg\" \/>\r\n\t<meta property=\"og:image:width\" content=\"700\" \/>\r\n\t<meta property=\"og:image:height\" content=\"700\" \/>\r\n\t<meta property=\"og:image:type\" content=\"image\/jpeg\" \/>\r\n<meta name=\"twitter:card\" content=\"summary_large_image\" \/>\r\n<meta name=\"twitter:label1\" content=\"Dur\u00e9e de lecture estim\u00e9e\" \/>\n\t<meta name=\"twitter:data1\" content=\"1 minute\" \/>\r\n<script type=\"application\/ld+json\" class=\"yoast-schema-graph\">{\"@context\":\"https:\/\/schema.org\",\"@graph\":[{\"@type\":\"WebPage\",\"@id\":\"https:\/\/paracherkaoui.ma\/index.php\/produit\/heliabrine-serum-fortifiant-cils-et-sourcils\/\",\"url\":\"https:\/\/paracherkaoui.ma\/index.php\/produit\/heliabrine-serum-fortifiant-cils-et-sourcils\/\",\"name\":\"HELIABRINE SERUM FORTIFIANT CILS ET SOURCILS - Paracherkaoui.ma\",\"isPartOf\":{\"@id\":\"https:\/\/paracherkaoui.ma\/#website\"},\"primaryImageOfPage\":{\"@id\":\"https:\/\/paracherkaoui.ma\/index.php\/produit\/heliabrine-serum-fortifiant-cils-et-sourcils\/#primaryimage\"},\"image\":{\"@id\":\"https:\/\/paracherkaoui.ma\/index.php\/produit\/heliabrine-serum-fortifiant-cils-et-sourcils\/#primaryimage\"},\"thumbnailUrl\":\"https:\/\/paracherkaoui.ma\/wp-content\/uploads\/2025\/12\/heliabrine-heliabrine-serum-fortifiant-cils-et-sourcils-yeux.jpg\",\"datePublished\":\"2025-12-12T18:07:38+00:00\",\"dateModified\":\"2025-12-12T18:07:42+00:00\",\"breadcrumb\":{\"@id\":\"https:\/\/paracherkaoui.ma\/index.php\/produit\/heliabrine-serum-fortifiant-cils-et-sourcils\/#breadcrumb\"},\"inLanguage\":\"fr-FR\",\"potentialAction\":[{\"@type\":\"ReadAction\",\"target\":[\"https:\/\/paracherkaoui.ma\/index.php\/produit\/heliabrine-serum-fortifiant-cils-et-sourcils\/\"]}]},{\"@type\":\"ImageObject\",\"inLanguage\":\"fr-FR\",\"@id\":\"https:\/\/paracherkaoui.ma\/index.php\/produit\/heliabrine-serum-fortifiant-cils-et-sourcils\/#primaryimage\",\"url\":\"https:\/\/paracherkaoui.ma\/wp-content\/uploads\/2025\/12\/heliabrine-heliabrine-serum-fortifiant-cils-et-sourcils-yeux.jpg\",\"contentUrl\":\"https:\/\/paracherkaoui.ma\/wp-content\/uploads\/2025\/12\/heliabrine-heliabrine-serum-fortifiant-cils-et-sourcils-yeux.jpg\",\"width\":700,\"height\":700},{\"@type\":\"BreadcrumbList\",\"@id\":\"https:\/\/paracherkaoui.ma\/index.php\/produit\/heliabrine-serum-fortifiant-cils-et-sourcils\/#breadcrumb\",\"itemListElement\":[{\"@type\":\"ListItem\",\"position\":1,\"name\":\"Accueil\",\"item\":\"https:\/\/paracherkaoui.ma\/\"},{\"@type\":\"ListItem\",\"position\":2,\"name\":\"Boutique\",\"item\":\"https:\/\/paracherkaoui.ma\/index.php\/boutique\/\"},{\"@type\":\"ListItem\",\"position\":3,\"name\":\"HELIABRINE SERUM FORTIFIANT CILS ET SOURCILS\"}]},{\"@type\":\"WebSite\",\"@id\":\"https:\/\/paracherkaoui.ma\/#website\",\"url\":\"https:\/\/paracherkaoui.ma\/\",\"name\":\"Paracherkaoui.ma\",\"description\":\"Achetez en ligne sur Paracherkaoui.ma\",\"potentialAction\":[{\"@type\":\"SearchAction\",\"target\":{\"@type\":\"EntryPoint\",\"urlTemplate\":\"https:\/\/paracherkaoui.ma\/?s={search_term_string}\"},\"query-input\":{\"@type\":\"PropertyValueSpecification\",\"valueRequired\":true,\"valueName\":\"search_term_string\"}}],\"inLanguage\":\"fr-FR\"}]}<\/script>\r\n<!-- \/ Yoast SEO plugin. -->","yoast_head_json":{"title":"HELIABRINE SERUM FORTIFIANT CILS ET SOURCILS - Paracherkaoui.ma","robots":{"index":"index","follow":"follow","max-snippet":"max-snippet:-1","max-image-preview":"max-image-preview:large","max-video-preview":"max-video-preview:-1"},"canonical":"https:\/\/paracherkaoui.ma\/index.php\/produit\/heliabrine-serum-fortifiant-cils-et-sourcils\/","og_locale":"fr_FR","og_type":"article","og_title":"HELIABRINE SERUM FORTIFIANT CILS ET SOURCILS - Paracherkaoui.ma","og_description":"Description: Ce s\u00e9rum fortifiant a \u00e9t\u00e9 con\u00e7u pour sublimer le regard en favorisant la pousse naturelle des cils et des","og_url":"https:\/\/paracherkaoui.ma\/index.php\/produit\/heliabrine-serum-fortifiant-cils-et-sourcils\/","og_site_name":"Paracherkaoui.ma","article_modified_time":"2025-12-12T18:07:42+00:00","og_image":[{"width":700,"height":700,"url":"https:\/\/paracherkaoui.ma\/wp-content\/uploads\/2025\/12\/heliabrine-heliabrine-serum-fortifiant-cils-et-sourcils-yeux.jpg","type":"image\/jpeg"}],"twitter_card":"summary_large_image","twitter_misc":{"Dur\u00e9e de lecture estim\u00e9e":"1 minute"},"schema":{"@context":"https:\/\/schema.org","@graph":[{"@type":"WebPage","@id":"https:\/\/paracherkaoui.ma\/index.php\/produit\/heliabrine-serum-fortifiant-cils-et-sourcils\/","url":"https:\/\/paracherkaoui.ma\/index.php\/produit\/heliabrine-serum-fortifiant-cils-et-sourcils\/","name":"HELIABRINE SERUM FORTIFIANT CILS ET SOURCILS - Paracherkaoui.ma","isPartOf":{"@id":"https:\/\/paracherkaoui.ma\/#website"},"primaryImageOfPage":{"@id":"https:\/\/paracherkaoui.ma\/index.php\/produit\/heliabrine-serum-fortifiant-cils-et-sourcils\/#primaryimage"},"image":{"@id":"https:\/\/paracherkaoui.ma\/index.php\/produit\/heliabrine-serum-fortifiant-cils-et-sourcils\/#primaryimage"},"thumbnailUrl":"https:\/\/paracherkaoui.ma\/wp-content\/uploads\/2025\/12\/heliabrine-heliabrine-serum-fortifiant-cils-et-sourcils-yeux.jpg","datePublished":"2025-12-12T18:07:38+00:00","dateModified":"2025-12-12T18:07:42+00:00","breadcrumb":{"@id":"https:\/\/paracherkaoui.ma\/index.php\/produit\/heliabrine-serum-fortifiant-cils-et-sourcils\/#breadcrumb"},"inLanguage":"fr-FR","potentialAction":[{"@type":"ReadAction","target":["https:\/\/paracherkaoui.ma\/index.php\/produit\/heliabrine-serum-fortifiant-cils-et-sourcils\/"]}]},{"@type":"ImageObject","inLanguage":"fr-FR","@id":"https:\/\/paracherkaoui.ma\/index.php\/produit\/heliabrine-serum-fortifiant-cils-et-sourcils\/#primaryimage","url":"https:\/\/paracherkaoui.ma\/wp-content\/uploads\/2025\/12\/heliabrine-heliabrine-serum-fortifiant-cils-et-sourcils-yeux.jpg","contentUrl":"https:\/\/paracherkaoui.ma\/wp-content\/uploads\/2025\/12\/heliabrine-heliabrine-serum-fortifiant-cils-et-sourcils-yeux.jpg","width":700,"height":700},{"@type":"BreadcrumbList","@id":"https:\/\/paracherkaoui.ma\/index.php\/produit\/heliabrine-serum-fortifiant-cils-et-sourcils\/#breadcrumb","itemListElement":[{"@type":"ListItem","position":1,"name":"Accueil","item":"https:\/\/paracherkaoui.ma\/"},{"@type":"ListItem","position":2,"name":"Boutique","item":"https:\/\/paracherkaoui.ma\/index.php\/boutique\/"},{"@type":"ListItem","position":3,"name":"HELIABRINE SERUM FORTIFIANT CILS ET SOURCILS"}]},{"@type":"WebSite","@id":"https:\/\/paracherkaoui.ma\/#website","url":"https:\/\/paracherkaoui.ma\/","name":"Paracherkaoui.ma","description":"Achetez en ligne sur Paracherkaoui.ma","potentialAction":[{"@type":"SearchAction","target":{"@type":"EntryPoint","urlTemplate":"https:\/\/paracherkaoui.ma\/?s={search_term_string}"},"query-input":{"@type":"PropertyValueSpecification","valueRequired":true,"valueName":"search_term_string"}}],"inLanguage":"fr-FR"}]}},"_links":{"self":[{"href":"https:\/\/paracherkaoui.ma\/index.php\/wp-json\/wp\/v2\/product\/41836","targetHints":{"allow":["GET"]}}],"collection":[{"href":"https:\/\/paracherkaoui.ma\/index.php\/wp-json\/wp\/v2\/product"}],"about":[{"href":"https:\/\/paracherkaoui.ma\/index.php\/wp-json\/wp\/v2\/types\/product"}],"replies":[{"embeddable":true,"href":"https:\/\/paracherkaoui.ma\/index.php\/wp-json\/wp\/v2\/comments?post=41836"}],"version-history":[{"count":1,"href":"https:\/\/paracherkaoui.ma\/index.php\/wp-json\/wp\/v2\/product\/41836\/revisions"}],"predecessor-version":[{"id":41875,"href":"https:\/\/paracherkaoui.ma\/index.php\/wp-json\/wp\/v2\/product\/41836\/revisions\/41875"}],"wp:featuredmedia":[{"embeddable":true,"href":"https:\/\/paracherkaoui.ma\/index.php\/wp-json\/wp\/v2\/media\/41874"}],"wp:attachment":[{"href":"https:\/\/paracherkaoui.ma\/index.php\/wp-json\/wp\/v2\/media?parent=41836"}],"wp:term":[{"taxonomy":"product_brand","embeddable":true,"href":"https:\/\/paracherkaoui.ma\/index.php\/wp-json\/wp\/v2\/product_brand?post=41836"},{"taxonomy":"product_cat","embeddable":true,"href":"https:\/\/paracherkaoui.ma\/index.php\/wp-json\/wp\/v2\/product_cat?post=41836"},{"taxonomy":"product_tag","embeddable":true,"href":"https:\/\/paracherkaoui.ma\/index.php\/wp-json\/wp\/v2\/product_tag?post=41836"}],"curies":[{"name":"wp","href":"https:\/\/api.w.org\/{rel}","templated":true}]}}