{"id":41712,"date":"2025-12-12T19:07:16","date_gmt":"2025-12-12T18:07:16","guid":{"rendered":"https:\/\/test.ecbeaute.com\/?post_type=product&#038;p=41712"},"modified":"2025-12-12T19:07:21","modified_gmt":"2025-12-12T18:07:21","slug":"so-bio-crayon-pour-les-yeux-n-01-noir","status":"publish","type":"product","link":"https:\/\/paracherkaoui.ma\/index.php\/produit\/so-bio-crayon-pour-les-yeux-n-01-noir\/","title":{"rendered":"SO BIO CRAYON POUR LES YEUX N 01 Noir"},"content":{"rendered":"<p>Description<br \/>\nD\u00e9couvrez le crayon yeux certifi\u00e9 bio Pr\u00e9cision de SO\u2019BiO \u00e9tic\u00ae, pour souligner votre regard d\u2019un seul trait. D\u00e9velopp\u00e9 dans une texture douce et ultra fondante, qui glisse le long des cils. Le crayon yeux Pr\u00e9cision vous apporte une r\u00e9elle sensation de confort \u00e0 l\u2019application gr\u00e2ce \u00e0 sa formule enrichie en huile de ricin, traditionnellement utilis\u00e9e pour fortifier et r\u00e9g\u00e9n\u00e9rer les cils.<br \/>\nConseils d\u2019utilisation:<br \/>\nTracer un trait avec le crayon yeux Pr\u00e9cision certifi\u00e9 bio SO\u2019BiO \u00e9tic\u00ae plus ou moins \u00e9pais \u00e0 la racine des cils inf\u00e9rieurs ou sup\u00e9rieurs selon le r\u00e9sultat souhait\u00e9.<\/p>\n","protected":false},"excerpt":{"rendered":"<p>Description D\u00e9couvrez le crayon yeux certifi\u00e9 bio Pr\u00e9cision de SO\u2019BiO \u00e9tic\u00ae, pour souligner votre regard d\u2019un seul trait. D\u00e9velopp\u00e9 dans<\/p>\n","protected":false},"featured_media":41761,"comment_status":"open","ping_status":"closed","template":"","meta":[],"product_brand":[212],"product_cat":[708],"product_tag":[],"class_list":{"0":"post-41712","1":"product","2":"type-product","3":"status-publish","4":"has-post-thumbnail","6":"product_brand-so-bio","7":"product_cat-yeux-et-sourcils","9":"first","10":"instock","11":"shipping-taxable","12":"purchasable","13":"product-type-simple"},"yoast_head":"<!-- This site is optimized with the Yoast SEO plugin v26.6 - https:\/\/yoast.com\/wordpress\/plugins\/seo\/ -->\r\n<title>SO BIO CRAYON POUR LES YEUX N 01 Noir - Paracherkaoui.ma<\/title>\r\n<meta name=\"robots\" content=\"index, follow, max-snippet:-1, max-image-preview:large, max-video-preview:-1\" \/>\r\n<link rel=\"canonical\" href=\"https:\/\/paracherkaoui.ma\/index.php\/produit\/so-bio-crayon-pour-les-yeux-n-01-noir\/\" \/>\r\n<meta property=\"og:locale\" content=\"fr_FR\" \/>\r\n<meta property=\"og:type\" content=\"article\" \/>\r\n<meta property=\"og:title\" content=\"SO BIO CRAYON POUR LES YEUX N 01 Noir - Paracherkaoui.ma\" \/>\r\n<meta property=\"og:description\" content=\"Description D\u00e9couvrez le crayon yeux certifi\u00e9 bio Pr\u00e9cision de SO\u2019BiO \u00e9tic\u00ae, pour souligner votre regard d\u2019un seul trait. D\u00e9velopp\u00e9 dans\" \/>\r\n<meta property=\"og:url\" content=\"https:\/\/paracherkaoui.ma\/index.php\/produit\/so-bio-crayon-pour-les-yeux-n-01-noir\/\" \/>\r\n<meta property=\"og:site_name\" content=\"Paracherkaoui.ma\" \/>\r\n<meta property=\"article:modified_time\" content=\"2025-12-12T18:07:21+00:00\" \/>\r\n<meta property=\"og:image\" content=\"https:\/\/paracherkaoui.ma\/wp-content\/uploads\/2025\/12\/so-bio-crayon-pour-les-yeux-n-01-noir.jpg\" \/>\r\n\t<meta property=\"og:image:width\" content=\"700\" \/>\r\n\t<meta property=\"og:image:height\" content=\"700\" \/>\r\n\t<meta property=\"og:image:type\" content=\"image\/jpeg\" \/>\r\n<meta name=\"twitter:card\" content=\"summary_large_image\" \/>\r\n<meta name=\"twitter:label1\" content=\"Dur\u00e9e de lecture estim\u00e9e\" \/>\n\t<meta name=\"twitter:data1\" content=\"1 minute\" \/>\r\n<script type=\"application\/ld+json\" class=\"yoast-schema-graph\">{\"@context\":\"https:\/\/schema.org\",\"@graph\":[{\"@type\":\"WebPage\",\"@id\":\"https:\/\/paracherkaoui.ma\/index.php\/produit\/so-bio-crayon-pour-les-yeux-n-01-noir\/\",\"url\":\"https:\/\/paracherkaoui.ma\/index.php\/produit\/so-bio-crayon-pour-les-yeux-n-01-noir\/\",\"name\":\"SO BIO CRAYON POUR LES YEUX N 01 Noir - Paracherkaoui.ma\",\"isPartOf\":{\"@id\":\"https:\/\/paracherkaoui.ma\/#website\"},\"primaryImageOfPage\":{\"@id\":\"https:\/\/paracherkaoui.ma\/index.php\/produit\/so-bio-crayon-pour-les-yeux-n-01-noir\/#primaryimage\"},\"image\":{\"@id\":\"https:\/\/paracherkaoui.ma\/index.php\/produit\/so-bio-crayon-pour-les-yeux-n-01-noir\/#primaryimage\"},\"thumbnailUrl\":\"https:\/\/paracherkaoui.ma\/wp-content\/uploads\/2025\/12\/so-bio-crayon-pour-les-yeux-n-01-noir.jpg\",\"datePublished\":\"2025-12-12T18:07:16+00:00\",\"dateModified\":\"2025-12-12T18:07:21+00:00\",\"breadcrumb\":{\"@id\":\"https:\/\/paracherkaoui.ma\/index.php\/produit\/so-bio-crayon-pour-les-yeux-n-01-noir\/#breadcrumb\"},\"inLanguage\":\"fr-FR\",\"potentialAction\":[{\"@type\":\"ReadAction\",\"target\":[\"https:\/\/paracherkaoui.ma\/index.php\/produit\/so-bio-crayon-pour-les-yeux-n-01-noir\/\"]}]},{\"@type\":\"ImageObject\",\"inLanguage\":\"fr-FR\",\"@id\":\"https:\/\/paracherkaoui.ma\/index.php\/produit\/so-bio-crayon-pour-les-yeux-n-01-noir\/#primaryimage\",\"url\":\"https:\/\/paracherkaoui.ma\/wp-content\/uploads\/2025\/12\/so-bio-crayon-pour-les-yeux-n-01-noir.jpg\",\"contentUrl\":\"https:\/\/paracherkaoui.ma\/wp-content\/uploads\/2025\/12\/so-bio-crayon-pour-les-yeux-n-01-noir.jpg\",\"width\":700,\"height\":700},{\"@type\":\"BreadcrumbList\",\"@id\":\"https:\/\/paracherkaoui.ma\/index.php\/produit\/so-bio-crayon-pour-les-yeux-n-01-noir\/#breadcrumb\",\"itemListElement\":[{\"@type\":\"ListItem\",\"position\":1,\"name\":\"Accueil\",\"item\":\"https:\/\/paracherkaoui.ma\/\"},{\"@type\":\"ListItem\",\"position\":2,\"name\":\"Boutique\",\"item\":\"https:\/\/paracherkaoui.ma\/index.php\/boutique\/\"},{\"@type\":\"ListItem\",\"position\":3,\"name\":\"SO BIO CRAYON POUR LES YEUX N 01 Noir\"}]},{\"@type\":\"WebSite\",\"@id\":\"https:\/\/paracherkaoui.ma\/#website\",\"url\":\"https:\/\/paracherkaoui.ma\/\",\"name\":\"Paracherkaoui.ma\",\"description\":\"Achetez en ligne sur Paracherkaoui.ma\",\"potentialAction\":[{\"@type\":\"SearchAction\",\"target\":{\"@type\":\"EntryPoint\",\"urlTemplate\":\"https:\/\/paracherkaoui.ma\/?s={search_term_string}\"},\"query-input\":{\"@type\":\"PropertyValueSpecification\",\"valueRequired\":true,\"valueName\":\"search_term_string\"}}],\"inLanguage\":\"fr-FR\"}]}<\/script>\r\n<!-- \/ Yoast SEO plugin. -->","yoast_head_json":{"title":"SO BIO CRAYON POUR LES YEUX N 01 Noir - Paracherkaoui.ma","robots":{"index":"index","follow":"follow","max-snippet":"max-snippet:-1","max-image-preview":"max-image-preview:large","max-video-preview":"max-video-preview:-1"},"canonical":"https:\/\/paracherkaoui.ma\/index.php\/produit\/so-bio-crayon-pour-les-yeux-n-01-noir\/","og_locale":"fr_FR","og_type":"article","og_title":"SO BIO CRAYON POUR LES YEUX N 01 Noir - Paracherkaoui.ma","og_description":"Description D\u00e9couvrez le crayon yeux certifi\u00e9 bio Pr\u00e9cision de SO\u2019BiO \u00e9tic\u00ae, pour souligner votre regard d\u2019un seul trait. D\u00e9velopp\u00e9 dans","og_url":"https:\/\/paracherkaoui.ma\/index.php\/produit\/so-bio-crayon-pour-les-yeux-n-01-noir\/","og_site_name":"Paracherkaoui.ma","article_modified_time":"2025-12-12T18:07:21+00:00","og_image":[{"width":700,"height":700,"url":"https:\/\/paracherkaoui.ma\/wp-content\/uploads\/2025\/12\/so-bio-crayon-pour-les-yeux-n-01-noir.jpg","type":"image\/jpeg"}],"twitter_card":"summary_large_image","twitter_misc":{"Dur\u00e9e de lecture estim\u00e9e":"1 minute"},"schema":{"@context":"https:\/\/schema.org","@graph":[{"@type":"WebPage","@id":"https:\/\/paracherkaoui.ma\/index.php\/produit\/so-bio-crayon-pour-les-yeux-n-01-noir\/","url":"https:\/\/paracherkaoui.ma\/index.php\/produit\/so-bio-crayon-pour-les-yeux-n-01-noir\/","name":"SO BIO CRAYON POUR LES YEUX N 01 Noir - Paracherkaoui.ma","isPartOf":{"@id":"https:\/\/paracherkaoui.ma\/#website"},"primaryImageOfPage":{"@id":"https:\/\/paracherkaoui.ma\/index.php\/produit\/so-bio-crayon-pour-les-yeux-n-01-noir\/#primaryimage"},"image":{"@id":"https:\/\/paracherkaoui.ma\/index.php\/produit\/so-bio-crayon-pour-les-yeux-n-01-noir\/#primaryimage"},"thumbnailUrl":"https:\/\/paracherkaoui.ma\/wp-content\/uploads\/2025\/12\/so-bio-crayon-pour-les-yeux-n-01-noir.jpg","datePublished":"2025-12-12T18:07:16+00:00","dateModified":"2025-12-12T18:07:21+00:00","breadcrumb":{"@id":"https:\/\/paracherkaoui.ma\/index.php\/produit\/so-bio-crayon-pour-les-yeux-n-01-noir\/#breadcrumb"},"inLanguage":"fr-FR","potentialAction":[{"@type":"ReadAction","target":["https:\/\/paracherkaoui.ma\/index.php\/produit\/so-bio-crayon-pour-les-yeux-n-01-noir\/"]}]},{"@type":"ImageObject","inLanguage":"fr-FR","@id":"https:\/\/paracherkaoui.ma\/index.php\/produit\/so-bio-crayon-pour-les-yeux-n-01-noir\/#primaryimage","url":"https:\/\/paracherkaoui.ma\/wp-content\/uploads\/2025\/12\/so-bio-crayon-pour-les-yeux-n-01-noir.jpg","contentUrl":"https:\/\/paracherkaoui.ma\/wp-content\/uploads\/2025\/12\/so-bio-crayon-pour-les-yeux-n-01-noir.jpg","width":700,"height":700},{"@type":"BreadcrumbList","@id":"https:\/\/paracherkaoui.ma\/index.php\/produit\/so-bio-crayon-pour-les-yeux-n-01-noir\/#breadcrumb","itemListElement":[{"@type":"ListItem","position":1,"name":"Accueil","item":"https:\/\/paracherkaoui.ma\/"},{"@type":"ListItem","position":2,"name":"Boutique","item":"https:\/\/paracherkaoui.ma\/index.php\/boutique\/"},{"@type":"ListItem","position":3,"name":"SO BIO CRAYON POUR LES YEUX N 01 Noir"}]},{"@type":"WebSite","@id":"https:\/\/paracherkaoui.ma\/#website","url":"https:\/\/paracherkaoui.ma\/","name":"Paracherkaoui.ma","description":"Achetez en ligne sur Paracherkaoui.ma","potentialAction":[{"@type":"SearchAction","target":{"@type":"EntryPoint","urlTemplate":"https:\/\/paracherkaoui.ma\/?s={search_term_string}"},"query-input":{"@type":"PropertyValueSpecification","valueRequired":true,"valueName":"search_term_string"}}],"inLanguage":"fr-FR"}]}},"_links":{"self":[{"href":"https:\/\/paracherkaoui.ma\/index.php\/wp-json\/wp\/v2\/product\/41712","targetHints":{"allow":["GET"]}}],"collection":[{"href":"https:\/\/paracherkaoui.ma\/index.php\/wp-json\/wp\/v2\/product"}],"about":[{"href":"https:\/\/paracherkaoui.ma\/index.php\/wp-json\/wp\/v2\/types\/product"}],"replies":[{"embeddable":true,"href":"https:\/\/paracherkaoui.ma\/index.php\/wp-json\/wp\/v2\/comments?post=41712"}],"version-history":[{"count":1,"href":"https:\/\/paracherkaoui.ma\/index.php\/wp-json\/wp\/v2\/product\/41712\/revisions"}],"predecessor-version":[{"id":41762,"href":"https:\/\/paracherkaoui.ma\/index.php\/wp-json\/wp\/v2\/product\/41712\/revisions\/41762"}],"wp:featuredmedia":[{"embeddable":true,"href":"https:\/\/paracherkaoui.ma\/index.php\/wp-json\/wp\/v2\/media\/41761"}],"wp:attachment":[{"href":"https:\/\/paracherkaoui.ma\/index.php\/wp-json\/wp\/v2\/media?parent=41712"}],"wp:term":[{"taxonomy":"product_brand","embeddable":true,"href":"https:\/\/paracherkaoui.ma\/index.php\/wp-json\/wp\/v2\/product_brand?post=41712"},{"taxonomy":"product_cat","embeddable":true,"href":"https:\/\/paracherkaoui.ma\/index.php\/wp-json\/wp\/v2\/product_cat?post=41712"},{"taxonomy":"product_tag","embeddable":true,"href":"https:\/\/paracherkaoui.ma\/index.php\/wp-json\/wp\/v2\/product_tag?post=41712"}],"curies":[{"name":"wp","href":"https:\/\/api.w.org\/{rel}","templated":true}]}}