{"id":41516,"date":"2025-12-12T19:06:53","date_gmt":"2025-12-12T18:06:53","guid":{"rendered":"https:\/\/test.ecbeaute.com\/?post_type=product&#038;p=41516"},"modified":"2025-12-12T19:06:56","modified_gmt":"2025-12-12T18:06:56","slug":"revitalash-advanced-soin-cils-2ml","status":"publish","type":"product","link":"https:\/\/paracherkaoui.ma\/index.php\/produit\/revitalash-advanced-soin-cils-2ml\/","title":{"rendered":"REVITALASH ADVANCED SOIN CILS 2ML"},"content":{"rendered":"<p>REVITALASH<br \/>\nAdvanced soin pour cils<br \/>\nDestin\u00e9 \u00e0 a m\u00e9liorer l&rsquo;aspect des cils<br \/>\nLes cils paraissent plus fournis<br \/>\nSoin pour 3 mois<br \/>\n2ml<br \/>\nLa formule RevitaLash\u00ae Advanced contient un m\u00e9lange brevet\u00e9 de divers ingr\u00e9dients cosm\u00e9tiques fonctionnels mis au point par Athena Cosmetics.<br \/>\nM\u00e9lang\u00e9s \u00e0 une infusion de peptides puissants et d&rsquo;extraits de plantes apaisantes, RevitaLash\u00ae Advanced est destin\u00e9 aux cils.<br \/>\nIl suffit d&rsquo;appliquer quotidiennement un simple trait au ras des cils pour\u00a0 qu&rsquo;ils paraissent plus nourris, plus forts et plus fournis.<\/p>\n<p>Reconnu comme un des leaders de l&rsquo;industrie de la beaut\u00e9, RevitaLash\u00ae Advanced a re\u00e7u de multiples louanges des magazines de mode et de beaut\u00e9.<br \/>\nExtraits botaniques : racine de Ginseng, Chou palmiste, feuille de Camellia, fleur de Calendula, Swertia Japonica.<br \/>\nPour un r\u00e9sultat optimal, nous vous conseillons de suivre ces quelques recommandations :<br \/>\n1) Utilisez le Revitalash Advanced CHAQUE SOIR et SANS EXCEPTION.<br \/>\nUn des secrets du r\u00e9sultat spectaculaire de Revitalash Advanced r\u00e9side dans la REGULARITE d&rsquo;utilisation.<br \/>\n2) D\u00e9maquillez-vous et ensuite, comme un rituel une fois par jour, au coucher, appliquez un trait fin de Revitalash Advanced directement \u00e0 la base de vos cils, au dessus du niveau de votre peau (un trait suffit).<br \/>\n3) Si jamais un peu de produit entre par m\u00e9garde dans l&rsquo;oeil, ceci n&rsquo;a pas d&rsquo;effet secondaire.<br \/>\nIl vous suffit simplement d&rsquo;essuyer le coin de l&rsquo;oeil avec votre doigt et les larmes naturellement pr\u00e9sentes dans vos yeux feront le reste !<br \/>\nIl n&rsquo;y a AUCUN DANGER pour l&rsquo;oeil.<\/p>\n","protected":false},"excerpt":{"rendered":"<p>REVITALASH Advanced soin pour cils Destin\u00e9 \u00e0 a m\u00e9liorer l&rsquo;aspect des cils Les cils paraissent plus fournis Soin pour 3<\/p>\n","protected":false},"featured_media":41550,"comment_status":"open","ping_status":"closed","template":"","meta":[],"product_brand":[242],"product_cat":[708],"product_tag":[],"class_list":{"0":"post-41516","1":"product","2":"type-product","3":"status-publish","4":"has-post-thumbnail","6":"product_brand-revitalash","7":"product_cat-yeux-et-sourcils","9":"first","10":"instock","11":"shipping-taxable","12":"purchasable","13":"product-type-simple"},"yoast_head":"<!-- This site is optimized with the Yoast SEO plugin v26.6 - https:\/\/yoast.com\/wordpress\/plugins\/seo\/ -->\r\n<title>REVITALASH ADVANCED SOIN CILS 2ML - Paracherkaoui.ma<\/title>\r\n<meta name=\"robots\" content=\"index, follow, max-snippet:-1, max-image-preview:large, max-video-preview:-1\" \/>\r\n<link rel=\"canonical\" href=\"https:\/\/paracherkaoui.ma\/index.php\/produit\/revitalash-advanced-soin-cils-2ml\/\" \/>\r\n<meta property=\"og:locale\" content=\"fr_FR\" \/>\r\n<meta property=\"og:type\" content=\"article\" \/>\r\n<meta property=\"og:title\" content=\"REVITALASH ADVANCED SOIN CILS 2ML - Paracherkaoui.ma\" \/>\r\n<meta property=\"og:description\" content=\"REVITALASH Advanced soin pour cils Destin\u00e9 \u00e0 a m\u00e9liorer l&rsquo;aspect des cils Les cils paraissent plus fournis Soin pour 3\" \/>\r\n<meta property=\"og:url\" content=\"https:\/\/paracherkaoui.ma\/index.php\/produit\/revitalash-advanced-soin-cils-2ml\/\" \/>\r\n<meta property=\"og:site_name\" content=\"Paracherkaoui.ma\" \/>\r\n<meta property=\"article:modified_time\" content=\"2025-12-12T18:06:56+00:00\" \/>\r\n<meta property=\"og:image\" content=\"https:\/\/paracherkaoui.ma\/wp-content\/uploads\/2025\/12\/revitalash-revitalash-advanced-soin-cils-2ml-yeux.jpg\" \/>\r\n\t<meta property=\"og:image:width\" content=\"700\" \/>\r\n\t<meta property=\"og:image:height\" content=\"700\" \/>\r\n\t<meta property=\"og:image:type\" content=\"image\/jpeg\" \/>\r\n<meta name=\"twitter:card\" content=\"summary_large_image\" \/>\r\n<meta name=\"twitter:label1\" content=\"Dur\u00e9e de lecture estim\u00e9e\" \/>\n\t<meta name=\"twitter:data1\" content=\"1 minute\" \/>\r\n<script type=\"application\/ld+json\" class=\"yoast-schema-graph\">{\"@context\":\"https:\/\/schema.org\",\"@graph\":[{\"@type\":\"WebPage\",\"@id\":\"https:\/\/paracherkaoui.ma\/index.php\/produit\/revitalash-advanced-soin-cils-2ml\/\",\"url\":\"https:\/\/paracherkaoui.ma\/index.php\/produit\/revitalash-advanced-soin-cils-2ml\/\",\"name\":\"REVITALASH ADVANCED SOIN CILS 2ML - Paracherkaoui.ma\",\"isPartOf\":{\"@id\":\"https:\/\/paracherkaoui.ma\/#website\"},\"primaryImageOfPage\":{\"@id\":\"https:\/\/paracherkaoui.ma\/index.php\/produit\/revitalash-advanced-soin-cils-2ml\/#primaryimage\"},\"image\":{\"@id\":\"https:\/\/paracherkaoui.ma\/index.php\/produit\/revitalash-advanced-soin-cils-2ml\/#primaryimage\"},\"thumbnailUrl\":\"https:\/\/paracherkaoui.ma\/wp-content\/uploads\/2025\/12\/revitalash-revitalash-advanced-soin-cils-2ml-yeux.jpg\",\"datePublished\":\"2025-12-12T18:06:53+00:00\",\"dateModified\":\"2025-12-12T18:06:56+00:00\",\"breadcrumb\":{\"@id\":\"https:\/\/paracherkaoui.ma\/index.php\/produit\/revitalash-advanced-soin-cils-2ml\/#breadcrumb\"},\"inLanguage\":\"fr-FR\",\"potentialAction\":[{\"@type\":\"ReadAction\",\"target\":[\"https:\/\/paracherkaoui.ma\/index.php\/produit\/revitalash-advanced-soin-cils-2ml\/\"]}]},{\"@type\":\"ImageObject\",\"inLanguage\":\"fr-FR\",\"@id\":\"https:\/\/paracherkaoui.ma\/index.php\/produit\/revitalash-advanced-soin-cils-2ml\/#primaryimage\",\"url\":\"https:\/\/paracherkaoui.ma\/wp-content\/uploads\/2025\/12\/revitalash-revitalash-advanced-soin-cils-2ml-yeux.jpg\",\"contentUrl\":\"https:\/\/paracherkaoui.ma\/wp-content\/uploads\/2025\/12\/revitalash-revitalash-advanced-soin-cils-2ml-yeux.jpg\",\"width\":700,\"height\":700},{\"@type\":\"BreadcrumbList\",\"@id\":\"https:\/\/paracherkaoui.ma\/index.php\/produit\/revitalash-advanced-soin-cils-2ml\/#breadcrumb\",\"itemListElement\":[{\"@type\":\"ListItem\",\"position\":1,\"name\":\"Accueil\",\"item\":\"https:\/\/paracherkaoui.ma\/\"},{\"@type\":\"ListItem\",\"position\":2,\"name\":\"Boutique\",\"item\":\"https:\/\/paracherkaoui.ma\/index.php\/boutique\/\"},{\"@type\":\"ListItem\",\"position\":3,\"name\":\"REVITALASH ADVANCED SOIN CILS 2ML\"}]},{\"@type\":\"WebSite\",\"@id\":\"https:\/\/paracherkaoui.ma\/#website\",\"url\":\"https:\/\/paracherkaoui.ma\/\",\"name\":\"Paracherkaoui.ma\",\"description\":\"Achetez en ligne sur Paracherkaoui.ma\",\"potentialAction\":[{\"@type\":\"SearchAction\",\"target\":{\"@type\":\"EntryPoint\",\"urlTemplate\":\"https:\/\/paracherkaoui.ma\/?s={search_term_string}\"},\"query-input\":{\"@type\":\"PropertyValueSpecification\",\"valueRequired\":true,\"valueName\":\"search_term_string\"}}],\"inLanguage\":\"fr-FR\"}]}<\/script>\r\n<!-- \/ Yoast SEO plugin. -->","yoast_head_json":{"title":"REVITALASH ADVANCED SOIN CILS 2ML - Paracherkaoui.ma","robots":{"index":"index","follow":"follow","max-snippet":"max-snippet:-1","max-image-preview":"max-image-preview:large","max-video-preview":"max-video-preview:-1"},"canonical":"https:\/\/paracherkaoui.ma\/index.php\/produit\/revitalash-advanced-soin-cils-2ml\/","og_locale":"fr_FR","og_type":"article","og_title":"REVITALASH ADVANCED SOIN CILS 2ML - Paracherkaoui.ma","og_description":"REVITALASH Advanced soin pour cils Destin\u00e9 \u00e0 a m\u00e9liorer l&rsquo;aspect des cils Les cils paraissent plus fournis Soin pour 3","og_url":"https:\/\/paracherkaoui.ma\/index.php\/produit\/revitalash-advanced-soin-cils-2ml\/","og_site_name":"Paracherkaoui.ma","article_modified_time":"2025-12-12T18:06:56+00:00","og_image":[{"width":700,"height":700,"url":"https:\/\/paracherkaoui.ma\/wp-content\/uploads\/2025\/12\/revitalash-revitalash-advanced-soin-cils-2ml-yeux.jpg","type":"image\/jpeg"}],"twitter_card":"summary_large_image","twitter_misc":{"Dur\u00e9e de lecture estim\u00e9e":"1 minute"},"schema":{"@context":"https:\/\/schema.org","@graph":[{"@type":"WebPage","@id":"https:\/\/paracherkaoui.ma\/index.php\/produit\/revitalash-advanced-soin-cils-2ml\/","url":"https:\/\/paracherkaoui.ma\/index.php\/produit\/revitalash-advanced-soin-cils-2ml\/","name":"REVITALASH ADVANCED SOIN CILS 2ML - Paracherkaoui.ma","isPartOf":{"@id":"https:\/\/paracherkaoui.ma\/#website"},"primaryImageOfPage":{"@id":"https:\/\/paracherkaoui.ma\/index.php\/produit\/revitalash-advanced-soin-cils-2ml\/#primaryimage"},"image":{"@id":"https:\/\/paracherkaoui.ma\/index.php\/produit\/revitalash-advanced-soin-cils-2ml\/#primaryimage"},"thumbnailUrl":"https:\/\/paracherkaoui.ma\/wp-content\/uploads\/2025\/12\/revitalash-revitalash-advanced-soin-cils-2ml-yeux.jpg","datePublished":"2025-12-12T18:06:53+00:00","dateModified":"2025-12-12T18:06:56+00:00","breadcrumb":{"@id":"https:\/\/paracherkaoui.ma\/index.php\/produit\/revitalash-advanced-soin-cils-2ml\/#breadcrumb"},"inLanguage":"fr-FR","potentialAction":[{"@type":"ReadAction","target":["https:\/\/paracherkaoui.ma\/index.php\/produit\/revitalash-advanced-soin-cils-2ml\/"]}]},{"@type":"ImageObject","inLanguage":"fr-FR","@id":"https:\/\/paracherkaoui.ma\/index.php\/produit\/revitalash-advanced-soin-cils-2ml\/#primaryimage","url":"https:\/\/paracherkaoui.ma\/wp-content\/uploads\/2025\/12\/revitalash-revitalash-advanced-soin-cils-2ml-yeux.jpg","contentUrl":"https:\/\/paracherkaoui.ma\/wp-content\/uploads\/2025\/12\/revitalash-revitalash-advanced-soin-cils-2ml-yeux.jpg","width":700,"height":700},{"@type":"BreadcrumbList","@id":"https:\/\/paracherkaoui.ma\/index.php\/produit\/revitalash-advanced-soin-cils-2ml\/#breadcrumb","itemListElement":[{"@type":"ListItem","position":1,"name":"Accueil","item":"https:\/\/paracherkaoui.ma\/"},{"@type":"ListItem","position":2,"name":"Boutique","item":"https:\/\/paracherkaoui.ma\/index.php\/boutique\/"},{"@type":"ListItem","position":3,"name":"REVITALASH ADVANCED SOIN CILS 2ML"}]},{"@type":"WebSite","@id":"https:\/\/paracherkaoui.ma\/#website","url":"https:\/\/paracherkaoui.ma\/","name":"Paracherkaoui.ma","description":"Achetez en ligne sur Paracherkaoui.ma","potentialAction":[{"@type":"SearchAction","target":{"@type":"EntryPoint","urlTemplate":"https:\/\/paracherkaoui.ma\/?s={search_term_string}"},"query-input":{"@type":"PropertyValueSpecification","valueRequired":true,"valueName":"search_term_string"}}],"inLanguage":"fr-FR"}]}},"_links":{"self":[{"href":"https:\/\/paracherkaoui.ma\/index.php\/wp-json\/wp\/v2\/product\/41516","targetHints":{"allow":["GET"]}}],"collection":[{"href":"https:\/\/paracherkaoui.ma\/index.php\/wp-json\/wp\/v2\/product"}],"about":[{"href":"https:\/\/paracherkaoui.ma\/index.php\/wp-json\/wp\/v2\/types\/product"}],"replies":[{"embeddable":true,"href":"https:\/\/paracherkaoui.ma\/index.php\/wp-json\/wp\/v2\/comments?post=41516"}],"version-history":[{"count":1,"href":"https:\/\/paracherkaoui.ma\/index.php\/wp-json\/wp\/v2\/product\/41516\/revisions"}],"predecessor-version":[{"id":41551,"href":"https:\/\/paracherkaoui.ma\/index.php\/wp-json\/wp\/v2\/product\/41516\/revisions\/41551"}],"wp:featuredmedia":[{"embeddable":true,"href":"https:\/\/paracherkaoui.ma\/index.php\/wp-json\/wp\/v2\/media\/41550"}],"wp:attachment":[{"href":"https:\/\/paracherkaoui.ma\/index.php\/wp-json\/wp\/v2\/media?parent=41516"}],"wp:term":[{"taxonomy":"product_brand","embeddable":true,"href":"https:\/\/paracherkaoui.ma\/index.php\/wp-json\/wp\/v2\/product_brand?post=41516"},{"taxonomy":"product_cat","embeddable":true,"href":"https:\/\/paracherkaoui.ma\/index.php\/wp-json\/wp\/v2\/product_cat?post=41516"},{"taxonomy":"product_tag","embeddable":true,"href":"https:\/\/paracherkaoui.ma\/index.php\/wp-json\/wp\/v2\/product_tag?post=41516"}],"curies":[{"name":"wp","href":"https:\/\/api.w.org\/{rel}","templated":true}]}}