{"id":41065,"date":"2025-12-12T19:05:58","date_gmt":"2025-12-12T18:05:58","guid":{"rendered":"https:\/\/test.ecbeaute.com\/?post_type=product&#038;p=41065"},"modified":"2025-12-12T19:06:01","modified_gmt":"2025-12-12T18:06:01","slug":"isdin-si-nails-stylo-soin-des-ongles-2-5-ml-3","status":"publish","type":"product","link":"https:\/\/paracherkaoui.ma\/index.php\/produit\/isdin-si-nails-stylo-soin-des-ongles-2-5-ml-3\/","title":{"rendered":"ISDIN SI NAILS STYLO SOIN DES ONGLES 2.5 ML"},"content":{"rendered":"<p>Des r\u00e9sultats visibles en 14 jours<br \/>\nL&rsquo;efficacit\u00e9 du stylo ISDIN Si-Nails est cliniquement prouv\u00e9e, avec des r\u00e9sultats perceptibles d\u00e8s deux semaines d&rsquo;utilisation r\u00e9guli\u00e8re. Les ongles apparaissent plus forts, plus \u00e9pais et plus sains, retrouvant leur \u00e9clat naturel.<br \/>\nRiche en actifs b\u00e9n\u00e9fiques<br \/>\nLa formule du stylo ISDIN Si-Nails combine plusieurs ingr\u00e9dients cl\u00e9s :<br \/>\nAcide hyaluronique cationique : Cet ingr\u00e9dient poss\u00e8de une forte affinit\u00e9 avec la peau, les cheveux et les ongles, permettant de maintenir une hydratation optimale des cuticules sur une dur\u00e9e prolong\u00e9e.<br \/>\nHuile de pistachier lentisque (Pistacia Lentiscus) : Elle stimule la synth\u00e8se des k\u00e9ratines dures et des prot\u00e9ines associ\u00e9es, augmentant ainsi l&rsquo;\u00e9paisseur des ongles et les renfor\u00e7ant.<br \/>\nSilicium organique : Facilement absorb\u00e9 par les ongles, il favorise leur croissance et am\u00e9liore leur qualit\u00e9 globale.<br \/>\nConseils d&rsquo;utilisation<br \/>\nPour tirer le meilleur parti du stylo ISDIN Si-Nails, il est recommand\u00e9 de l&rsquo;appliquer quotidiennement sur des ongles propres et secs, d\u00e9pourvus de vernis. Utilisez le pinceau pour appliquer le produit sur tout le contour de l&rsquo;ongle et de la cuticule, en effectuant des mouvements verticaux de l&rsquo;int\u00e9rieur vers l&rsquo;ext\u00e9rieur afin de couvrir toute la surface de l&rsquo;ongle. Si possible, appliquez \u00e9galement le produit sous l&rsquo;ongle pour une action renforc\u00e9e.<br \/>\nGr\u00e2ce \u00e0 sa finition invisible et \u00e0 son application ais\u00e9e, le stylo ISDIN Si-Nails s&rsquo;int\u00e8gre facilement dans votre routine quotidienne, vous permettant de retrouver des ongles forts, sains et naturellement beaux en un rien de temps.<br \/>\nComposition<br \/>\nAqua, Alcohol Denat., Silanetriol, Pistacia Lentiscus (Mastic) Gum, Sodium Hyaluronate, Caprylyl Glycol, Carbomer, Triethanolamine, Parfum.<\/p>\n","protected":false},"excerpt":{"rendered":"<p>Des r\u00e9sultats visibles en 14 jours L&rsquo;efficacit\u00e9 du stylo ISDIN Si-Nails est cliniquement prouv\u00e9e, avec des r\u00e9sultats perceptibles d\u00e8s deux<\/p>\n","protected":false},"featured_media":14416,"comment_status":"open","ping_status":"closed","template":"","meta":[],"product_brand":[135],"product_cat":[705],"product_tag":[],"class_list":{"0":"post-41065","1":"product","2":"type-product","3":"status-publish","4":"has-post-thumbnail","6":"product_brand-isdin","7":"product_cat-ongles","9":"first","10":"instock","11":"sale","12":"shipping-taxable","13":"purchasable","14":"product-type-simple"},"yoast_head":"<!-- This site is optimized with the Yoast SEO plugin v26.6 - https:\/\/yoast.com\/wordpress\/plugins\/seo\/ -->\r\n<title>ISDIN SI NAILS STYLO SOIN DES ONGLES 2.5 ML - Paracherkaoui.ma<\/title>\r\n<meta name=\"robots\" content=\"index, follow, max-snippet:-1, max-image-preview:large, max-video-preview:-1\" \/>\r\n<link rel=\"canonical\" href=\"https:\/\/paracherkaoui.ma\/index.php\/produit\/isdin-si-nails-stylo-soin-des-ongles-2-5-ml-3\/\" \/>\r\n<meta property=\"og:locale\" content=\"fr_FR\" \/>\r\n<meta property=\"og:type\" content=\"article\" \/>\r\n<meta property=\"og:title\" content=\"ISDIN SI NAILS STYLO SOIN DES ONGLES 2.5 ML - Paracherkaoui.ma\" \/>\r\n<meta property=\"og:description\" content=\"Des r\u00e9sultats visibles en 14 jours L&rsquo;efficacit\u00e9 du stylo ISDIN Si-Nails est cliniquement prouv\u00e9e, avec des r\u00e9sultats perceptibles d\u00e8s deux\" \/>\r\n<meta property=\"og:url\" content=\"https:\/\/paracherkaoui.ma\/index.php\/produit\/isdin-si-nails-stylo-soin-des-ongles-2-5-ml-3\/\" \/>\r\n<meta property=\"og:site_name\" content=\"Paracherkaoui.ma\" \/>\r\n<meta property=\"article:modified_time\" content=\"2025-12-12T18:06:01+00:00\" \/>\r\n<meta property=\"og:image\" content=\"https:\/\/paracherkaoui.ma\/wp-content\/uploads\/2025\/12\/isdin-isdin-si-nails-stylo-soin-des-ongles-25-ml-ongles.jpg\" \/>\r\n\t<meta property=\"og:image:width\" content=\"700\" \/>\r\n\t<meta property=\"og:image:height\" content=\"700\" \/>\r\n\t<meta property=\"og:image:type\" content=\"image\/jpeg\" \/>\r\n<meta name=\"twitter:card\" content=\"summary_large_image\" \/>\r\n<meta name=\"twitter:label1\" content=\"Dur\u00e9e de lecture estim\u00e9e\" \/>\n\t<meta name=\"twitter:data1\" content=\"1 minute\" \/>\r\n<script type=\"application\/ld+json\" class=\"yoast-schema-graph\">{\"@context\":\"https:\/\/schema.org\",\"@graph\":[{\"@type\":\"WebPage\",\"@id\":\"https:\/\/paracherkaoui.ma\/index.php\/produit\/isdin-si-nails-stylo-soin-des-ongles-2-5-ml-3\/\",\"url\":\"https:\/\/paracherkaoui.ma\/index.php\/produit\/isdin-si-nails-stylo-soin-des-ongles-2-5-ml-3\/\",\"name\":\"ISDIN SI NAILS STYLO SOIN DES ONGLES 2.5 ML - Paracherkaoui.ma\",\"isPartOf\":{\"@id\":\"https:\/\/paracherkaoui.ma\/#website\"},\"primaryImageOfPage\":{\"@id\":\"https:\/\/paracherkaoui.ma\/index.php\/produit\/isdin-si-nails-stylo-soin-des-ongles-2-5-ml-3\/#primaryimage\"},\"image\":{\"@id\":\"https:\/\/paracherkaoui.ma\/index.php\/produit\/isdin-si-nails-stylo-soin-des-ongles-2-5-ml-3\/#primaryimage\"},\"thumbnailUrl\":\"https:\/\/paracherkaoui.ma\/wp-content\/uploads\/2025\/12\/isdin-isdin-si-nails-stylo-soin-des-ongles-25-ml-ongles.jpg\",\"datePublished\":\"2025-12-12T18:05:58+00:00\",\"dateModified\":\"2025-12-12T18:06:01+00:00\",\"breadcrumb\":{\"@id\":\"https:\/\/paracherkaoui.ma\/index.php\/produit\/isdin-si-nails-stylo-soin-des-ongles-2-5-ml-3\/#breadcrumb\"},\"inLanguage\":\"fr-FR\",\"potentialAction\":[{\"@type\":\"ReadAction\",\"target\":[\"https:\/\/paracherkaoui.ma\/index.php\/produit\/isdin-si-nails-stylo-soin-des-ongles-2-5-ml-3\/\"]}]},{\"@type\":\"ImageObject\",\"inLanguage\":\"fr-FR\",\"@id\":\"https:\/\/paracherkaoui.ma\/index.php\/produit\/isdin-si-nails-stylo-soin-des-ongles-2-5-ml-3\/#primaryimage\",\"url\":\"https:\/\/paracherkaoui.ma\/wp-content\/uploads\/2025\/12\/isdin-isdin-si-nails-stylo-soin-des-ongles-25-ml-ongles.jpg\",\"contentUrl\":\"https:\/\/paracherkaoui.ma\/wp-content\/uploads\/2025\/12\/isdin-isdin-si-nails-stylo-soin-des-ongles-25-ml-ongles.jpg\",\"width\":700,\"height\":700},{\"@type\":\"BreadcrumbList\",\"@id\":\"https:\/\/paracherkaoui.ma\/index.php\/produit\/isdin-si-nails-stylo-soin-des-ongles-2-5-ml-3\/#breadcrumb\",\"itemListElement\":[{\"@type\":\"ListItem\",\"position\":1,\"name\":\"Accueil\",\"item\":\"https:\/\/paracherkaoui.ma\/\"},{\"@type\":\"ListItem\",\"position\":2,\"name\":\"Boutique\",\"item\":\"https:\/\/paracherkaoui.ma\/index.php\/boutique\/\"},{\"@type\":\"ListItem\",\"position\":3,\"name\":\"ISDIN SI NAILS STYLO SOIN DES ONGLES 2.5 ML\"}]},{\"@type\":\"WebSite\",\"@id\":\"https:\/\/paracherkaoui.ma\/#website\",\"url\":\"https:\/\/paracherkaoui.ma\/\",\"name\":\"Paracherkaoui.ma\",\"description\":\"Achetez en ligne sur Paracherkaoui.ma\",\"potentialAction\":[{\"@type\":\"SearchAction\",\"target\":{\"@type\":\"EntryPoint\",\"urlTemplate\":\"https:\/\/paracherkaoui.ma\/?s={search_term_string}\"},\"query-input\":{\"@type\":\"PropertyValueSpecification\",\"valueRequired\":true,\"valueName\":\"search_term_string\"}}],\"inLanguage\":\"fr-FR\"}]}<\/script>\r\n<!-- \/ Yoast SEO plugin. -->","yoast_head_json":{"title":"ISDIN SI NAILS STYLO SOIN DES ONGLES 2.5 ML - Paracherkaoui.ma","robots":{"index":"index","follow":"follow","max-snippet":"max-snippet:-1","max-image-preview":"max-image-preview:large","max-video-preview":"max-video-preview:-1"},"canonical":"https:\/\/paracherkaoui.ma\/index.php\/produit\/isdin-si-nails-stylo-soin-des-ongles-2-5-ml-3\/","og_locale":"fr_FR","og_type":"article","og_title":"ISDIN SI NAILS STYLO SOIN DES ONGLES 2.5 ML - Paracherkaoui.ma","og_description":"Des r\u00e9sultats visibles en 14 jours L&rsquo;efficacit\u00e9 du stylo ISDIN Si-Nails est cliniquement prouv\u00e9e, avec des r\u00e9sultats perceptibles d\u00e8s deux","og_url":"https:\/\/paracherkaoui.ma\/index.php\/produit\/isdin-si-nails-stylo-soin-des-ongles-2-5-ml-3\/","og_site_name":"Paracherkaoui.ma","article_modified_time":"2025-12-12T18:06:01+00:00","og_image":[{"width":700,"height":700,"url":"https:\/\/paracherkaoui.ma\/wp-content\/uploads\/2025\/12\/isdin-isdin-si-nails-stylo-soin-des-ongles-25-ml-ongles.jpg","type":"image\/jpeg"}],"twitter_card":"summary_large_image","twitter_misc":{"Dur\u00e9e de lecture estim\u00e9e":"1 minute"},"schema":{"@context":"https:\/\/schema.org","@graph":[{"@type":"WebPage","@id":"https:\/\/paracherkaoui.ma\/index.php\/produit\/isdin-si-nails-stylo-soin-des-ongles-2-5-ml-3\/","url":"https:\/\/paracherkaoui.ma\/index.php\/produit\/isdin-si-nails-stylo-soin-des-ongles-2-5-ml-3\/","name":"ISDIN SI NAILS STYLO SOIN DES ONGLES 2.5 ML - Paracherkaoui.ma","isPartOf":{"@id":"https:\/\/paracherkaoui.ma\/#website"},"primaryImageOfPage":{"@id":"https:\/\/paracherkaoui.ma\/index.php\/produit\/isdin-si-nails-stylo-soin-des-ongles-2-5-ml-3\/#primaryimage"},"image":{"@id":"https:\/\/paracherkaoui.ma\/index.php\/produit\/isdin-si-nails-stylo-soin-des-ongles-2-5-ml-3\/#primaryimage"},"thumbnailUrl":"https:\/\/paracherkaoui.ma\/wp-content\/uploads\/2025\/12\/isdin-isdin-si-nails-stylo-soin-des-ongles-25-ml-ongles.jpg","datePublished":"2025-12-12T18:05:58+00:00","dateModified":"2025-12-12T18:06:01+00:00","breadcrumb":{"@id":"https:\/\/paracherkaoui.ma\/index.php\/produit\/isdin-si-nails-stylo-soin-des-ongles-2-5-ml-3\/#breadcrumb"},"inLanguage":"fr-FR","potentialAction":[{"@type":"ReadAction","target":["https:\/\/paracherkaoui.ma\/index.php\/produit\/isdin-si-nails-stylo-soin-des-ongles-2-5-ml-3\/"]}]},{"@type":"ImageObject","inLanguage":"fr-FR","@id":"https:\/\/paracherkaoui.ma\/index.php\/produit\/isdin-si-nails-stylo-soin-des-ongles-2-5-ml-3\/#primaryimage","url":"https:\/\/paracherkaoui.ma\/wp-content\/uploads\/2025\/12\/isdin-isdin-si-nails-stylo-soin-des-ongles-25-ml-ongles.jpg","contentUrl":"https:\/\/paracherkaoui.ma\/wp-content\/uploads\/2025\/12\/isdin-isdin-si-nails-stylo-soin-des-ongles-25-ml-ongles.jpg","width":700,"height":700},{"@type":"BreadcrumbList","@id":"https:\/\/paracherkaoui.ma\/index.php\/produit\/isdin-si-nails-stylo-soin-des-ongles-2-5-ml-3\/#breadcrumb","itemListElement":[{"@type":"ListItem","position":1,"name":"Accueil","item":"https:\/\/paracherkaoui.ma\/"},{"@type":"ListItem","position":2,"name":"Boutique","item":"https:\/\/paracherkaoui.ma\/index.php\/boutique\/"},{"@type":"ListItem","position":3,"name":"ISDIN SI NAILS STYLO SOIN DES ONGLES 2.5 ML"}]},{"@type":"WebSite","@id":"https:\/\/paracherkaoui.ma\/#website","url":"https:\/\/paracherkaoui.ma\/","name":"Paracherkaoui.ma","description":"Achetez en ligne sur Paracherkaoui.ma","potentialAction":[{"@type":"SearchAction","target":{"@type":"EntryPoint","urlTemplate":"https:\/\/paracherkaoui.ma\/?s={search_term_string}"},"query-input":{"@type":"PropertyValueSpecification","valueRequired":true,"valueName":"search_term_string"}}],"inLanguage":"fr-FR"}]}},"_links":{"self":[{"href":"https:\/\/paracherkaoui.ma\/index.php\/wp-json\/wp\/v2\/product\/41065","targetHints":{"allow":["GET"]}}],"collection":[{"href":"https:\/\/paracherkaoui.ma\/index.php\/wp-json\/wp\/v2\/product"}],"about":[{"href":"https:\/\/paracherkaoui.ma\/index.php\/wp-json\/wp\/v2\/types\/product"}],"replies":[{"embeddable":true,"href":"https:\/\/paracherkaoui.ma\/index.php\/wp-json\/wp\/v2\/comments?post=41065"}],"version-history":[{"count":1,"href":"https:\/\/paracherkaoui.ma\/index.php\/wp-json\/wp\/v2\/product\/41065\/revisions"}],"predecessor-version":[{"id":41099,"href":"https:\/\/paracherkaoui.ma\/index.php\/wp-json\/wp\/v2\/product\/41065\/revisions\/41099"}],"wp:featuredmedia":[{"embeddable":true,"href":"https:\/\/paracherkaoui.ma\/index.php\/wp-json\/wp\/v2\/media\/14416"}],"wp:attachment":[{"href":"https:\/\/paracherkaoui.ma\/index.php\/wp-json\/wp\/v2\/media?parent=41065"}],"wp:term":[{"taxonomy":"product_brand","embeddable":true,"href":"https:\/\/paracherkaoui.ma\/index.php\/wp-json\/wp\/v2\/product_brand?post=41065"},{"taxonomy":"product_cat","embeddable":true,"href":"https:\/\/paracherkaoui.ma\/index.php\/wp-json\/wp\/v2\/product_cat?post=41065"},{"taxonomy":"product_tag","embeddable":true,"href":"https:\/\/paracherkaoui.ma\/index.php\/wp-json\/wp\/v2\/product_tag?post=41065"}],"curies":[{"name":"wp","href":"https:\/\/api.w.org\/{rel}","templated":true}]}}