{"id":40709,"date":"2025-12-12T19:05:17","date_gmt":"2025-12-12T18:05:17","guid":{"rendered":"https:\/\/test.ecbeaute.com\/?post_type=product&#038;p=40709"},"modified":"2025-12-12T19:05:20","modified_gmt":"2025-12-12T18:05:20","slug":"camaleon-metallic-gloss-a-levre-nacre-9-ml","status":"publish","type":"product","link":"https:\/\/paracherkaoui.ma\/index.php\/produit\/camaleon-metallic-gloss-a-levre-nacre-9-ml\/","title":{"rendered":"CAMALEON METALLIC GLOSS A LEVRE NACRE 9 ML"},"content":{"rendered":"<p>COMPOSITION<br \/>\nPOLYBUT\u00c8NE, PENTAERYTHRITYL T\u00c9TRAISOST\u00c9ARATE, OCTYLDOD\u00c9CANOL, SILICE DIM\u00c9THYLE SILYLATE, CIRE SYNTH\u00c9TIQUE, CYCLOPENTASILOXANE, DIISOSTEARYL MALATE, CALCIUM TITANE BOROSILICATE, HUILE DE GRAINES DE VITIS VINIFERA, HYALURONATE DE SODIUM, HUILE DE GRAINES DE ROSA MOSCHATA, HUILE DE GLYCINE SOJA, SQUAL\u00c8NE, B\u00caTA-SITOSTEROL, TRIPEPTIDE-1, TOCOPH\u00c9ROL, CAPRYLATE DE GLYCERYL, GOMME DE XANTHANE, TRIMETHYLSILOXYSILICATE, ISOHEXADECANE, OXYDE D&rsquo;\u00c9TAIN, DISTEARDIMONIUM HECTORITE, AC\u00c9TATE DE TOCOPH\u00c9RYLE, CARBONATE DE PROPYL\u00c8NE, COPOLYM\u00c8RE D&rsquo;\u00c9THYL\u00c8NE\/PROPYL\u00c8NE\/STYR\u00c8NE, COPOLYM\u00c8RE DE BUTYL\u00c8NE\/\u00c9THYL\u00c8NE\/STYR\u00c8NE, PH\u00c9NOXY\u00c9THANOL, PARFUM, LIMON ENE, CITRAL, [+\/- CI77891]<br \/>\nCONSEIL D\u2019UTILISATION<br \/>\nAppliquez directement sur vos l\u00e8vres pour obtenir une brillance naturelle avec une touche \u00e9clatante tr\u00e8s particuli\u00e8re. Transformez votre rouge \u00e0 l\u00e8vres habituel en appliquant une couche par dessus pour lui donner un fini brillant. Laisser s\u00e9cher entre les couches et r\u00e9p\u00e9ter aussi souvent que n\u00e9cessaire.<\/p>\n","protected":false},"excerpt":{"rendered":"<p>COMPOSITION POLYBUT\u00c8NE, PENTAERYTHRITYL T\u00c9TRAISOST\u00c9ARATE, OCTYLDOD\u00c9CANOL, SILICE DIM\u00c9THYLE SILYLATE, CIRE SYNTH\u00c9TIQUE, CYCLOPENTASILOXANE, DIISOSTEARYL MALATE, CALCIUM TITANE BOROSILICATE, HUILE DE GRAINES DE<\/p>\n","protected":false},"featured_media":40747,"comment_status":"open","ping_status":"closed","template":"","meta":[],"product_brand":[554],"product_cat":[704],"product_tag":[],"class_list":{"0":"post-40709","1":"product","2":"type-product","3":"status-publish","4":"has-post-thumbnail","6":"product_brand-camaleon","7":"product_cat-levres-maquillage-makeup","9":"first","10":"instock","11":"shipping-taxable","12":"purchasable","13":"product-type-simple"},"yoast_head":"<!-- This site is optimized with the Yoast SEO plugin v26.6 - https:\/\/yoast.com\/wordpress\/plugins\/seo\/ -->\r\n<title>CAMALEON METALLIC GLOSS A LEVRE NACRE 9 ML - Paracherkaoui.ma<\/title>\r\n<meta name=\"robots\" content=\"index, follow, max-snippet:-1, max-image-preview:large, max-video-preview:-1\" \/>\r\n<link rel=\"canonical\" href=\"https:\/\/paracherkaoui.ma\/index.php\/produit\/camaleon-metallic-gloss-a-levre-nacre-9-ml\/\" \/>\r\n<meta property=\"og:locale\" content=\"fr_FR\" \/>\r\n<meta property=\"og:type\" content=\"article\" \/>\r\n<meta property=\"og:title\" content=\"CAMALEON METALLIC GLOSS A LEVRE NACRE 9 ML - Paracherkaoui.ma\" \/>\r\n<meta property=\"og:description\" content=\"COMPOSITION POLYBUT\u00c8NE, PENTAERYTHRITYL T\u00c9TRAISOST\u00c9ARATE, OCTYLDOD\u00c9CANOL, SILICE DIM\u00c9THYLE SILYLATE, CIRE SYNTH\u00c9TIQUE, CYCLOPENTASILOXANE, DIISOSTEARYL MALATE, CALCIUM TITANE BOROSILICATE, HUILE DE GRAINES DE\" \/>\r\n<meta property=\"og:url\" content=\"https:\/\/paracherkaoui.ma\/index.php\/produit\/camaleon-metallic-gloss-a-levre-nacre-9-ml\/\" \/>\r\n<meta property=\"og:site_name\" content=\"Paracherkaoui.ma\" \/>\r\n<meta property=\"article:modified_time\" content=\"2025-12-12T18:05:20+00:00\" \/>\r\n<meta property=\"og:image\" content=\"https:\/\/paracherkaoui.ma\/wp-content\/uploads\/2025\/12\/camaleon-camaleon-metallic-gloss-a-levre-nacre-9-ml-levres.jpg\" \/>\r\n\t<meta property=\"og:image:width\" content=\"700\" \/>\r\n\t<meta property=\"og:image:height\" content=\"700\" \/>\r\n\t<meta property=\"og:image:type\" content=\"image\/jpeg\" \/>\r\n<meta name=\"twitter:card\" content=\"summary_large_image\" \/>\r\n<meta name=\"twitter:label1\" content=\"Dur\u00e9e de lecture estim\u00e9e\" \/>\n\t<meta name=\"twitter:data1\" content=\"1 minute\" \/>\r\n<script type=\"application\/ld+json\" class=\"yoast-schema-graph\">{\"@context\":\"https:\/\/schema.org\",\"@graph\":[{\"@type\":\"WebPage\",\"@id\":\"https:\/\/paracherkaoui.ma\/index.php\/produit\/camaleon-metallic-gloss-a-levre-nacre-9-ml\/\",\"url\":\"https:\/\/paracherkaoui.ma\/index.php\/produit\/camaleon-metallic-gloss-a-levre-nacre-9-ml\/\",\"name\":\"CAMALEON METALLIC GLOSS A LEVRE NACRE 9 ML - Paracherkaoui.ma\",\"isPartOf\":{\"@id\":\"https:\/\/paracherkaoui.ma\/#website\"},\"primaryImageOfPage\":{\"@id\":\"https:\/\/paracherkaoui.ma\/index.php\/produit\/camaleon-metallic-gloss-a-levre-nacre-9-ml\/#primaryimage\"},\"image\":{\"@id\":\"https:\/\/paracherkaoui.ma\/index.php\/produit\/camaleon-metallic-gloss-a-levre-nacre-9-ml\/#primaryimage\"},\"thumbnailUrl\":\"https:\/\/paracherkaoui.ma\/wp-content\/uploads\/2025\/12\/camaleon-camaleon-metallic-gloss-a-levre-nacre-9-ml-levres.jpg\",\"datePublished\":\"2025-12-12T18:05:17+00:00\",\"dateModified\":\"2025-12-12T18:05:20+00:00\",\"breadcrumb\":{\"@id\":\"https:\/\/paracherkaoui.ma\/index.php\/produit\/camaleon-metallic-gloss-a-levre-nacre-9-ml\/#breadcrumb\"},\"inLanguage\":\"fr-FR\",\"potentialAction\":[{\"@type\":\"ReadAction\",\"target\":[\"https:\/\/paracherkaoui.ma\/index.php\/produit\/camaleon-metallic-gloss-a-levre-nacre-9-ml\/\"]}]},{\"@type\":\"ImageObject\",\"inLanguage\":\"fr-FR\",\"@id\":\"https:\/\/paracherkaoui.ma\/index.php\/produit\/camaleon-metallic-gloss-a-levre-nacre-9-ml\/#primaryimage\",\"url\":\"https:\/\/paracherkaoui.ma\/wp-content\/uploads\/2025\/12\/camaleon-camaleon-metallic-gloss-a-levre-nacre-9-ml-levres.jpg\",\"contentUrl\":\"https:\/\/paracherkaoui.ma\/wp-content\/uploads\/2025\/12\/camaleon-camaleon-metallic-gloss-a-levre-nacre-9-ml-levres.jpg\",\"width\":700,\"height\":700},{\"@type\":\"BreadcrumbList\",\"@id\":\"https:\/\/paracherkaoui.ma\/index.php\/produit\/camaleon-metallic-gloss-a-levre-nacre-9-ml\/#breadcrumb\",\"itemListElement\":[{\"@type\":\"ListItem\",\"position\":1,\"name\":\"Accueil\",\"item\":\"https:\/\/paracherkaoui.ma\/\"},{\"@type\":\"ListItem\",\"position\":2,\"name\":\"Boutique\",\"item\":\"https:\/\/paracherkaoui.ma\/index.php\/boutique\/\"},{\"@type\":\"ListItem\",\"position\":3,\"name\":\"CAMALEON METALLIC GLOSS A LEVRE NACRE 9 ML\"}]},{\"@type\":\"WebSite\",\"@id\":\"https:\/\/paracherkaoui.ma\/#website\",\"url\":\"https:\/\/paracherkaoui.ma\/\",\"name\":\"Paracherkaoui.ma\",\"description\":\"Achetez en ligne sur Paracherkaoui.ma\",\"potentialAction\":[{\"@type\":\"SearchAction\",\"target\":{\"@type\":\"EntryPoint\",\"urlTemplate\":\"https:\/\/paracherkaoui.ma\/?s={search_term_string}\"},\"query-input\":{\"@type\":\"PropertyValueSpecification\",\"valueRequired\":true,\"valueName\":\"search_term_string\"}}],\"inLanguage\":\"fr-FR\"}]}<\/script>\r\n<!-- \/ Yoast SEO plugin. -->","yoast_head_json":{"title":"CAMALEON METALLIC GLOSS A LEVRE NACRE 9 ML - Paracherkaoui.ma","robots":{"index":"index","follow":"follow","max-snippet":"max-snippet:-1","max-image-preview":"max-image-preview:large","max-video-preview":"max-video-preview:-1"},"canonical":"https:\/\/paracherkaoui.ma\/index.php\/produit\/camaleon-metallic-gloss-a-levre-nacre-9-ml\/","og_locale":"fr_FR","og_type":"article","og_title":"CAMALEON METALLIC GLOSS A LEVRE NACRE 9 ML - Paracherkaoui.ma","og_description":"COMPOSITION POLYBUT\u00c8NE, PENTAERYTHRITYL T\u00c9TRAISOST\u00c9ARATE, OCTYLDOD\u00c9CANOL, SILICE DIM\u00c9THYLE SILYLATE, CIRE SYNTH\u00c9TIQUE, CYCLOPENTASILOXANE, DIISOSTEARYL MALATE, CALCIUM TITANE BOROSILICATE, HUILE DE GRAINES DE","og_url":"https:\/\/paracherkaoui.ma\/index.php\/produit\/camaleon-metallic-gloss-a-levre-nacre-9-ml\/","og_site_name":"Paracherkaoui.ma","article_modified_time":"2025-12-12T18:05:20+00:00","og_image":[{"width":700,"height":700,"url":"https:\/\/paracherkaoui.ma\/wp-content\/uploads\/2025\/12\/camaleon-camaleon-metallic-gloss-a-levre-nacre-9-ml-levres.jpg","type":"image\/jpeg"}],"twitter_card":"summary_large_image","twitter_misc":{"Dur\u00e9e de lecture estim\u00e9e":"1 minute"},"schema":{"@context":"https:\/\/schema.org","@graph":[{"@type":"WebPage","@id":"https:\/\/paracherkaoui.ma\/index.php\/produit\/camaleon-metallic-gloss-a-levre-nacre-9-ml\/","url":"https:\/\/paracherkaoui.ma\/index.php\/produit\/camaleon-metallic-gloss-a-levre-nacre-9-ml\/","name":"CAMALEON METALLIC GLOSS A LEVRE NACRE 9 ML - Paracherkaoui.ma","isPartOf":{"@id":"https:\/\/paracherkaoui.ma\/#website"},"primaryImageOfPage":{"@id":"https:\/\/paracherkaoui.ma\/index.php\/produit\/camaleon-metallic-gloss-a-levre-nacre-9-ml\/#primaryimage"},"image":{"@id":"https:\/\/paracherkaoui.ma\/index.php\/produit\/camaleon-metallic-gloss-a-levre-nacre-9-ml\/#primaryimage"},"thumbnailUrl":"https:\/\/paracherkaoui.ma\/wp-content\/uploads\/2025\/12\/camaleon-camaleon-metallic-gloss-a-levre-nacre-9-ml-levres.jpg","datePublished":"2025-12-12T18:05:17+00:00","dateModified":"2025-12-12T18:05:20+00:00","breadcrumb":{"@id":"https:\/\/paracherkaoui.ma\/index.php\/produit\/camaleon-metallic-gloss-a-levre-nacre-9-ml\/#breadcrumb"},"inLanguage":"fr-FR","potentialAction":[{"@type":"ReadAction","target":["https:\/\/paracherkaoui.ma\/index.php\/produit\/camaleon-metallic-gloss-a-levre-nacre-9-ml\/"]}]},{"@type":"ImageObject","inLanguage":"fr-FR","@id":"https:\/\/paracherkaoui.ma\/index.php\/produit\/camaleon-metallic-gloss-a-levre-nacre-9-ml\/#primaryimage","url":"https:\/\/paracherkaoui.ma\/wp-content\/uploads\/2025\/12\/camaleon-camaleon-metallic-gloss-a-levre-nacre-9-ml-levres.jpg","contentUrl":"https:\/\/paracherkaoui.ma\/wp-content\/uploads\/2025\/12\/camaleon-camaleon-metallic-gloss-a-levre-nacre-9-ml-levres.jpg","width":700,"height":700},{"@type":"BreadcrumbList","@id":"https:\/\/paracherkaoui.ma\/index.php\/produit\/camaleon-metallic-gloss-a-levre-nacre-9-ml\/#breadcrumb","itemListElement":[{"@type":"ListItem","position":1,"name":"Accueil","item":"https:\/\/paracherkaoui.ma\/"},{"@type":"ListItem","position":2,"name":"Boutique","item":"https:\/\/paracherkaoui.ma\/index.php\/boutique\/"},{"@type":"ListItem","position":3,"name":"CAMALEON METALLIC GLOSS A LEVRE NACRE 9 ML"}]},{"@type":"WebSite","@id":"https:\/\/paracherkaoui.ma\/#website","url":"https:\/\/paracherkaoui.ma\/","name":"Paracherkaoui.ma","description":"Achetez en ligne sur Paracherkaoui.ma","potentialAction":[{"@type":"SearchAction","target":{"@type":"EntryPoint","urlTemplate":"https:\/\/paracherkaoui.ma\/?s={search_term_string}"},"query-input":{"@type":"PropertyValueSpecification","valueRequired":true,"valueName":"search_term_string"}}],"inLanguage":"fr-FR"}]}},"_links":{"self":[{"href":"https:\/\/paracherkaoui.ma\/index.php\/wp-json\/wp\/v2\/product\/40709","targetHints":{"allow":["GET"]}}],"collection":[{"href":"https:\/\/paracherkaoui.ma\/index.php\/wp-json\/wp\/v2\/product"}],"about":[{"href":"https:\/\/paracherkaoui.ma\/index.php\/wp-json\/wp\/v2\/types\/product"}],"replies":[{"embeddable":true,"href":"https:\/\/paracherkaoui.ma\/index.php\/wp-json\/wp\/v2\/comments?post=40709"}],"version-history":[{"count":1,"href":"https:\/\/paracherkaoui.ma\/index.php\/wp-json\/wp\/v2\/product\/40709\/revisions"}],"predecessor-version":[{"id":40748,"href":"https:\/\/paracherkaoui.ma\/index.php\/wp-json\/wp\/v2\/product\/40709\/revisions\/40748"}],"wp:featuredmedia":[{"embeddable":true,"href":"https:\/\/paracherkaoui.ma\/index.php\/wp-json\/wp\/v2\/media\/40747"}],"wp:attachment":[{"href":"https:\/\/paracherkaoui.ma\/index.php\/wp-json\/wp\/v2\/media?parent=40709"}],"wp:term":[{"taxonomy":"product_brand","embeddable":true,"href":"https:\/\/paracherkaoui.ma\/index.php\/wp-json\/wp\/v2\/product_brand?post=40709"},{"taxonomy":"product_cat","embeddable":true,"href":"https:\/\/paracherkaoui.ma\/index.php\/wp-json\/wp\/v2\/product_cat?post=40709"},{"taxonomy":"product_tag","embeddable":true,"href":"https:\/\/paracherkaoui.ma\/index.php\/wp-json\/wp\/v2\/product_tag?post=40709"}],"curies":[{"name":"wp","href":"https:\/\/api.w.org\/{rel}","templated":true}]}}