{"id":40485,"date":"2025-12-12T19:04:40","date_gmt":"2025-12-12T18:04:40","guid":{"rendered":"https:\/\/test.ecbeaute.com\/?post_type=product&#038;p=40485"},"modified":"2025-12-12T19:04:46","modified_gmt":"2025-12-12T18:04:46","slug":"camaleon-kit-reparateur-baume-exfoliant-spf-15-rose","status":"publish","type":"product","link":"https:\/\/paracherkaoui.ma\/index.php\/produit\/camaleon-kit-reparateur-baume-exfoliant-spf-15-rose\/","title":{"rendered":"CAMALEON KIT REPARATEUR BAUME EXFOLIANT SPF 15 ROSE"},"content":{"rendered":"<p>Baume teint\u00e9 avec SPF 50, baume exfoliant et cicatrisant.<br \/>\nTraitement complet pour des l\u00e8vres cicatris\u00e9es et hydrat\u00e9es en trois \u00e9tapes simples.<\/p>\n","protected":false},"excerpt":{"rendered":"<p>Baume teint\u00e9 avec SPF 50, baume exfoliant et cicatrisant. Traitement complet pour des l\u00e8vres cicatris\u00e9es et hydrat\u00e9es en trois \u00e9tapes<\/p>\n","protected":false},"featured_media":40537,"comment_status":"open","ping_status":"closed","template":"","meta":[],"product_brand":[554],"product_cat":[704],"product_tag":[],"class_list":{"0":"post-40485","1":"product","2":"type-product","3":"status-publish","4":"has-post-thumbnail","6":"product_brand-camaleon","7":"product_cat-levres-maquillage-makeup","9":"first","10":"instock","11":"shipping-taxable","12":"purchasable","13":"product-type-simple"},"yoast_head":"<!-- This site is optimized with the Yoast SEO plugin v26.6 - https:\/\/yoast.com\/wordpress\/plugins\/seo\/ -->\r\n<title>CAMALEON KIT REPARATEUR BAUME EXFOLIANT SPF 15 ROSE - Paracherkaoui.ma<\/title>\r\n<meta name=\"robots\" content=\"index, follow, max-snippet:-1, max-image-preview:large, max-video-preview:-1\" \/>\r\n<link rel=\"canonical\" href=\"https:\/\/paracherkaoui.ma\/index.php\/produit\/camaleon-kit-reparateur-baume-exfoliant-spf-15-rose\/\" \/>\r\n<meta property=\"og:locale\" content=\"fr_FR\" \/>\r\n<meta property=\"og:type\" content=\"article\" \/>\r\n<meta property=\"og:title\" content=\"CAMALEON KIT REPARATEUR BAUME EXFOLIANT SPF 15 ROSE - Paracherkaoui.ma\" \/>\r\n<meta property=\"og:description\" content=\"Baume teint\u00e9 avec SPF 50, baume exfoliant et cicatrisant. Traitement complet pour des l\u00e8vres cicatris\u00e9es et hydrat\u00e9es en trois \u00e9tapes\" \/>\r\n<meta property=\"og:url\" content=\"https:\/\/paracherkaoui.ma\/index.php\/produit\/camaleon-kit-reparateur-baume-exfoliant-spf-15-rose\/\" \/>\r\n<meta property=\"og:site_name\" content=\"Paracherkaoui.ma\" \/>\r\n<meta property=\"article:modified_time\" content=\"2025-12-12T18:04:46+00:00\" \/>\r\n<meta property=\"og:image\" content=\"https:\/\/paracherkaoui.ma\/wp-content\/uploads\/2025\/12\/camaleon-camaleon-kit-reparateur-baume-exfoliant-spf-15-rose-levres.jpg\" \/>\r\n\t<meta property=\"og:image:width\" content=\"700\" \/>\r\n\t<meta property=\"og:image:height\" content=\"700\" \/>\r\n\t<meta property=\"og:image:type\" content=\"image\/jpeg\" \/>\r\n<meta name=\"twitter:card\" content=\"summary_large_image\" \/>\r\n<script type=\"application\/ld+json\" class=\"yoast-schema-graph\">{\"@context\":\"https:\/\/schema.org\",\"@graph\":[{\"@type\":\"WebPage\",\"@id\":\"https:\/\/paracherkaoui.ma\/index.php\/produit\/camaleon-kit-reparateur-baume-exfoliant-spf-15-rose\/\",\"url\":\"https:\/\/paracherkaoui.ma\/index.php\/produit\/camaleon-kit-reparateur-baume-exfoliant-spf-15-rose\/\",\"name\":\"CAMALEON KIT REPARATEUR BAUME EXFOLIANT SPF 15 ROSE - Paracherkaoui.ma\",\"isPartOf\":{\"@id\":\"https:\/\/paracherkaoui.ma\/#website\"},\"primaryImageOfPage\":{\"@id\":\"https:\/\/paracherkaoui.ma\/index.php\/produit\/camaleon-kit-reparateur-baume-exfoliant-spf-15-rose\/#primaryimage\"},\"image\":{\"@id\":\"https:\/\/paracherkaoui.ma\/index.php\/produit\/camaleon-kit-reparateur-baume-exfoliant-spf-15-rose\/#primaryimage\"},\"thumbnailUrl\":\"https:\/\/paracherkaoui.ma\/wp-content\/uploads\/2025\/12\/camaleon-camaleon-kit-reparateur-baume-exfoliant-spf-15-rose-levres.jpg\",\"datePublished\":\"2025-12-12T18:04:40+00:00\",\"dateModified\":\"2025-12-12T18:04:46+00:00\",\"breadcrumb\":{\"@id\":\"https:\/\/paracherkaoui.ma\/index.php\/produit\/camaleon-kit-reparateur-baume-exfoliant-spf-15-rose\/#breadcrumb\"},\"inLanguage\":\"fr-FR\",\"potentialAction\":[{\"@type\":\"ReadAction\",\"target\":[\"https:\/\/paracherkaoui.ma\/index.php\/produit\/camaleon-kit-reparateur-baume-exfoliant-spf-15-rose\/\"]}]},{\"@type\":\"ImageObject\",\"inLanguage\":\"fr-FR\",\"@id\":\"https:\/\/paracherkaoui.ma\/index.php\/produit\/camaleon-kit-reparateur-baume-exfoliant-spf-15-rose\/#primaryimage\",\"url\":\"https:\/\/paracherkaoui.ma\/wp-content\/uploads\/2025\/12\/camaleon-camaleon-kit-reparateur-baume-exfoliant-spf-15-rose-levres.jpg\",\"contentUrl\":\"https:\/\/paracherkaoui.ma\/wp-content\/uploads\/2025\/12\/camaleon-camaleon-kit-reparateur-baume-exfoliant-spf-15-rose-levres.jpg\",\"width\":700,\"height\":700},{\"@type\":\"BreadcrumbList\",\"@id\":\"https:\/\/paracherkaoui.ma\/index.php\/produit\/camaleon-kit-reparateur-baume-exfoliant-spf-15-rose\/#breadcrumb\",\"itemListElement\":[{\"@type\":\"ListItem\",\"position\":1,\"name\":\"Accueil\",\"item\":\"https:\/\/paracherkaoui.ma\/\"},{\"@type\":\"ListItem\",\"position\":2,\"name\":\"Boutique\",\"item\":\"https:\/\/paracherkaoui.ma\/index.php\/boutique\/\"},{\"@type\":\"ListItem\",\"position\":3,\"name\":\"CAMALEON KIT REPARATEUR BAUME EXFOLIANT SPF 15 ROSE\"}]},{\"@type\":\"WebSite\",\"@id\":\"https:\/\/paracherkaoui.ma\/#website\",\"url\":\"https:\/\/paracherkaoui.ma\/\",\"name\":\"Paracherkaoui.ma\",\"description\":\"Achetez en ligne sur Paracherkaoui.ma\",\"potentialAction\":[{\"@type\":\"SearchAction\",\"target\":{\"@type\":\"EntryPoint\",\"urlTemplate\":\"https:\/\/paracherkaoui.ma\/?s={search_term_string}\"},\"query-input\":{\"@type\":\"PropertyValueSpecification\",\"valueRequired\":true,\"valueName\":\"search_term_string\"}}],\"inLanguage\":\"fr-FR\"}]}<\/script>\r\n<!-- \/ Yoast SEO plugin. -->","yoast_head_json":{"title":"CAMALEON KIT REPARATEUR BAUME EXFOLIANT SPF 15 ROSE - Paracherkaoui.ma","robots":{"index":"index","follow":"follow","max-snippet":"max-snippet:-1","max-image-preview":"max-image-preview:large","max-video-preview":"max-video-preview:-1"},"canonical":"https:\/\/paracherkaoui.ma\/index.php\/produit\/camaleon-kit-reparateur-baume-exfoliant-spf-15-rose\/","og_locale":"fr_FR","og_type":"article","og_title":"CAMALEON KIT REPARATEUR BAUME EXFOLIANT SPF 15 ROSE - Paracherkaoui.ma","og_description":"Baume teint\u00e9 avec SPF 50, baume exfoliant et cicatrisant. Traitement complet pour des l\u00e8vres cicatris\u00e9es et hydrat\u00e9es en trois \u00e9tapes","og_url":"https:\/\/paracherkaoui.ma\/index.php\/produit\/camaleon-kit-reparateur-baume-exfoliant-spf-15-rose\/","og_site_name":"Paracherkaoui.ma","article_modified_time":"2025-12-12T18:04:46+00:00","og_image":[{"width":700,"height":700,"url":"https:\/\/paracherkaoui.ma\/wp-content\/uploads\/2025\/12\/camaleon-camaleon-kit-reparateur-baume-exfoliant-spf-15-rose-levres.jpg","type":"image\/jpeg"}],"twitter_card":"summary_large_image","schema":{"@context":"https:\/\/schema.org","@graph":[{"@type":"WebPage","@id":"https:\/\/paracherkaoui.ma\/index.php\/produit\/camaleon-kit-reparateur-baume-exfoliant-spf-15-rose\/","url":"https:\/\/paracherkaoui.ma\/index.php\/produit\/camaleon-kit-reparateur-baume-exfoliant-spf-15-rose\/","name":"CAMALEON KIT REPARATEUR BAUME EXFOLIANT SPF 15 ROSE - Paracherkaoui.ma","isPartOf":{"@id":"https:\/\/paracherkaoui.ma\/#website"},"primaryImageOfPage":{"@id":"https:\/\/paracherkaoui.ma\/index.php\/produit\/camaleon-kit-reparateur-baume-exfoliant-spf-15-rose\/#primaryimage"},"image":{"@id":"https:\/\/paracherkaoui.ma\/index.php\/produit\/camaleon-kit-reparateur-baume-exfoliant-spf-15-rose\/#primaryimage"},"thumbnailUrl":"https:\/\/paracherkaoui.ma\/wp-content\/uploads\/2025\/12\/camaleon-camaleon-kit-reparateur-baume-exfoliant-spf-15-rose-levres.jpg","datePublished":"2025-12-12T18:04:40+00:00","dateModified":"2025-12-12T18:04:46+00:00","breadcrumb":{"@id":"https:\/\/paracherkaoui.ma\/index.php\/produit\/camaleon-kit-reparateur-baume-exfoliant-spf-15-rose\/#breadcrumb"},"inLanguage":"fr-FR","potentialAction":[{"@type":"ReadAction","target":["https:\/\/paracherkaoui.ma\/index.php\/produit\/camaleon-kit-reparateur-baume-exfoliant-spf-15-rose\/"]}]},{"@type":"ImageObject","inLanguage":"fr-FR","@id":"https:\/\/paracherkaoui.ma\/index.php\/produit\/camaleon-kit-reparateur-baume-exfoliant-spf-15-rose\/#primaryimage","url":"https:\/\/paracherkaoui.ma\/wp-content\/uploads\/2025\/12\/camaleon-camaleon-kit-reparateur-baume-exfoliant-spf-15-rose-levres.jpg","contentUrl":"https:\/\/paracherkaoui.ma\/wp-content\/uploads\/2025\/12\/camaleon-camaleon-kit-reparateur-baume-exfoliant-spf-15-rose-levres.jpg","width":700,"height":700},{"@type":"BreadcrumbList","@id":"https:\/\/paracherkaoui.ma\/index.php\/produit\/camaleon-kit-reparateur-baume-exfoliant-spf-15-rose\/#breadcrumb","itemListElement":[{"@type":"ListItem","position":1,"name":"Accueil","item":"https:\/\/paracherkaoui.ma\/"},{"@type":"ListItem","position":2,"name":"Boutique","item":"https:\/\/paracherkaoui.ma\/index.php\/boutique\/"},{"@type":"ListItem","position":3,"name":"CAMALEON KIT REPARATEUR BAUME EXFOLIANT SPF 15 ROSE"}]},{"@type":"WebSite","@id":"https:\/\/paracherkaoui.ma\/#website","url":"https:\/\/paracherkaoui.ma\/","name":"Paracherkaoui.ma","description":"Achetez en ligne sur Paracherkaoui.ma","potentialAction":[{"@type":"SearchAction","target":{"@type":"EntryPoint","urlTemplate":"https:\/\/paracherkaoui.ma\/?s={search_term_string}"},"query-input":{"@type":"PropertyValueSpecification","valueRequired":true,"valueName":"search_term_string"}}],"inLanguage":"fr-FR"}]}},"_links":{"self":[{"href":"https:\/\/paracherkaoui.ma\/index.php\/wp-json\/wp\/v2\/product\/40485","targetHints":{"allow":["GET"]}}],"collection":[{"href":"https:\/\/paracherkaoui.ma\/index.php\/wp-json\/wp\/v2\/product"}],"about":[{"href":"https:\/\/paracherkaoui.ma\/index.php\/wp-json\/wp\/v2\/types\/product"}],"replies":[{"embeddable":true,"href":"https:\/\/paracherkaoui.ma\/index.php\/wp-json\/wp\/v2\/comments?post=40485"}],"version-history":[{"count":1,"href":"https:\/\/paracherkaoui.ma\/index.php\/wp-json\/wp\/v2\/product\/40485\/revisions"}],"predecessor-version":[{"id":40538,"href":"https:\/\/paracherkaoui.ma\/index.php\/wp-json\/wp\/v2\/product\/40485\/revisions\/40538"}],"wp:featuredmedia":[{"embeddable":true,"href":"https:\/\/paracherkaoui.ma\/index.php\/wp-json\/wp\/v2\/media\/40537"}],"wp:attachment":[{"href":"https:\/\/paracherkaoui.ma\/index.php\/wp-json\/wp\/v2\/media?parent=40485"}],"wp:term":[{"taxonomy":"product_brand","embeddable":true,"href":"https:\/\/paracherkaoui.ma\/index.php\/wp-json\/wp\/v2\/product_brand?post=40485"},{"taxonomy":"product_cat","embeddable":true,"href":"https:\/\/paracherkaoui.ma\/index.php\/wp-json\/wp\/v2\/product_cat?post=40485"},{"taxonomy":"product_tag","embeddable":true,"href":"https:\/\/paracherkaoui.ma\/index.php\/wp-json\/wp\/v2\/product_tag?post=40485"}],"curies":[{"name":"wp","href":"https:\/\/api.w.org\/{rel}","templated":true}]}}