{"id":39713,"date":"2025-12-12T19:03:06","date_gmt":"2025-12-12T18:03:06","guid":{"rendered":"https:\/\/test.ecbeaute.com\/?post_type=product&#038;p=39713"},"modified":"2025-12-12T19:03:10","modified_gmt":"2025-12-12T18:03:10","slug":"real-techniques-brosse-expert-correcteur-de-teint","status":"publish","type":"product","link":"https:\/\/paracherkaoui.ma\/index.php\/produit\/real-techniques-brosse-expert-correcteur-de-teint\/","title":{"rendered":"REAL TECHNIQUES BROSSE EXPERT CORRECTEUR DE TEINT"},"content":{"rendered":"<p>D\u00e9couvrez le pinceau RT 210, l&rsquo;outil indispensable pour une application de maquillage pr\u00e9cise et professionnelle. Ce pinceau est sp\u00e9cialement con\u00e7u pour appliquer et estomper le correcteur, permettant de dissimuler les imperfections et d&rsquo;unifier le teint avec une grande pr\u00e9cision. Gr\u00e2ce \u00e0 ses fibres synth\u00e9tiques douces et ses poils d&rsquo;ours soyeux, le pinceau RT 210 offre une application uniforme sans aucune coulure, pour un r\u00e9sultat impeccable \u00e0 chaque utilisation.<br \/>\nLes fibres synth\u00e9tiques de haute qualit\u00e9 garantissent non seulement une douceur exceptionnelle, mais aussi une grande durabilit\u00e9. Contrairement aux pinceaux traditionnels, les poils du RT 210 ne se d\u00e9forment pas et ne perdent pas leur densit\u00e9, m\u00eame apr\u00e8s de nombreuses utilisations. De plus, ces fibres sont hypoallerg\u00e9niques et conviennent parfaitement aux peaux sensibles, minimisant les risques d&rsquo;irritation.<\/p>\n","protected":false},"excerpt":{"rendered":"<p>D\u00e9couvrez le pinceau RT 210, l&rsquo;outil indispensable pour une application de maquillage pr\u00e9cise et professionnelle. Ce pinceau est sp\u00e9cialement con\u00e7u<\/p>\n","protected":false},"featured_media":39754,"comment_status":"open","ping_status":"closed","template":"","meta":[],"product_brand":[694],"product_cat":[691],"product_tag":[],"class_list":{"0":"post-39713","1":"product","2":"type-product","3":"status-publish","4":"has-post-thumbnail","6":"product_brand-real-techniques","7":"product_cat-accessoires-de-maquillages","9":"first","10":"instock","11":"shipping-taxable","12":"purchasable","13":"product-type-simple"},"yoast_head":"<!-- This site is optimized with the Yoast SEO plugin v26.6 - https:\/\/yoast.com\/wordpress\/plugins\/seo\/ -->\r\n<title>REAL TECHNIQUES BROSSE EXPERT CORRECTEUR DE TEINT - Paracherkaoui.ma<\/title>\r\n<meta name=\"robots\" content=\"index, follow, max-snippet:-1, max-image-preview:large, max-video-preview:-1\" \/>\r\n<link rel=\"canonical\" href=\"https:\/\/paracherkaoui.ma\/index.php\/produit\/real-techniques-brosse-expert-correcteur-de-teint\/\" \/>\r\n<meta property=\"og:locale\" content=\"fr_FR\" \/>\r\n<meta property=\"og:type\" content=\"article\" \/>\r\n<meta property=\"og:title\" content=\"REAL TECHNIQUES BROSSE EXPERT CORRECTEUR DE TEINT - Paracherkaoui.ma\" \/>\r\n<meta property=\"og:description\" content=\"D\u00e9couvrez le pinceau RT 210, l&rsquo;outil indispensable pour une application de maquillage pr\u00e9cise et professionnelle. Ce pinceau est sp\u00e9cialement con\u00e7u\" \/>\r\n<meta property=\"og:url\" content=\"https:\/\/paracherkaoui.ma\/index.php\/produit\/real-techniques-brosse-expert-correcteur-de-teint\/\" \/>\r\n<meta property=\"og:site_name\" content=\"Paracherkaoui.ma\" \/>\r\n<meta property=\"article:modified_time\" content=\"2025-12-12T18:03:10+00:00\" \/>\r\n<meta property=\"og:image\" content=\"https:\/\/paracherkaoui.ma\/wp-content\/uploads\/2025\/12\/real-techniques-brosse-expert-correcteur-de-teint.jpg\" \/>\r\n\t<meta property=\"og:image:width\" content=\"700\" \/>\r\n\t<meta property=\"og:image:height\" content=\"700\" \/>\r\n\t<meta property=\"og:image:type\" content=\"image\/jpeg\" \/>\r\n<meta name=\"twitter:card\" content=\"summary_large_image\" \/>\r\n<meta name=\"twitter:label1\" content=\"Dur\u00e9e de lecture estim\u00e9e\" \/>\n\t<meta name=\"twitter:data1\" content=\"1 minute\" \/>\r\n<script type=\"application\/ld+json\" class=\"yoast-schema-graph\">{\"@context\":\"https:\/\/schema.org\",\"@graph\":[{\"@type\":\"WebPage\",\"@id\":\"https:\/\/paracherkaoui.ma\/index.php\/produit\/real-techniques-brosse-expert-correcteur-de-teint\/\",\"url\":\"https:\/\/paracherkaoui.ma\/index.php\/produit\/real-techniques-brosse-expert-correcteur-de-teint\/\",\"name\":\"REAL TECHNIQUES BROSSE EXPERT CORRECTEUR DE TEINT - Paracherkaoui.ma\",\"isPartOf\":{\"@id\":\"https:\/\/paracherkaoui.ma\/#website\"},\"primaryImageOfPage\":{\"@id\":\"https:\/\/paracherkaoui.ma\/index.php\/produit\/real-techniques-brosse-expert-correcteur-de-teint\/#primaryimage\"},\"image\":{\"@id\":\"https:\/\/paracherkaoui.ma\/index.php\/produit\/real-techniques-brosse-expert-correcteur-de-teint\/#primaryimage\"},\"thumbnailUrl\":\"https:\/\/paracherkaoui.ma\/wp-content\/uploads\/2025\/12\/real-techniques-brosse-expert-correcteur-de-teint.jpg\",\"datePublished\":\"2025-12-12T18:03:06+00:00\",\"dateModified\":\"2025-12-12T18:03:10+00:00\",\"breadcrumb\":{\"@id\":\"https:\/\/paracherkaoui.ma\/index.php\/produit\/real-techniques-brosse-expert-correcteur-de-teint\/#breadcrumb\"},\"inLanguage\":\"fr-FR\",\"potentialAction\":[{\"@type\":\"ReadAction\",\"target\":[\"https:\/\/paracherkaoui.ma\/index.php\/produit\/real-techniques-brosse-expert-correcteur-de-teint\/\"]}]},{\"@type\":\"ImageObject\",\"inLanguage\":\"fr-FR\",\"@id\":\"https:\/\/paracherkaoui.ma\/index.php\/produit\/real-techniques-brosse-expert-correcteur-de-teint\/#primaryimage\",\"url\":\"https:\/\/paracherkaoui.ma\/wp-content\/uploads\/2025\/12\/real-techniques-brosse-expert-correcteur-de-teint.jpg\",\"contentUrl\":\"https:\/\/paracherkaoui.ma\/wp-content\/uploads\/2025\/12\/real-techniques-brosse-expert-correcteur-de-teint.jpg\",\"width\":700,\"height\":700},{\"@type\":\"BreadcrumbList\",\"@id\":\"https:\/\/paracherkaoui.ma\/index.php\/produit\/real-techniques-brosse-expert-correcteur-de-teint\/#breadcrumb\",\"itemListElement\":[{\"@type\":\"ListItem\",\"position\":1,\"name\":\"Accueil\",\"item\":\"https:\/\/paracherkaoui.ma\/\"},{\"@type\":\"ListItem\",\"position\":2,\"name\":\"Boutique\",\"item\":\"https:\/\/paracherkaoui.ma\/index.php\/boutique\/\"},{\"@type\":\"ListItem\",\"position\":3,\"name\":\"REAL TECHNIQUES BROSSE EXPERT CORRECTEUR DE TEINT\"}]},{\"@type\":\"WebSite\",\"@id\":\"https:\/\/paracherkaoui.ma\/#website\",\"url\":\"https:\/\/paracherkaoui.ma\/\",\"name\":\"Paracherkaoui.ma\",\"description\":\"Achetez en ligne sur Paracherkaoui.ma\",\"potentialAction\":[{\"@type\":\"SearchAction\",\"target\":{\"@type\":\"EntryPoint\",\"urlTemplate\":\"https:\/\/paracherkaoui.ma\/?s={search_term_string}\"},\"query-input\":{\"@type\":\"PropertyValueSpecification\",\"valueRequired\":true,\"valueName\":\"search_term_string\"}}],\"inLanguage\":\"fr-FR\"}]}<\/script>\r\n<!-- \/ Yoast SEO plugin. -->","yoast_head_json":{"title":"REAL TECHNIQUES BROSSE EXPERT CORRECTEUR DE TEINT - Paracherkaoui.ma","robots":{"index":"index","follow":"follow","max-snippet":"max-snippet:-1","max-image-preview":"max-image-preview:large","max-video-preview":"max-video-preview:-1"},"canonical":"https:\/\/paracherkaoui.ma\/index.php\/produit\/real-techniques-brosse-expert-correcteur-de-teint\/","og_locale":"fr_FR","og_type":"article","og_title":"REAL TECHNIQUES BROSSE EXPERT CORRECTEUR DE TEINT - Paracherkaoui.ma","og_description":"D\u00e9couvrez le pinceau RT 210, l&rsquo;outil indispensable pour une application de maquillage pr\u00e9cise et professionnelle. Ce pinceau est sp\u00e9cialement con\u00e7u","og_url":"https:\/\/paracherkaoui.ma\/index.php\/produit\/real-techniques-brosse-expert-correcteur-de-teint\/","og_site_name":"Paracherkaoui.ma","article_modified_time":"2025-12-12T18:03:10+00:00","og_image":[{"width":700,"height":700,"url":"https:\/\/paracherkaoui.ma\/wp-content\/uploads\/2025\/12\/real-techniques-brosse-expert-correcteur-de-teint.jpg","type":"image\/jpeg"}],"twitter_card":"summary_large_image","twitter_misc":{"Dur\u00e9e de lecture estim\u00e9e":"1 minute"},"schema":{"@context":"https:\/\/schema.org","@graph":[{"@type":"WebPage","@id":"https:\/\/paracherkaoui.ma\/index.php\/produit\/real-techniques-brosse-expert-correcteur-de-teint\/","url":"https:\/\/paracherkaoui.ma\/index.php\/produit\/real-techniques-brosse-expert-correcteur-de-teint\/","name":"REAL TECHNIQUES BROSSE EXPERT CORRECTEUR DE TEINT - Paracherkaoui.ma","isPartOf":{"@id":"https:\/\/paracherkaoui.ma\/#website"},"primaryImageOfPage":{"@id":"https:\/\/paracherkaoui.ma\/index.php\/produit\/real-techniques-brosse-expert-correcteur-de-teint\/#primaryimage"},"image":{"@id":"https:\/\/paracherkaoui.ma\/index.php\/produit\/real-techniques-brosse-expert-correcteur-de-teint\/#primaryimage"},"thumbnailUrl":"https:\/\/paracherkaoui.ma\/wp-content\/uploads\/2025\/12\/real-techniques-brosse-expert-correcteur-de-teint.jpg","datePublished":"2025-12-12T18:03:06+00:00","dateModified":"2025-12-12T18:03:10+00:00","breadcrumb":{"@id":"https:\/\/paracherkaoui.ma\/index.php\/produit\/real-techniques-brosse-expert-correcteur-de-teint\/#breadcrumb"},"inLanguage":"fr-FR","potentialAction":[{"@type":"ReadAction","target":["https:\/\/paracherkaoui.ma\/index.php\/produit\/real-techniques-brosse-expert-correcteur-de-teint\/"]}]},{"@type":"ImageObject","inLanguage":"fr-FR","@id":"https:\/\/paracherkaoui.ma\/index.php\/produit\/real-techniques-brosse-expert-correcteur-de-teint\/#primaryimage","url":"https:\/\/paracherkaoui.ma\/wp-content\/uploads\/2025\/12\/real-techniques-brosse-expert-correcteur-de-teint.jpg","contentUrl":"https:\/\/paracherkaoui.ma\/wp-content\/uploads\/2025\/12\/real-techniques-brosse-expert-correcteur-de-teint.jpg","width":700,"height":700},{"@type":"BreadcrumbList","@id":"https:\/\/paracherkaoui.ma\/index.php\/produit\/real-techniques-brosse-expert-correcteur-de-teint\/#breadcrumb","itemListElement":[{"@type":"ListItem","position":1,"name":"Accueil","item":"https:\/\/paracherkaoui.ma\/"},{"@type":"ListItem","position":2,"name":"Boutique","item":"https:\/\/paracherkaoui.ma\/index.php\/boutique\/"},{"@type":"ListItem","position":3,"name":"REAL TECHNIQUES BROSSE EXPERT CORRECTEUR DE TEINT"}]},{"@type":"WebSite","@id":"https:\/\/paracherkaoui.ma\/#website","url":"https:\/\/paracherkaoui.ma\/","name":"Paracherkaoui.ma","description":"Achetez en ligne sur Paracherkaoui.ma","potentialAction":[{"@type":"SearchAction","target":{"@type":"EntryPoint","urlTemplate":"https:\/\/paracherkaoui.ma\/?s={search_term_string}"},"query-input":{"@type":"PropertyValueSpecification","valueRequired":true,"valueName":"search_term_string"}}],"inLanguage":"fr-FR"}]}},"_links":{"self":[{"href":"https:\/\/paracherkaoui.ma\/index.php\/wp-json\/wp\/v2\/product\/39713","targetHints":{"allow":["GET"]}}],"collection":[{"href":"https:\/\/paracherkaoui.ma\/index.php\/wp-json\/wp\/v2\/product"}],"about":[{"href":"https:\/\/paracherkaoui.ma\/index.php\/wp-json\/wp\/v2\/types\/product"}],"replies":[{"embeddable":true,"href":"https:\/\/paracherkaoui.ma\/index.php\/wp-json\/wp\/v2\/comments?post=39713"}],"version-history":[{"count":1,"href":"https:\/\/paracherkaoui.ma\/index.php\/wp-json\/wp\/v2\/product\/39713\/revisions"}],"predecessor-version":[{"id":39755,"href":"https:\/\/paracherkaoui.ma\/index.php\/wp-json\/wp\/v2\/product\/39713\/revisions\/39755"}],"wp:featuredmedia":[{"embeddable":true,"href":"https:\/\/paracherkaoui.ma\/index.php\/wp-json\/wp\/v2\/media\/39754"}],"wp:attachment":[{"href":"https:\/\/paracherkaoui.ma\/index.php\/wp-json\/wp\/v2\/media?parent=39713"}],"wp:term":[{"taxonomy":"product_brand","embeddable":true,"href":"https:\/\/paracherkaoui.ma\/index.php\/wp-json\/wp\/v2\/product_brand?post=39713"},{"taxonomy":"product_cat","embeddable":true,"href":"https:\/\/paracherkaoui.ma\/index.php\/wp-json\/wp\/v2\/product_cat?post=39713"},{"taxonomy":"product_tag","embeddable":true,"href":"https:\/\/paracherkaoui.ma\/index.php\/wp-json\/wp\/v2\/product_tag?post=39713"}],"curies":[{"name":"wp","href":"https:\/\/api.w.org\/{rel}","templated":true}]}}