{"id":39397,"date":"2025-12-12T19:02:20","date_gmt":"2025-12-12T18:02:20","guid":{"rendered":"https:\/\/test.ecbeaute.com\/?post_type=product&#038;p=39397"},"modified":"2025-12-12T19:02:25","modified_gmt":"2025-12-12T18:02:25","slug":"real-techniques-brosse-de-poudre","status":"publish","type":"product","link":"https:\/\/paracherkaoui.ma\/index.php\/produit\/real-techniques-brosse-de-poudre\/","title":{"rendered":"REAL TECHNIQUES BROSSE DE POUDRE"},"content":{"rendered":"<p>D\u00e9couvrez le secret d&rsquo;un maquillage impeccable avec le pinceau RT 201 de Real Techniques. Con\u00e7u avec des soies de qualit\u00e9 premium, ce pinceau vous garantit des r\u00e9sultats professionnels \u00e0 chaque utilisation. Que vous soyez une maquilleuse professionnelle ou une passionn\u00e9e de beaut\u00e9, le RT 201 devient rapidement un outil indispensable dans votre trousse de maquillage.<br \/>\nLes poils ultra-doux du pinceau RT 201 permettent une application uniforme de la poudre, offrant une finition douce et soyeuse. Chaque coup de pinceau d\u00e9pose la juste quantit\u00e9 de produit sur votre peau, sans cr\u00e9er de d\u00e9marcation. Les soies synth\u00e9tiques sont non seulement douces mais aussi durables, garantissant une utilisation sans cruaut\u00e9 envers les animaux et respectueuse de l&rsquo;environnement.<br \/>\nCe pinceau est parfait pour appliquer tous types de poudres, qu&rsquo;il s&rsquo;agisse de poudre libre, de poudre compacte ou m\u00eame de blush. Sa forme ergonomique et son manche robuste offrent une prise en main optimale, vous permettant de contr\u00f4ler chaque mouvement avec pr\u00e9cision. Ainsi, vous pouvez cr\u00e9er des looks naturels ou plus sophistiqu\u00e9s, selon vos envies.<\/p>\n","protected":false},"excerpt":{"rendered":"<p>D\u00e9couvrez le secret d&rsquo;un maquillage impeccable avec le pinceau RT 201 de Real Techniques. Con\u00e7u avec des soies de qualit\u00e9<\/p>\n","protected":false},"featured_media":39443,"comment_status":"open","ping_status":"closed","template":"","meta":[],"product_brand":[694],"product_cat":[691],"product_tag":[],"class_list":{"0":"post-39397","1":"product","2":"type-product","3":"status-publish","4":"has-post-thumbnail","6":"product_brand-real-techniques","7":"product_cat-accessoires-de-maquillages","9":"first","10":"instock","11":"shipping-taxable","12":"purchasable","13":"product-type-simple"},"yoast_head":"<!-- This site is optimized with the Yoast SEO plugin v26.6 - https:\/\/yoast.com\/wordpress\/plugins\/seo\/ -->\r\n<title>REAL TECHNIQUES BROSSE DE POUDRE - Paracherkaoui.ma<\/title>\r\n<meta name=\"robots\" content=\"index, follow, max-snippet:-1, max-image-preview:large, max-video-preview:-1\" \/>\r\n<link rel=\"canonical\" href=\"https:\/\/paracherkaoui.ma\/index.php\/produit\/real-techniques-brosse-de-poudre\/\" \/>\r\n<meta property=\"og:locale\" content=\"fr_FR\" \/>\r\n<meta property=\"og:type\" content=\"article\" \/>\r\n<meta property=\"og:title\" content=\"REAL TECHNIQUES BROSSE DE POUDRE - Paracherkaoui.ma\" \/>\r\n<meta property=\"og:description\" content=\"D\u00e9couvrez le secret d&rsquo;un maquillage impeccable avec le pinceau RT 201 de Real Techniques. Con\u00e7u avec des soies de qualit\u00e9\" \/>\r\n<meta property=\"og:url\" content=\"https:\/\/paracherkaoui.ma\/index.php\/produit\/real-techniques-brosse-de-poudre\/\" \/>\r\n<meta property=\"og:site_name\" content=\"Paracherkaoui.ma\" \/>\r\n<meta property=\"article:modified_time\" content=\"2025-12-12T18:02:25+00:00\" \/>\r\n<meta property=\"og:image\" content=\"https:\/\/paracherkaoui.ma\/wp-content\/uploads\/2025\/12\/real-techniques-brosse-de-poudre.jpg\" \/>\r\n\t<meta property=\"og:image:width\" content=\"700\" \/>\r\n\t<meta property=\"og:image:height\" content=\"700\" \/>\r\n\t<meta property=\"og:image:type\" content=\"image\/jpeg\" \/>\r\n<meta name=\"twitter:card\" content=\"summary_large_image\" \/>\r\n<meta name=\"twitter:label1\" content=\"Dur\u00e9e de lecture estim\u00e9e\" \/>\n\t<meta name=\"twitter:data1\" content=\"1 minute\" \/>\r\n<script type=\"application\/ld+json\" class=\"yoast-schema-graph\">{\"@context\":\"https:\/\/schema.org\",\"@graph\":[{\"@type\":\"WebPage\",\"@id\":\"https:\/\/paracherkaoui.ma\/index.php\/produit\/real-techniques-brosse-de-poudre\/\",\"url\":\"https:\/\/paracherkaoui.ma\/index.php\/produit\/real-techniques-brosse-de-poudre\/\",\"name\":\"REAL TECHNIQUES BROSSE DE POUDRE - Paracherkaoui.ma\",\"isPartOf\":{\"@id\":\"https:\/\/paracherkaoui.ma\/#website\"},\"primaryImageOfPage\":{\"@id\":\"https:\/\/paracherkaoui.ma\/index.php\/produit\/real-techniques-brosse-de-poudre\/#primaryimage\"},\"image\":{\"@id\":\"https:\/\/paracherkaoui.ma\/index.php\/produit\/real-techniques-brosse-de-poudre\/#primaryimage\"},\"thumbnailUrl\":\"https:\/\/paracherkaoui.ma\/wp-content\/uploads\/2025\/12\/real-techniques-brosse-de-poudre.jpg\",\"datePublished\":\"2025-12-12T18:02:20+00:00\",\"dateModified\":\"2025-12-12T18:02:25+00:00\",\"breadcrumb\":{\"@id\":\"https:\/\/paracherkaoui.ma\/index.php\/produit\/real-techniques-brosse-de-poudre\/#breadcrumb\"},\"inLanguage\":\"fr-FR\",\"potentialAction\":[{\"@type\":\"ReadAction\",\"target\":[\"https:\/\/paracherkaoui.ma\/index.php\/produit\/real-techniques-brosse-de-poudre\/\"]}]},{\"@type\":\"ImageObject\",\"inLanguage\":\"fr-FR\",\"@id\":\"https:\/\/paracherkaoui.ma\/index.php\/produit\/real-techniques-brosse-de-poudre\/#primaryimage\",\"url\":\"https:\/\/paracherkaoui.ma\/wp-content\/uploads\/2025\/12\/real-techniques-brosse-de-poudre.jpg\",\"contentUrl\":\"https:\/\/paracherkaoui.ma\/wp-content\/uploads\/2025\/12\/real-techniques-brosse-de-poudre.jpg\",\"width\":700,\"height\":700},{\"@type\":\"BreadcrumbList\",\"@id\":\"https:\/\/paracherkaoui.ma\/index.php\/produit\/real-techniques-brosse-de-poudre\/#breadcrumb\",\"itemListElement\":[{\"@type\":\"ListItem\",\"position\":1,\"name\":\"Accueil\",\"item\":\"https:\/\/paracherkaoui.ma\/\"},{\"@type\":\"ListItem\",\"position\":2,\"name\":\"Boutique\",\"item\":\"https:\/\/paracherkaoui.ma\/index.php\/boutique\/\"},{\"@type\":\"ListItem\",\"position\":3,\"name\":\"REAL TECHNIQUES BROSSE DE POUDRE\"}]},{\"@type\":\"WebSite\",\"@id\":\"https:\/\/paracherkaoui.ma\/#website\",\"url\":\"https:\/\/paracherkaoui.ma\/\",\"name\":\"Paracherkaoui.ma\",\"description\":\"Achetez en ligne sur Paracherkaoui.ma\",\"potentialAction\":[{\"@type\":\"SearchAction\",\"target\":{\"@type\":\"EntryPoint\",\"urlTemplate\":\"https:\/\/paracherkaoui.ma\/?s={search_term_string}\"},\"query-input\":{\"@type\":\"PropertyValueSpecification\",\"valueRequired\":true,\"valueName\":\"search_term_string\"}}],\"inLanguage\":\"fr-FR\"}]}<\/script>\r\n<!-- \/ Yoast SEO plugin. -->","yoast_head_json":{"title":"REAL TECHNIQUES BROSSE DE POUDRE - Paracherkaoui.ma","robots":{"index":"index","follow":"follow","max-snippet":"max-snippet:-1","max-image-preview":"max-image-preview:large","max-video-preview":"max-video-preview:-1"},"canonical":"https:\/\/paracherkaoui.ma\/index.php\/produit\/real-techniques-brosse-de-poudre\/","og_locale":"fr_FR","og_type":"article","og_title":"REAL TECHNIQUES BROSSE DE POUDRE - Paracherkaoui.ma","og_description":"D\u00e9couvrez le secret d&rsquo;un maquillage impeccable avec le pinceau RT 201 de Real Techniques. Con\u00e7u avec des soies de qualit\u00e9","og_url":"https:\/\/paracherkaoui.ma\/index.php\/produit\/real-techniques-brosse-de-poudre\/","og_site_name":"Paracherkaoui.ma","article_modified_time":"2025-12-12T18:02:25+00:00","og_image":[{"width":700,"height":700,"url":"https:\/\/paracherkaoui.ma\/wp-content\/uploads\/2025\/12\/real-techniques-brosse-de-poudre.jpg","type":"image\/jpeg"}],"twitter_card":"summary_large_image","twitter_misc":{"Dur\u00e9e de lecture estim\u00e9e":"1 minute"},"schema":{"@context":"https:\/\/schema.org","@graph":[{"@type":"WebPage","@id":"https:\/\/paracherkaoui.ma\/index.php\/produit\/real-techniques-brosse-de-poudre\/","url":"https:\/\/paracherkaoui.ma\/index.php\/produit\/real-techniques-brosse-de-poudre\/","name":"REAL TECHNIQUES BROSSE DE POUDRE - Paracherkaoui.ma","isPartOf":{"@id":"https:\/\/paracherkaoui.ma\/#website"},"primaryImageOfPage":{"@id":"https:\/\/paracherkaoui.ma\/index.php\/produit\/real-techniques-brosse-de-poudre\/#primaryimage"},"image":{"@id":"https:\/\/paracherkaoui.ma\/index.php\/produit\/real-techniques-brosse-de-poudre\/#primaryimage"},"thumbnailUrl":"https:\/\/paracherkaoui.ma\/wp-content\/uploads\/2025\/12\/real-techniques-brosse-de-poudre.jpg","datePublished":"2025-12-12T18:02:20+00:00","dateModified":"2025-12-12T18:02:25+00:00","breadcrumb":{"@id":"https:\/\/paracherkaoui.ma\/index.php\/produit\/real-techniques-brosse-de-poudre\/#breadcrumb"},"inLanguage":"fr-FR","potentialAction":[{"@type":"ReadAction","target":["https:\/\/paracherkaoui.ma\/index.php\/produit\/real-techniques-brosse-de-poudre\/"]}]},{"@type":"ImageObject","inLanguage":"fr-FR","@id":"https:\/\/paracherkaoui.ma\/index.php\/produit\/real-techniques-brosse-de-poudre\/#primaryimage","url":"https:\/\/paracherkaoui.ma\/wp-content\/uploads\/2025\/12\/real-techniques-brosse-de-poudre.jpg","contentUrl":"https:\/\/paracherkaoui.ma\/wp-content\/uploads\/2025\/12\/real-techniques-brosse-de-poudre.jpg","width":700,"height":700},{"@type":"BreadcrumbList","@id":"https:\/\/paracherkaoui.ma\/index.php\/produit\/real-techniques-brosse-de-poudre\/#breadcrumb","itemListElement":[{"@type":"ListItem","position":1,"name":"Accueil","item":"https:\/\/paracherkaoui.ma\/"},{"@type":"ListItem","position":2,"name":"Boutique","item":"https:\/\/paracherkaoui.ma\/index.php\/boutique\/"},{"@type":"ListItem","position":3,"name":"REAL TECHNIQUES BROSSE DE POUDRE"}]},{"@type":"WebSite","@id":"https:\/\/paracherkaoui.ma\/#website","url":"https:\/\/paracherkaoui.ma\/","name":"Paracherkaoui.ma","description":"Achetez en ligne sur Paracherkaoui.ma","potentialAction":[{"@type":"SearchAction","target":{"@type":"EntryPoint","urlTemplate":"https:\/\/paracherkaoui.ma\/?s={search_term_string}"},"query-input":{"@type":"PropertyValueSpecification","valueRequired":true,"valueName":"search_term_string"}}],"inLanguage":"fr-FR"}]}},"_links":{"self":[{"href":"https:\/\/paracherkaoui.ma\/index.php\/wp-json\/wp\/v2\/product\/39397","targetHints":{"allow":["GET"]}}],"collection":[{"href":"https:\/\/paracherkaoui.ma\/index.php\/wp-json\/wp\/v2\/product"}],"about":[{"href":"https:\/\/paracherkaoui.ma\/index.php\/wp-json\/wp\/v2\/types\/product"}],"replies":[{"embeddable":true,"href":"https:\/\/paracherkaoui.ma\/index.php\/wp-json\/wp\/v2\/comments?post=39397"}],"version-history":[{"count":1,"href":"https:\/\/paracherkaoui.ma\/index.php\/wp-json\/wp\/v2\/product\/39397\/revisions"}],"predecessor-version":[{"id":39444,"href":"https:\/\/paracherkaoui.ma\/index.php\/wp-json\/wp\/v2\/product\/39397\/revisions\/39444"}],"wp:featuredmedia":[{"embeddable":true,"href":"https:\/\/paracherkaoui.ma\/index.php\/wp-json\/wp\/v2\/media\/39443"}],"wp:attachment":[{"href":"https:\/\/paracherkaoui.ma\/index.php\/wp-json\/wp\/v2\/media?parent=39397"}],"wp:term":[{"taxonomy":"product_brand","embeddable":true,"href":"https:\/\/paracherkaoui.ma\/index.php\/wp-json\/wp\/v2\/product_brand?post=39397"},{"taxonomy":"product_cat","embeddable":true,"href":"https:\/\/paracherkaoui.ma\/index.php\/wp-json\/wp\/v2\/product_cat?post=39397"},{"taxonomy":"product_tag","embeddable":true,"href":"https:\/\/paracherkaoui.ma\/index.php\/wp-json\/wp\/v2\/product_tag?post=39397"}],"curies":[{"name":"wp","href":"https:\/\/api.w.org\/{rel}","templated":true}]}}