{"id":39299,"date":"2025-12-12T19:02:10","date_gmt":"2025-12-12T18:02:10","guid":{"rendered":"https:\/\/test.ecbeaute.com\/?post_type=product&#038;p=39299"},"modified":"2025-12-12T19:02:12","modified_gmt":"2025-12-12T18:02:12","slug":"eucerin-sensitive-protect-kids-spf-50-sun-spray-200ml","status":"publish","type":"product","link":"https:\/\/paracherkaoui.ma\/index.php\/produit\/eucerin-sensitive-protect-kids-spf-50-sun-spray-200ml\/","title":{"rendered":"EUCERIN SENSITIVE PROTECT KIDS SPF 50+ SUN SPRAY 200ML"},"content":{"rendered":"<p>Eucerin Kids Sun Spray Sensitive Protect SPF 50+ est une cr\u00e8me solaire pour enfants sp\u00e9cialement formul\u00e9e pour apaiser la peau sensible et la prot\u00e9ger des coups de soleil et des dommages \u00e0 long terme induits par le soleil. Il convient \u00e9galement aux peaux atopiques. La technologie spectrale avanc\u00e9e combine des filtres UVA et UVB1 \u00e0 large bande et photostables pour une tr\u00e8s haute protection UV avec de la licochalcone A pour neutraliser les radicaux libres caus\u00e9s par la lumi\u00e8re UV et HEVIS.<br \/>\nLe spray de protection solaire pour enfants contient \u00e9galement de l\u2019acide glycyrrh\u00e9tinique qui soutient le m\u00e9canisme de r\u00e9paration de l\u2019ADN de la peau. Non parfum\u00e9e et tr\u00e8s r\u00e9sistante \u00e0 l&rsquo;eau, la formule contient \u00e9galement la technologie \u00ab Anti-Stain After Wash \u00bb d&rsquo;Eucerin.<br \/>\nEucerin Kids Sun Spray Sensitive Protect SPF 50+ est cliniquement et dermatologiquement prouv\u00e9 comme \u00e9tant adapt\u00e9 \u00e0 la peau sensible des enfants, y compris les peaux atteintes de dermatite atopique.<br \/>\nComposition :<br \/>\nLicochalcone A<br \/>\nLa licochalcone A est un anti-inflammatoire et antioxydant puissant d\u00e9riv\u00e9 de la racine de r\u00e9glisse. Cette plante profite de l\u2019efficacit\u00e9 antioxydante de la licochalcone A pour prot\u00e9ger ses cellules du rayonnement UV. Elle forme un d\u00e9p\u00f4t antioxydant sur la couche inf\u00e9rieure de l\u2019\u00e9piderme et offre une protection efficace contre les dommages provoqu\u00e9s par les radicaux libres. Lorsqu\u2019elle est appliqu\u00e9e sur une peau irrit\u00e9e, la licochalcone A r\u00e9duit rapidement les rougeurs et aide \u00e0 apaiser la peau agress\u00e9e.<br \/>\nAcide glycyrrh\u00e9tinique<br \/>\nL\u2019acide glycyrrh\u00e9tinique, un d\u00e9riv\u00e9 des racines de r\u00e9glisse (Glycyrrhiza glabra), est connu pour ses propri\u00e9t\u00e9s antioxydantes et anti-inflammatoires. Il a \u00e9galement \u00e9t\u00e9 d\u00e9montr\u00e9 qu\u2019il favorisait la reconstruction de l\u2019ADN de la peau ayant \u00e9t\u00e9 endommag\u00e9e par le rayonnement UV.<br \/>\nConseils d&rsquo;utilisation:<br \/>\nBien agiter avant emploi. Ne vaporisez pas directement sur le visage \/ \u00e9vitez d&rsquo;inhaler. \u00c9vitez tout contact avec les yeux.<\/p>\n","protected":false},"excerpt":{"rendered":"<p>Eucerin Kids Sun Spray Sensitive Protect SPF 50+ est une cr\u00e8me solaire pour enfants sp\u00e9cialement formul\u00e9e pour apaiser la peau<\/p>\n","protected":false},"featured_media":39329,"comment_status":"open","ping_status":"closed","template":"","meta":[],"product_brand":[134],"product_cat":[685],"product_tag":[],"class_list":{"0":"post-39299","1":"product","2":"type-product","3":"status-publish","4":"has-post-thumbnail","6":"product_brand-eucerin","7":"product_cat-solaires-bebes-et-enfants","9":"first","10":"instock","11":"sale","12":"shipping-taxable","13":"purchasable","14":"product-type-simple"},"yoast_head":"<!-- This site is optimized with the Yoast SEO plugin v26.6 - https:\/\/yoast.com\/wordpress\/plugins\/seo\/ -->\r\n<title>EUCERIN SENSITIVE PROTECT KIDS SPF 50+ SUN SPRAY 200ML - Paracherkaoui.ma<\/title>\r\n<meta name=\"robots\" content=\"index, follow, max-snippet:-1, max-image-preview:large, max-video-preview:-1\" \/>\r\n<link rel=\"canonical\" href=\"https:\/\/paracherkaoui.ma\/index.php\/produit\/eucerin-sensitive-protect-kids-spf-50-sun-spray-200ml\/\" \/>\r\n<meta property=\"og:locale\" content=\"fr_FR\" \/>\r\n<meta property=\"og:type\" content=\"article\" \/>\r\n<meta property=\"og:title\" content=\"EUCERIN SENSITIVE PROTECT KIDS SPF 50+ SUN SPRAY 200ML - Paracherkaoui.ma\" \/>\r\n<meta property=\"og:description\" content=\"Eucerin Kids Sun Spray Sensitive Protect SPF 50+ est une cr\u00e8me solaire pour enfants sp\u00e9cialement formul\u00e9e pour apaiser la peau\" \/>\r\n<meta property=\"og:url\" content=\"https:\/\/paracherkaoui.ma\/index.php\/produit\/eucerin-sensitive-protect-kids-spf-50-sun-spray-200ml\/\" \/>\r\n<meta property=\"og:site_name\" content=\"Paracherkaoui.ma\" \/>\r\n<meta property=\"article:modified_time\" content=\"2025-12-12T18:02:12+00:00\" \/>\r\n<meta property=\"og:image\" content=\"https:\/\/paracherkaoui.ma\/wp-content\/uploads\/2025\/12\/eucerin-eucerin-sensitive-protect-kids-spf-50-sun-spray-200ml-solaires-enfants.jpg\" \/>\r\n\t<meta property=\"og:image:width\" content=\"700\" \/>\r\n\t<meta property=\"og:image:height\" content=\"700\" \/>\r\n\t<meta property=\"og:image:type\" content=\"image\/jpeg\" \/>\r\n<meta name=\"twitter:card\" content=\"summary_large_image\" \/>\r\n<meta name=\"twitter:label1\" content=\"Dur\u00e9e de lecture estim\u00e9e\" \/>\n\t<meta name=\"twitter:data1\" content=\"2 minutes\" \/>\r\n<script type=\"application\/ld+json\" class=\"yoast-schema-graph\">{\"@context\":\"https:\/\/schema.org\",\"@graph\":[{\"@type\":\"WebPage\",\"@id\":\"https:\/\/paracherkaoui.ma\/index.php\/produit\/eucerin-sensitive-protect-kids-spf-50-sun-spray-200ml\/\",\"url\":\"https:\/\/paracherkaoui.ma\/index.php\/produit\/eucerin-sensitive-protect-kids-spf-50-sun-spray-200ml\/\",\"name\":\"EUCERIN SENSITIVE PROTECT KIDS SPF 50+ SUN SPRAY 200ML - Paracherkaoui.ma\",\"isPartOf\":{\"@id\":\"https:\/\/paracherkaoui.ma\/#website\"},\"primaryImageOfPage\":{\"@id\":\"https:\/\/paracherkaoui.ma\/index.php\/produit\/eucerin-sensitive-protect-kids-spf-50-sun-spray-200ml\/#primaryimage\"},\"image\":{\"@id\":\"https:\/\/paracherkaoui.ma\/index.php\/produit\/eucerin-sensitive-protect-kids-spf-50-sun-spray-200ml\/#primaryimage\"},\"thumbnailUrl\":\"https:\/\/paracherkaoui.ma\/wp-content\/uploads\/2025\/12\/eucerin-eucerin-sensitive-protect-kids-spf-50-sun-spray-200ml-solaires-enfants.jpg\",\"datePublished\":\"2025-12-12T18:02:10+00:00\",\"dateModified\":\"2025-12-12T18:02:12+00:00\",\"breadcrumb\":{\"@id\":\"https:\/\/paracherkaoui.ma\/index.php\/produit\/eucerin-sensitive-protect-kids-spf-50-sun-spray-200ml\/#breadcrumb\"},\"inLanguage\":\"fr-FR\",\"potentialAction\":[{\"@type\":\"ReadAction\",\"target\":[\"https:\/\/paracherkaoui.ma\/index.php\/produit\/eucerin-sensitive-protect-kids-spf-50-sun-spray-200ml\/\"]}]},{\"@type\":\"ImageObject\",\"inLanguage\":\"fr-FR\",\"@id\":\"https:\/\/paracherkaoui.ma\/index.php\/produit\/eucerin-sensitive-protect-kids-spf-50-sun-spray-200ml\/#primaryimage\",\"url\":\"https:\/\/paracherkaoui.ma\/wp-content\/uploads\/2025\/12\/eucerin-eucerin-sensitive-protect-kids-spf-50-sun-spray-200ml-solaires-enfants.jpg\",\"contentUrl\":\"https:\/\/paracherkaoui.ma\/wp-content\/uploads\/2025\/12\/eucerin-eucerin-sensitive-protect-kids-spf-50-sun-spray-200ml-solaires-enfants.jpg\",\"width\":700,\"height\":700},{\"@type\":\"BreadcrumbList\",\"@id\":\"https:\/\/paracherkaoui.ma\/index.php\/produit\/eucerin-sensitive-protect-kids-spf-50-sun-spray-200ml\/#breadcrumb\",\"itemListElement\":[{\"@type\":\"ListItem\",\"position\":1,\"name\":\"Accueil\",\"item\":\"https:\/\/paracherkaoui.ma\/\"},{\"@type\":\"ListItem\",\"position\":2,\"name\":\"Boutique\",\"item\":\"https:\/\/paracherkaoui.ma\/index.php\/boutique\/\"},{\"@type\":\"ListItem\",\"position\":3,\"name\":\"EUCERIN SENSITIVE PROTECT KIDS SPF 50+ SUN SPRAY 200ML\"}]},{\"@type\":\"WebSite\",\"@id\":\"https:\/\/paracherkaoui.ma\/#website\",\"url\":\"https:\/\/paracherkaoui.ma\/\",\"name\":\"Paracherkaoui.ma\",\"description\":\"Achetez en ligne sur Paracherkaoui.ma\",\"potentialAction\":[{\"@type\":\"SearchAction\",\"target\":{\"@type\":\"EntryPoint\",\"urlTemplate\":\"https:\/\/paracherkaoui.ma\/?s={search_term_string}\"},\"query-input\":{\"@type\":\"PropertyValueSpecification\",\"valueRequired\":true,\"valueName\":\"search_term_string\"}}],\"inLanguage\":\"fr-FR\"}]}<\/script>\r\n<!-- \/ Yoast SEO plugin. -->","yoast_head_json":{"title":"EUCERIN SENSITIVE PROTECT KIDS SPF 50+ SUN SPRAY 200ML - Paracherkaoui.ma","robots":{"index":"index","follow":"follow","max-snippet":"max-snippet:-1","max-image-preview":"max-image-preview:large","max-video-preview":"max-video-preview:-1"},"canonical":"https:\/\/paracherkaoui.ma\/index.php\/produit\/eucerin-sensitive-protect-kids-spf-50-sun-spray-200ml\/","og_locale":"fr_FR","og_type":"article","og_title":"EUCERIN SENSITIVE PROTECT KIDS SPF 50+ SUN SPRAY 200ML - Paracherkaoui.ma","og_description":"Eucerin Kids Sun Spray Sensitive Protect SPF 50+ est une cr\u00e8me solaire pour enfants sp\u00e9cialement formul\u00e9e pour apaiser la peau","og_url":"https:\/\/paracherkaoui.ma\/index.php\/produit\/eucerin-sensitive-protect-kids-spf-50-sun-spray-200ml\/","og_site_name":"Paracherkaoui.ma","article_modified_time":"2025-12-12T18:02:12+00:00","og_image":[{"width":700,"height":700,"url":"https:\/\/paracherkaoui.ma\/wp-content\/uploads\/2025\/12\/eucerin-eucerin-sensitive-protect-kids-spf-50-sun-spray-200ml-solaires-enfants.jpg","type":"image\/jpeg"}],"twitter_card":"summary_large_image","twitter_misc":{"Dur\u00e9e de lecture estim\u00e9e":"2 minutes"},"schema":{"@context":"https:\/\/schema.org","@graph":[{"@type":"WebPage","@id":"https:\/\/paracherkaoui.ma\/index.php\/produit\/eucerin-sensitive-protect-kids-spf-50-sun-spray-200ml\/","url":"https:\/\/paracherkaoui.ma\/index.php\/produit\/eucerin-sensitive-protect-kids-spf-50-sun-spray-200ml\/","name":"EUCERIN SENSITIVE PROTECT KIDS SPF 50+ SUN SPRAY 200ML - Paracherkaoui.ma","isPartOf":{"@id":"https:\/\/paracherkaoui.ma\/#website"},"primaryImageOfPage":{"@id":"https:\/\/paracherkaoui.ma\/index.php\/produit\/eucerin-sensitive-protect-kids-spf-50-sun-spray-200ml\/#primaryimage"},"image":{"@id":"https:\/\/paracherkaoui.ma\/index.php\/produit\/eucerin-sensitive-protect-kids-spf-50-sun-spray-200ml\/#primaryimage"},"thumbnailUrl":"https:\/\/paracherkaoui.ma\/wp-content\/uploads\/2025\/12\/eucerin-eucerin-sensitive-protect-kids-spf-50-sun-spray-200ml-solaires-enfants.jpg","datePublished":"2025-12-12T18:02:10+00:00","dateModified":"2025-12-12T18:02:12+00:00","breadcrumb":{"@id":"https:\/\/paracherkaoui.ma\/index.php\/produit\/eucerin-sensitive-protect-kids-spf-50-sun-spray-200ml\/#breadcrumb"},"inLanguage":"fr-FR","potentialAction":[{"@type":"ReadAction","target":["https:\/\/paracherkaoui.ma\/index.php\/produit\/eucerin-sensitive-protect-kids-spf-50-sun-spray-200ml\/"]}]},{"@type":"ImageObject","inLanguage":"fr-FR","@id":"https:\/\/paracherkaoui.ma\/index.php\/produit\/eucerin-sensitive-protect-kids-spf-50-sun-spray-200ml\/#primaryimage","url":"https:\/\/paracherkaoui.ma\/wp-content\/uploads\/2025\/12\/eucerin-eucerin-sensitive-protect-kids-spf-50-sun-spray-200ml-solaires-enfants.jpg","contentUrl":"https:\/\/paracherkaoui.ma\/wp-content\/uploads\/2025\/12\/eucerin-eucerin-sensitive-protect-kids-spf-50-sun-spray-200ml-solaires-enfants.jpg","width":700,"height":700},{"@type":"BreadcrumbList","@id":"https:\/\/paracherkaoui.ma\/index.php\/produit\/eucerin-sensitive-protect-kids-spf-50-sun-spray-200ml\/#breadcrumb","itemListElement":[{"@type":"ListItem","position":1,"name":"Accueil","item":"https:\/\/paracherkaoui.ma\/"},{"@type":"ListItem","position":2,"name":"Boutique","item":"https:\/\/paracherkaoui.ma\/index.php\/boutique\/"},{"@type":"ListItem","position":3,"name":"EUCERIN SENSITIVE PROTECT KIDS SPF 50+ SUN SPRAY 200ML"}]},{"@type":"WebSite","@id":"https:\/\/paracherkaoui.ma\/#website","url":"https:\/\/paracherkaoui.ma\/","name":"Paracherkaoui.ma","description":"Achetez en ligne sur Paracherkaoui.ma","potentialAction":[{"@type":"SearchAction","target":{"@type":"EntryPoint","urlTemplate":"https:\/\/paracherkaoui.ma\/?s={search_term_string}"},"query-input":{"@type":"PropertyValueSpecification","valueRequired":true,"valueName":"search_term_string"}}],"inLanguage":"fr-FR"}]}},"_links":{"self":[{"href":"https:\/\/paracherkaoui.ma\/index.php\/wp-json\/wp\/v2\/product\/39299","targetHints":{"allow":["GET"]}}],"collection":[{"href":"https:\/\/paracherkaoui.ma\/index.php\/wp-json\/wp\/v2\/product"}],"about":[{"href":"https:\/\/paracherkaoui.ma\/index.php\/wp-json\/wp\/v2\/types\/product"}],"replies":[{"embeddable":true,"href":"https:\/\/paracherkaoui.ma\/index.php\/wp-json\/wp\/v2\/comments?post=39299"}],"version-history":[{"count":1,"href":"https:\/\/paracherkaoui.ma\/index.php\/wp-json\/wp\/v2\/product\/39299\/revisions"}],"predecessor-version":[{"id":39330,"href":"https:\/\/paracherkaoui.ma\/index.php\/wp-json\/wp\/v2\/product\/39299\/revisions\/39330"}],"wp:featuredmedia":[{"embeddable":true,"href":"https:\/\/paracherkaoui.ma\/index.php\/wp-json\/wp\/v2\/media\/39329"}],"wp:attachment":[{"href":"https:\/\/paracherkaoui.ma\/index.php\/wp-json\/wp\/v2\/media?parent=39299"}],"wp:term":[{"taxonomy":"product_brand","embeddable":true,"href":"https:\/\/paracherkaoui.ma\/index.php\/wp-json\/wp\/v2\/product_brand?post=39299"},{"taxonomy":"product_cat","embeddable":true,"href":"https:\/\/paracherkaoui.ma\/index.php\/wp-json\/wp\/v2\/product_cat?post=39299"},{"taxonomy":"product_tag","embeddable":true,"href":"https:\/\/paracherkaoui.ma\/index.php\/wp-json\/wp\/v2\/product_tag?post=39299"}],"curies":[{"name":"wp","href":"https:\/\/api.w.org\/{rel}","templated":true}]}}