{"id":39223,"date":"2025-12-12T19:02:02","date_gmt":"2025-12-12T18:02:02","guid":{"rendered":"https:\/\/test.ecbeaute.com\/?post_type=product&#038;p=39223"},"modified":"2025-12-12T19:02:05","modified_gmt":"2025-12-12T18:02:05","slug":"hei-poa-pur-monoi-de-tahiti-ao-parfum-vanillier-100ml-3","status":"publish","type":"product","link":"https:\/\/paracherkaoui.ma\/index.php\/produit\/hei-poa-pur-monoi-de-tahiti-ao-parfum-vanillier-100ml-3\/","title":{"rendered":"HEI POA PUR MONOI DE TAHITI AO &#8211; PARFUM VANILLIER 100ML"},"content":{"rendered":"<p>Compos\u00e9 de deux ingr\u00e9dients immuables, la fleur de tiar\u00e9 et l&rsquo;huile de Coprah, le Mono\u00ef est le secret de beaut\u00e9 des Polyn\u00e9siennes,<br \/>\nSoin multi-usages, le Pur Mono\u00ef de Tahiti AO parfum Vanillier est utilis\u00e9 pour hydrater, nourrir, adoucir et r\u00e9parer la peau et les cheveux, Le parfum envo\u00fbtant et sensuel de vanille laisse un agr\u00e9able parfum sur la peau et les cheveux,<br \/>\nSANS COLORANT &#8211; SANS CONSERVATEUR<br \/>\nMono\u00ef de Tahiti Appellation d&rsquo;Origine : 95%<\/p>\n","protected":false},"excerpt":{"rendered":"<p>Compos\u00e9 de deux ingr\u00e9dients immuables, la fleur de tiar\u00e9 et l&rsquo;huile de Coprah, le Mono\u00ef est le secret de beaut\u00e9<\/p>\n","protected":false},"featured_media":38908,"comment_status":"open","ping_status":"closed","template":"","meta":[],"product_brand":[274],"product_cat":[683],"product_tag":[],"class_list":{"0":"post-39223","1":"product","2":"type-product","3":"status-publish","4":"has-post-thumbnail","6":"product_brand-hei-poa","7":"product_cat-bronzage","9":"first","10":"instock","11":"sale","12":"shipping-taxable","13":"purchasable","14":"product-type-simple"},"yoast_head":"<!-- This site is optimized with the Yoast SEO plugin v26.6 - https:\/\/yoast.com\/wordpress\/plugins\/seo\/ -->\r\n<title>HEI POA PUR MONOI DE TAHITI AO - PARFUM VANILLIER 100ML - Paracherkaoui.ma<\/title>\r\n<meta name=\"robots\" content=\"index, follow, max-snippet:-1, max-image-preview:large, max-video-preview:-1\" \/>\r\n<link rel=\"canonical\" href=\"https:\/\/paracherkaoui.ma\/index.php\/produit\/hei-poa-pur-monoi-de-tahiti-ao-parfum-vanillier-100ml-3\/\" \/>\r\n<meta property=\"og:locale\" content=\"fr_FR\" \/>\r\n<meta property=\"og:type\" content=\"article\" \/>\r\n<meta property=\"og:title\" content=\"HEI POA PUR MONOI DE TAHITI AO - PARFUM VANILLIER 100ML - Paracherkaoui.ma\" \/>\r\n<meta property=\"og:description\" content=\"Compos\u00e9 de deux ingr\u00e9dients immuables, la fleur de tiar\u00e9 et l&rsquo;huile de Coprah, le Mono\u00ef est le secret de beaut\u00e9\" \/>\r\n<meta property=\"og:url\" content=\"https:\/\/paracherkaoui.ma\/index.php\/produit\/hei-poa-pur-monoi-de-tahiti-ao-parfum-vanillier-100ml-3\/\" \/>\r\n<meta property=\"og:site_name\" content=\"Paracherkaoui.ma\" \/>\r\n<meta property=\"article:modified_time\" content=\"2025-12-12T18:02:05+00:00\" \/>\r\n<meta property=\"og:image\" content=\"https:\/\/paracherkaoui.ma\/wp-content\/uploads\/2025\/12\/hei-poa-pur-monoi-de-tahiti-ao-parfum-vanillier-100ml.jpg\" \/>\r\n\t<meta property=\"og:image:width\" content=\"700\" \/>\r\n\t<meta property=\"og:image:height\" content=\"700\" \/>\r\n\t<meta property=\"og:image:type\" content=\"image\/jpeg\" \/>\r\n<meta name=\"twitter:card\" content=\"summary_large_image\" \/>\r\n<script type=\"application\/ld+json\" class=\"yoast-schema-graph\">{\"@context\":\"https:\/\/schema.org\",\"@graph\":[{\"@type\":\"WebPage\",\"@id\":\"https:\/\/paracherkaoui.ma\/index.php\/produit\/hei-poa-pur-monoi-de-tahiti-ao-parfum-vanillier-100ml-3\/\",\"url\":\"https:\/\/paracherkaoui.ma\/index.php\/produit\/hei-poa-pur-monoi-de-tahiti-ao-parfum-vanillier-100ml-3\/\",\"name\":\"HEI POA PUR MONOI DE TAHITI AO - PARFUM VANILLIER 100ML - Paracherkaoui.ma\",\"isPartOf\":{\"@id\":\"https:\/\/paracherkaoui.ma\/#website\"},\"primaryImageOfPage\":{\"@id\":\"https:\/\/paracherkaoui.ma\/index.php\/produit\/hei-poa-pur-monoi-de-tahiti-ao-parfum-vanillier-100ml-3\/#primaryimage\"},\"image\":{\"@id\":\"https:\/\/paracherkaoui.ma\/index.php\/produit\/hei-poa-pur-monoi-de-tahiti-ao-parfum-vanillier-100ml-3\/#primaryimage\"},\"thumbnailUrl\":\"https:\/\/paracherkaoui.ma\/wp-content\/uploads\/2025\/12\/hei-poa-pur-monoi-de-tahiti-ao-parfum-vanillier-100ml.jpg\",\"datePublished\":\"2025-12-12T18:02:02+00:00\",\"dateModified\":\"2025-12-12T18:02:05+00:00\",\"breadcrumb\":{\"@id\":\"https:\/\/paracherkaoui.ma\/index.php\/produit\/hei-poa-pur-monoi-de-tahiti-ao-parfum-vanillier-100ml-3\/#breadcrumb\"},\"inLanguage\":\"fr-FR\",\"potentialAction\":[{\"@type\":\"ReadAction\",\"target\":[\"https:\/\/paracherkaoui.ma\/index.php\/produit\/hei-poa-pur-monoi-de-tahiti-ao-parfum-vanillier-100ml-3\/\"]}]},{\"@type\":\"ImageObject\",\"inLanguage\":\"fr-FR\",\"@id\":\"https:\/\/paracherkaoui.ma\/index.php\/produit\/hei-poa-pur-monoi-de-tahiti-ao-parfum-vanillier-100ml-3\/#primaryimage\",\"url\":\"https:\/\/paracherkaoui.ma\/wp-content\/uploads\/2025\/12\/hei-poa-pur-monoi-de-tahiti-ao-parfum-vanillier-100ml.jpg\",\"contentUrl\":\"https:\/\/paracherkaoui.ma\/wp-content\/uploads\/2025\/12\/hei-poa-pur-monoi-de-tahiti-ao-parfum-vanillier-100ml.jpg\",\"width\":700,\"height\":700},{\"@type\":\"BreadcrumbList\",\"@id\":\"https:\/\/paracherkaoui.ma\/index.php\/produit\/hei-poa-pur-monoi-de-tahiti-ao-parfum-vanillier-100ml-3\/#breadcrumb\",\"itemListElement\":[{\"@type\":\"ListItem\",\"position\":1,\"name\":\"Accueil\",\"item\":\"https:\/\/paracherkaoui.ma\/\"},{\"@type\":\"ListItem\",\"position\":2,\"name\":\"Boutique\",\"item\":\"https:\/\/paracherkaoui.ma\/index.php\/boutique\/\"},{\"@type\":\"ListItem\",\"position\":3,\"name\":\"HEI POA PUR MONOI DE TAHITI AO &#8211; PARFUM VANILLIER 100ML\"}]},{\"@type\":\"WebSite\",\"@id\":\"https:\/\/paracherkaoui.ma\/#website\",\"url\":\"https:\/\/paracherkaoui.ma\/\",\"name\":\"Paracherkaoui.ma\",\"description\":\"Achetez en ligne sur Paracherkaoui.ma\",\"potentialAction\":[{\"@type\":\"SearchAction\",\"target\":{\"@type\":\"EntryPoint\",\"urlTemplate\":\"https:\/\/paracherkaoui.ma\/?s={search_term_string}\"},\"query-input\":{\"@type\":\"PropertyValueSpecification\",\"valueRequired\":true,\"valueName\":\"search_term_string\"}}],\"inLanguage\":\"fr-FR\"}]}<\/script>\r\n<!-- \/ Yoast SEO plugin. -->","yoast_head_json":{"title":"HEI POA PUR MONOI DE TAHITI AO - PARFUM VANILLIER 100ML - Paracherkaoui.ma","robots":{"index":"index","follow":"follow","max-snippet":"max-snippet:-1","max-image-preview":"max-image-preview:large","max-video-preview":"max-video-preview:-1"},"canonical":"https:\/\/paracherkaoui.ma\/index.php\/produit\/hei-poa-pur-monoi-de-tahiti-ao-parfum-vanillier-100ml-3\/","og_locale":"fr_FR","og_type":"article","og_title":"HEI POA PUR MONOI DE TAHITI AO - PARFUM VANILLIER 100ML - Paracherkaoui.ma","og_description":"Compos\u00e9 de deux ingr\u00e9dients immuables, la fleur de tiar\u00e9 et l&rsquo;huile de Coprah, le Mono\u00ef est le secret de beaut\u00e9","og_url":"https:\/\/paracherkaoui.ma\/index.php\/produit\/hei-poa-pur-monoi-de-tahiti-ao-parfum-vanillier-100ml-3\/","og_site_name":"Paracherkaoui.ma","article_modified_time":"2025-12-12T18:02:05+00:00","og_image":[{"width":700,"height":700,"url":"https:\/\/paracherkaoui.ma\/wp-content\/uploads\/2025\/12\/hei-poa-pur-monoi-de-tahiti-ao-parfum-vanillier-100ml.jpg","type":"image\/jpeg"}],"twitter_card":"summary_large_image","schema":{"@context":"https:\/\/schema.org","@graph":[{"@type":"WebPage","@id":"https:\/\/paracherkaoui.ma\/index.php\/produit\/hei-poa-pur-monoi-de-tahiti-ao-parfum-vanillier-100ml-3\/","url":"https:\/\/paracherkaoui.ma\/index.php\/produit\/hei-poa-pur-monoi-de-tahiti-ao-parfum-vanillier-100ml-3\/","name":"HEI POA PUR MONOI DE TAHITI AO - PARFUM VANILLIER 100ML - Paracherkaoui.ma","isPartOf":{"@id":"https:\/\/paracherkaoui.ma\/#website"},"primaryImageOfPage":{"@id":"https:\/\/paracherkaoui.ma\/index.php\/produit\/hei-poa-pur-monoi-de-tahiti-ao-parfum-vanillier-100ml-3\/#primaryimage"},"image":{"@id":"https:\/\/paracherkaoui.ma\/index.php\/produit\/hei-poa-pur-monoi-de-tahiti-ao-parfum-vanillier-100ml-3\/#primaryimage"},"thumbnailUrl":"https:\/\/paracherkaoui.ma\/wp-content\/uploads\/2025\/12\/hei-poa-pur-monoi-de-tahiti-ao-parfum-vanillier-100ml.jpg","datePublished":"2025-12-12T18:02:02+00:00","dateModified":"2025-12-12T18:02:05+00:00","breadcrumb":{"@id":"https:\/\/paracherkaoui.ma\/index.php\/produit\/hei-poa-pur-monoi-de-tahiti-ao-parfum-vanillier-100ml-3\/#breadcrumb"},"inLanguage":"fr-FR","potentialAction":[{"@type":"ReadAction","target":["https:\/\/paracherkaoui.ma\/index.php\/produit\/hei-poa-pur-monoi-de-tahiti-ao-parfum-vanillier-100ml-3\/"]}]},{"@type":"ImageObject","inLanguage":"fr-FR","@id":"https:\/\/paracherkaoui.ma\/index.php\/produit\/hei-poa-pur-monoi-de-tahiti-ao-parfum-vanillier-100ml-3\/#primaryimage","url":"https:\/\/paracherkaoui.ma\/wp-content\/uploads\/2025\/12\/hei-poa-pur-monoi-de-tahiti-ao-parfum-vanillier-100ml.jpg","contentUrl":"https:\/\/paracherkaoui.ma\/wp-content\/uploads\/2025\/12\/hei-poa-pur-monoi-de-tahiti-ao-parfum-vanillier-100ml.jpg","width":700,"height":700},{"@type":"BreadcrumbList","@id":"https:\/\/paracherkaoui.ma\/index.php\/produit\/hei-poa-pur-monoi-de-tahiti-ao-parfum-vanillier-100ml-3\/#breadcrumb","itemListElement":[{"@type":"ListItem","position":1,"name":"Accueil","item":"https:\/\/paracherkaoui.ma\/"},{"@type":"ListItem","position":2,"name":"Boutique","item":"https:\/\/paracherkaoui.ma\/index.php\/boutique\/"},{"@type":"ListItem","position":3,"name":"HEI POA PUR MONOI DE TAHITI AO &#8211; PARFUM VANILLIER 100ML"}]},{"@type":"WebSite","@id":"https:\/\/paracherkaoui.ma\/#website","url":"https:\/\/paracherkaoui.ma\/","name":"Paracherkaoui.ma","description":"Achetez en ligne sur Paracherkaoui.ma","potentialAction":[{"@type":"SearchAction","target":{"@type":"EntryPoint","urlTemplate":"https:\/\/paracherkaoui.ma\/?s={search_term_string}"},"query-input":{"@type":"PropertyValueSpecification","valueRequired":true,"valueName":"search_term_string"}}],"inLanguage":"fr-FR"}]}},"_links":{"self":[{"href":"https:\/\/paracherkaoui.ma\/index.php\/wp-json\/wp\/v2\/product\/39223","targetHints":{"allow":["GET"]}}],"collection":[{"href":"https:\/\/paracherkaoui.ma\/index.php\/wp-json\/wp\/v2\/product"}],"about":[{"href":"https:\/\/paracherkaoui.ma\/index.php\/wp-json\/wp\/v2\/types\/product"}],"replies":[{"embeddable":true,"href":"https:\/\/paracherkaoui.ma\/index.php\/wp-json\/wp\/v2\/comments?post=39223"}],"version-history":[{"count":1,"href":"https:\/\/paracherkaoui.ma\/index.php\/wp-json\/wp\/v2\/product\/39223\/revisions"}],"predecessor-version":[{"id":39257,"href":"https:\/\/paracherkaoui.ma\/index.php\/wp-json\/wp\/v2\/product\/39223\/revisions\/39257"}],"wp:featuredmedia":[{"embeddable":true,"href":"https:\/\/paracherkaoui.ma\/index.php\/wp-json\/wp\/v2\/media\/38908"}],"wp:attachment":[{"href":"https:\/\/paracherkaoui.ma\/index.php\/wp-json\/wp\/v2\/media?parent=39223"}],"wp:term":[{"taxonomy":"product_brand","embeddable":true,"href":"https:\/\/paracherkaoui.ma\/index.php\/wp-json\/wp\/v2\/product_brand?post=39223"},{"taxonomy":"product_cat","embeddable":true,"href":"https:\/\/paracherkaoui.ma\/index.php\/wp-json\/wp\/v2\/product_cat?post=39223"},{"taxonomy":"product_tag","embeddable":true,"href":"https:\/\/paracherkaoui.ma\/index.php\/wp-json\/wp\/v2\/product_tag?post=39223"}],"curies":[{"name":"wp","href":"https:\/\/api.w.org\/{rel}","templated":true}]}}