{"id":38925,"date":"2025-12-12T19:01:17","date_gmt":"2025-12-12T18:01:17","guid":{"rendered":"https:\/\/test.ecbeaute.com\/?post_type=product&#038;p=38925"},"modified":"2025-12-12T19:01:19","modified_gmt":"2025-12-12T18:01:19","slug":"caudalie-offre-vinosun-protect-spray-invisible-spf-50-150ml-lait-apres-soleil-200ml-offert","status":"publish","type":"product","link":"https:\/\/paracherkaoui.ma\/index.php\/produit\/caudalie-offre-vinosun-protect-spray-invisible-spf-50-150ml-lait-apres-soleil-200ml-offert\/","title":{"rendered":"CAUDALIE OFFRE VINOSUN PROTECT SPRAY INVISIBLE SPF 50 + 150ML + LAIT APRES SOLEIL 200ML OFFERT"},"content":{"rendered":"<p>Le Spray Invisible Haute Protection SPF50 prot\u00e8ge efficacement le visage et le corps des UVA\/UVB tout en offrant une action anti-oxydante aux peaux les plus sensibles. Sa texture fluide (au fini) invisible pen\u00e8tre rapidement et laisse un doux parfum d&rsquo;\u00e9t\u00e9 sur la peau. Une formule clean, hautement sensorielle et respectueuse de l&rsquo;oc\u00e9an pour toute la famille !<br \/>\nConseils d&rsquo;utilisation:<br \/>\nUtilisez le Spray Invisible Haute Protection SPF50 avant chaque exposition au soleil. Vaporisez g\u00e9n\u00e9reusement sur le visage et le corps. \u00c9vitez le contour des yeux. Lors des expositions au soleil, renouvelez l&rsquo;application du Spray Invisible Haute Protection SPF50 toutes les 2 heures et \u00e9vitez de vous exposer entre 12h et 16h.<\/p>\n","protected":false},"excerpt":{"rendered":"<p>Le Spray Invisible Haute Protection SPF50 prot\u00e8ge efficacement le visage et le corps des UVA\/UVB tout en offrant une action<\/p>\n","protected":false},"featured_media":38948,"comment_status":"open","ping_status":"closed","template":"","meta":[],"product_brand":[358],"product_cat":[680],"product_tag":[],"class_list":{"0":"post-38925","1":"product","2":"type-product","3":"status-publish","4":"has-post-thumbnail","6":"product_brand-caudalie","7":"product_cat-spray-solaire","9":"first","10":"instock","11":"shipping-taxable","12":"purchasable","13":"product-type-simple"},"yoast_head":"<!-- This site is optimized with the Yoast SEO plugin v26.6 - https:\/\/yoast.com\/wordpress\/plugins\/seo\/ -->\r\n<title>CAUDALIE OFFRE VINOSUN PROTECT SPRAY INVISIBLE SPF 50 + 150ML + LAIT APRES SOLEIL 200ML OFFERT - Paracherkaoui.ma<\/title>\r\n<meta name=\"robots\" content=\"index, follow, max-snippet:-1, max-image-preview:large, max-video-preview:-1\" \/>\r\n<link rel=\"canonical\" href=\"https:\/\/paracherkaoui.ma\/index.php\/produit\/caudalie-offre-vinosun-protect-spray-invisible-spf-50-150ml-lait-apres-soleil-200ml-offert\/\" \/>\r\n<meta property=\"og:locale\" content=\"fr_FR\" \/>\r\n<meta property=\"og:type\" content=\"article\" \/>\r\n<meta property=\"og:title\" content=\"CAUDALIE OFFRE VINOSUN PROTECT SPRAY INVISIBLE SPF 50 + 150ML + LAIT APRES SOLEIL 200ML OFFERT - Paracherkaoui.ma\" \/>\r\n<meta property=\"og:description\" content=\"Le Spray Invisible Haute Protection SPF50 prot\u00e8ge efficacement le visage et le corps des UVA\/UVB tout en offrant une action\" \/>\r\n<meta property=\"og:url\" content=\"https:\/\/paracherkaoui.ma\/index.php\/produit\/caudalie-offre-vinosun-protect-spray-invisible-spf-50-150ml-lait-apres-soleil-200ml-offert\/\" \/>\r\n<meta property=\"og:site_name\" content=\"Paracherkaoui.ma\" \/>\r\n<meta property=\"article:modified_time\" content=\"2025-12-12T18:01:19+00:00\" \/>\r\n<meta property=\"og:image\" content=\"https:\/\/paracherkaoui.ma\/wp-content\/uploads\/2025\/12\/caudalie-offre-vinosun-protect-spray-invisible-spf-50-150ml-lait-apres-soleil-200ml-offert.jpg\" \/>\r\n\t<meta property=\"og:image:width\" content=\"700\" \/>\r\n\t<meta property=\"og:image:height\" content=\"700\" \/>\r\n\t<meta property=\"og:image:type\" content=\"image\/jpeg\" \/>\r\n<meta name=\"twitter:card\" content=\"summary_large_image\" \/>\r\n<meta name=\"twitter:label1\" content=\"Dur\u00e9e de lecture estim\u00e9e\" \/>\n\t<meta name=\"twitter:data1\" content=\"1 minute\" \/>\r\n<script type=\"application\/ld+json\" class=\"yoast-schema-graph\">{\"@context\":\"https:\/\/schema.org\",\"@graph\":[{\"@type\":\"WebPage\",\"@id\":\"https:\/\/paracherkaoui.ma\/index.php\/produit\/caudalie-offre-vinosun-protect-spray-invisible-spf-50-150ml-lait-apres-soleil-200ml-offert\/\",\"url\":\"https:\/\/paracherkaoui.ma\/index.php\/produit\/caudalie-offre-vinosun-protect-spray-invisible-spf-50-150ml-lait-apres-soleil-200ml-offert\/\",\"name\":\"CAUDALIE OFFRE VINOSUN PROTECT SPRAY INVISIBLE SPF 50 + 150ML + LAIT APRES SOLEIL 200ML OFFERT - Paracherkaoui.ma\",\"isPartOf\":{\"@id\":\"https:\/\/paracherkaoui.ma\/#website\"},\"primaryImageOfPage\":{\"@id\":\"https:\/\/paracherkaoui.ma\/index.php\/produit\/caudalie-offre-vinosun-protect-spray-invisible-spf-50-150ml-lait-apres-soleil-200ml-offert\/#primaryimage\"},\"image\":{\"@id\":\"https:\/\/paracherkaoui.ma\/index.php\/produit\/caudalie-offre-vinosun-protect-spray-invisible-spf-50-150ml-lait-apres-soleil-200ml-offert\/#primaryimage\"},\"thumbnailUrl\":\"https:\/\/paracherkaoui.ma\/wp-content\/uploads\/2025\/12\/caudalie-offre-vinosun-protect-spray-invisible-spf-50-150ml-lait-apres-soleil-200ml-offert.jpg\",\"datePublished\":\"2025-12-12T18:01:17+00:00\",\"dateModified\":\"2025-12-12T18:01:19+00:00\",\"breadcrumb\":{\"@id\":\"https:\/\/paracherkaoui.ma\/index.php\/produit\/caudalie-offre-vinosun-protect-spray-invisible-spf-50-150ml-lait-apres-soleil-200ml-offert\/#breadcrumb\"},\"inLanguage\":\"fr-FR\",\"potentialAction\":[{\"@type\":\"ReadAction\",\"target\":[\"https:\/\/paracherkaoui.ma\/index.php\/produit\/caudalie-offre-vinosun-protect-spray-invisible-spf-50-150ml-lait-apres-soleil-200ml-offert\/\"]}]},{\"@type\":\"ImageObject\",\"inLanguage\":\"fr-FR\",\"@id\":\"https:\/\/paracherkaoui.ma\/index.php\/produit\/caudalie-offre-vinosun-protect-spray-invisible-spf-50-150ml-lait-apres-soleil-200ml-offert\/#primaryimage\",\"url\":\"https:\/\/paracherkaoui.ma\/wp-content\/uploads\/2025\/12\/caudalie-offre-vinosun-protect-spray-invisible-spf-50-150ml-lait-apres-soleil-200ml-offert.jpg\",\"contentUrl\":\"https:\/\/paracherkaoui.ma\/wp-content\/uploads\/2025\/12\/caudalie-offre-vinosun-protect-spray-invisible-spf-50-150ml-lait-apres-soleil-200ml-offert.jpg\",\"width\":700,\"height\":700},{\"@type\":\"BreadcrumbList\",\"@id\":\"https:\/\/paracherkaoui.ma\/index.php\/produit\/caudalie-offre-vinosun-protect-spray-invisible-spf-50-150ml-lait-apres-soleil-200ml-offert\/#breadcrumb\",\"itemListElement\":[{\"@type\":\"ListItem\",\"position\":1,\"name\":\"Accueil\",\"item\":\"https:\/\/paracherkaoui.ma\/\"},{\"@type\":\"ListItem\",\"position\":2,\"name\":\"Boutique\",\"item\":\"https:\/\/paracherkaoui.ma\/index.php\/boutique\/\"},{\"@type\":\"ListItem\",\"position\":3,\"name\":\"CAUDALIE OFFRE VINOSUN PROTECT SPRAY INVISIBLE SPF 50 + 150ML + LAIT APRES SOLEIL 200ML OFFERT\"}]},{\"@type\":\"WebSite\",\"@id\":\"https:\/\/paracherkaoui.ma\/#website\",\"url\":\"https:\/\/paracherkaoui.ma\/\",\"name\":\"Paracherkaoui.ma\",\"description\":\"Achetez en ligne sur Paracherkaoui.ma\",\"potentialAction\":[{\"@type\":\"SearchAction\",\"target\":{\"@type\":\"EntryPoint\",\"urlTemplate\":\"https:\/\/paracherkaoui.ma\/?s={search_term_string}\"},\"query-input\":{\"@type\":\"PropertyValueSpecification\",\"valueRequired\":true,\"valueName\":\"search_term_string\"}}],\"inLanguage\":\"fr-FR\"}]}<\/script>\r\n<!-- \/ Yoast SEO plugin. -->","yoast_head_json":{"title":"CAUDALIE OFFRE VINOSUN PROTECT SPRAY INVISIBLE SPF 50 + 150ML + LAIT APRES SOLEIL 200ML OFFERT - Paracherkaoui.ma","robots":{"index":"index","follow":"follow","max-snippet":"max-snippet:-1","max-image-preview":"max-image-preview:large","max-video-preview":"max-video-preview:-1"},"canonical":"https:\/\/paracherkaoui.ma\/index.php\/produit\/caudalie-offre-vinosun-protect-spray-invisible-spf-50-150ml-lait-apres-soleil-200ml-offert\/","og_locale":"fr_FR","og_type":"article","og_title":"CAUDALIE OFFRE VINOSUN PROTECT SPRAY INVISIBLE SPF 50 + 150ML + LAIT APRES SOLEIL 200ML OFFERT - Paracherkaoui.ma","og_description":"Le Spray Invisible Haute Protection SPF50 prot\u00e8ge efficacement le visage et le corps des UVA\/UVB tout en offrant une action","og_url":"https:\/\/paracherkaoui.ma\/index.php\/produit\/caudalie-offre-vinosun-protect-spray-invisible-spf-50-150ml-lait-apres-soleil-200ml-offert\/","og_site_name":"Paracherkaoui.ma","article_modified_time":"2025-12-12T18:01:19+00:00","og_image":[{"width":700,"height":700,"url":"https:\/\/paracherkaoui.ma\/wp-content\/uploads\/2025\/12\/caudalie-offre-vinosun-protect-spray-invisible-spf-50-150ml-lait-apres-soleil-200ml-offert.jpg","type":"image\/jpeg"}],"twitter_card":"summary_large_image","twitter_misc":{"Dur\u00e9e de lecture estim\u00e9e":"1 minute"},"schema":{"@context":"https:\/\/schema.org","@graph":[{"@type":"WebPage","@id":"https:\/\/paracherkaoui.ma\/index.php\/produit\/caudalie-offre-vinosun-protect-spray-invisible-spf-50-150ml-lait-apres-soleil-200ml-offert\/","url":"https:\/\/paracherkaoui.ma\/index.php\/produit\/caudalie-offre-vinosun-protect-spray-invisible-spf-50-150ml-lait-apres-soleil-200ml-offert\/","name":"CAUDALIE OFFRE VINOSUN PROTECT SPRAY INVISIBLE SPF 50 + 150ML + LAIT APRES SOLEIL 200ML OFFERT - Paracherkaoui.ma","isPartOf":{"@id":"https:\/\/paracherkaoui.ma\/#website"},"primaryImageOfPage":{"@id":"https:\/\/paracherkaoui.ma\/index.php\/produit\/caudalie-offre-vinosun-protect-spray-invisible-spf-50-150ml-lait-apres-soleil-200ml-offert\/#primaryimage"},"image":{"@id":"https:\/\/paracherkaoui.ma\/index.php\/produit\/caudalie-offre-vinosun-protect-spray-invisible-spf-50-150ml-lait-apres-soleil-200ml-offert\/#primaryimage"},"thumbnailUrl":"https:\/\/paracherkaoui.ma\/wp-content\/uploads\/2025\/12\/caudalie-offre-vinosun-protect-spray-invisible-spf-50-150ml-lait-apres-soleil-200ml-offert.jpg","datePublished":"2025-12-12T18:01:17+00:00","dateModified":"2025-12-12T18:01:19+00:00","breadcrumb":{"@id":"https:\/\/paracherkaoui.ma\/index.php\/produit\/caudalie-offre-vinosun-protect-spray-invisible-spf-50-150ml-lait-apres-soleil-200ml-offert\/#breadcrumb"},"inLanguage":"fr-FR","potentialAction":[{"@type":"ReadAction","target":["https:\/\/paracherkaoui.ma\/index.php\/produit\/caudalie-offre-vinosun-protect-spray-invisible-spf-50-150ml-lait-apres-soleil-200ml-offert\/"]}]},{"@type":"ImageObject","inLanguage":"fr-FR","@id":"https:\/\/paracherkaoui.ma\/index.php\/produit\/caudalie-offre-vinosun-protect-spray-invisible-spf-50-150ml-lait-apres-soleil-200ml-offert\/#primaryimage","url":"https:\/\/paracherkaoui.ma\/wp-content\/uploads\/2025\/12\/caudalie-offre-vinosun-protect-spray-invisible-spf-50-150ml-lait-apres-soleil-200ml-offert.jpg","contentUrl":"https:\/\/paracherkaoui.ma\/wp-content\/uploads\/2025\/12\/caudalie-offre-vinosun-protect-spray-invisible-spf-50-150ml-lait-apres-soleil-200ml-offert.jpg","width":700,"height":700},{"@type":"BreadcrumbList","@id":"https:\/\/paracherkaoui.ma\/index.php\/produit\/caudalie-offre-vinosun-protect-spray-invisible-spf-50-150ml-lait-apres-soleil-200ml-offert\/#breadcrumb","itemListElement":[{"@type":"ListItem","position":1,"name":"Accueil","item":"https:\/\/paracherkaoui.ma\/"},{"@type":"ListItem","position":2,"name":"Boutique","item":"https:\/\/paracherkaoui.ma\/index.php\/boutique\/"},{"@type":"ListItem","position":3,"name":"CAUDALIE OFFRE VINOSUN PROTECT SPRAY INVISIBLE SPF 50 + 150ML + LAIT APRES SOLEIL 200ML OFFERT"}]},{"@type":"WebSite","@id":"https:\/\/paracherkaoui.ma\/#website","url":"https:\/\/paracherkaoui.ma\/","name":"Paracherkaoui.ma","description":"Achetez en ligne sur Paracherkaoui.ma","potentialAction":[{"@type":"SearchAction","target":{"@type":"EntryPoint","urlTemplate":"https:\/\/paracherkaoui.ma\/?s={search_term_string}"},"query-input":{"@type":"PropertyValueSpecification","valueRequired":true,"valueName":"search_term_string"}}],"inLanguage":"fr-FR"}]}},"_links":{"self":[{"href":"https:\/\/paracherkaoui.ma\/index.php\/wp-json\/wp\/v2\/product\/38925","targetHints":{"allow":["GET"]}}],"collection":[{"href":"https:\/\/paracherkaoui.ma\/index.php\/wp-json\/wp\/v2\/product"}],"about":[{"href":"https:\/\/paracherkaoui.ma\/index.php\/wp-json\/wp\/v2\/types\/product"}],"replies":[{"embeddable":true,"href":"https:\/\/paracherkaoui.ma\/index.php\/wp-json\/wp\/v2\/comments?post=38925"}],"version-history":[{"count":1,"href":"https:\/\/paracherkaoui.ma\/index.php\/wp-json\/wp\/v2\/product\/38925\/revisions"}],"predecessor-version":[{"id":38949,"href":"https:\/\/paracherkaoui.ma\/index.php\/wp-json\/wp\/v2\/product\/38925\/revisions\/38949"}],"wp:featuredmedia":[{"embeddable":true,"href":"https:\/\/paracherkaoui.ma\/index.php\/wp-json\/wp\/v2\/media\/38948"}],"wp:attachment":[{"href":"https:\/\/paracherkaoui.ma\/index.php\/wp-json\/wp\/v2\/media?parent=38925"}],"wp:term":[{"taxonomy":"product_brand","embeddable":true,"href":"https:\/\/paracherkaoui.ma\/index.php\/wp-json\/wp\/v2\/product_brand?post=38925"},{"taxonomy":"product_cat","embeddable":true,"href":"https:\/\/paracherkaoui.ma\/index.php\/wp-json\/wp\/v2\/product_cat?post=38925"},{"taxonomy":"product_tag","embeddable":true,"href":"https:\/\/paracherkaoui.ma\/index.php\/wp-json\/wp\/v2\/product_tag?post=38925"}],"curies":[{"name":"wp","href":"https:\/\/api.w.org\/{rel}","templated":true}]}}