{"id":38783,"date":"2025-12-12T19:01:01","date_gmt":"2025-12-12T18:01:01","guid":{"rendered":"https:\/\/test.ecbeaute.com\/?post_type=product&#038;p=38783"},"modified":"2025-12-12T19:01:06","modified_gmt":"2025-12-12T18:01:06","slug":"sensilis-sun-secret-gel-creme-spf50","status":"publish","type":"product","link":"https:\/\/paracherkaoui.ma\/index.php\/produit\/sensilis-sun-secret-gel-creme-spf50\/","title":{"rendered":"SENSILIS Sun Secret Gel-Cr\u00e8me SPF50+"},"content":{"rendered":"<p>En qu\u00eate d\u2019un bronzage s\u00fbr, intense et durable ? Nous vous pr\u00e9sentons notre gel-cr\u00e8me pour le corps, protecteur et anti-\u00e2ge, r\u00e9sistant \u00e0 l\u2019eau. Il prot\u00e8ge votre peau du rayonnement solaire et du photovieillissement gr\u00e2ce \u00e0 sa formule DNA Safe Complex et aux filtres solaires SPF50+. Sa texture fra\u00eeche \u00e0 absorption rapide laissera la peau soyeuse et lumineuse et un bronzage durable.<br \/>\nConseils d&rsquo;utilisation:<br \/>\nAppliquer une petite quantit\u00e9 dans la paume des mains R\u00e9partir uniform\u00e9ment sur tout le corps et r\u00e9aliser des petits massages pour son absorption totale. Appliquer sur les zones souhait\u00e9es au moins 30 minutes avant l\u2019exposition au soleil. Appliquer fr\u00e9quemment et en quantit\u00e9s appropri\u00e9es. Limiter le temps d&rsquo;exposition au soleil et \u00e9viter les heures \u00e0 forte intensit\u00e9 solaire.<\/p>\n","protected":false},"excerpt":{"rendered":"<p>En qu\u00eate d\u2019un bronzage s\u00fbr, intense et durable ? Nous vous pr\u00e9sentons notre gel-cr\u00e8me pour le corps, protecteur et anti-\u00e2ge,<\/p>\n","protected":false},"featured_media":38828,"comment_status":"open","ping_status":"closed","template":"","meta":[],"product_brand":[425],"product_cat":[678],"product_tag":[],"class_list":{"0":"post-38783","1":"product","2":"type-product","3":"status-publish","4":"has-post-thumbnail","6":"product_brand-sensilis","7":"product_cat-gels-solaire","9":"first","10":"instock","11":"sale","12":"shipping-taxable","13":"purchasable","14":"product-type-simple"},"yoast_head":"<!-- This site is optimized with the Yoast SEO plugin v26.6 - https:\/\/yoast.com\/wordpress\/plugins\/seo\/ -->\r\n<title>SENSILIS Sun Secret Gel-Cr\u00e8me SPF50+ - Paracherkaoui.ma<\/title>\r\n<meta name=\"robots\" content=\"index, follow, max-snippet:-1, max-image-preview:large, max-video-preview:-1\" \/>\r\n<link rel=\"canonical\" href=\"https:\/\/paracherkaoui.ma\/index.php\/produit\/sensilis-sun-secret-gel-creme-spf50\/\" \/>\r\n<meta property=\"og:locale\" content=\"fr_FR\" \/>\r\n<meta property=\"og:type\" content=\"article\" \/>\r\n<meta property=\"og:title\" content=\"SENSILIS Sun Secret Gel-Cr\u00e8me SPF50+ - Paracherkaoui.ma\" \/>\r\n<meta property=\"og:description\" content=\"En qu\u00eate d\u2019un bronzage s\u00fbr, intense et durable ? Nous vous pr\u00e9sentons notre gel-cr\u00e8me pour le corps, protecteur et anti-\u00e2ge,\" \/>\r\n<meta property=\"og:url\" content=\"https:\/\/paracherkaoui.ma\/index.php\/produit\/sensilis-sun-secret-gel-creme-spf50\/\" \/>\r\n<meta property=\"og:site_name\" content=\"Paracherkaoui.ma\" \/>\r\n<meta property=\"article:modified_time\" content=\"2025-12-12T18:01:06+00:00\" \/>\r\n<meta property=\"og:image\" content=\"https:\/\/paracherkaoui.ma\/wp-content\/uploads\/2025\/12\/sensilis-sensilis-sun-secret-gel-creme-spf50-creme-invisible.jpg\" \/>\r\n\t<meta property=\"og:image:width\" content=\"700\" \/>\r\n\t<meta property=\"og:image:height\" content=\"700\" \/>\r\n\t<meta property=\"og:image:type\" content=\"image\/jpeg\" \/>\r\n<meta name=\"twitter:card\" content=\"summary_large_image\" \/>\r\n<meta name=\"twitter:label1\" content=\"Dur\u00e9e de lecture estim\u00e9e\" \/>\n\t<meta name=\"twitter:data1\" content=\"1 minute\" \/>\r\n<script type=\"application\/ld+json\" class=\"yoast-schema-graph\">{\"@context\":\"https:\/\/schema.org\",\"@graph\":[{\"@type\":\"WebPage\",\"@id\":\"https:\/\/paracherkaoui.ma\/index.php\/produit\/sensilis-sun-secret-gel-creme-spf50\/\",\"url\":\"https:\/\/paracherkaoui.ma\/index.php\/produit\/sensilis-sun-secret-gel-creme-spf50\/\",\"name\":\"SENSILIS Sun Secret Gel-Cr\u00e8me SPF50+ - Paracherkaoui.ma\",\"isPartOf\":{\"@id\":\"https:\/\/paracherkaoui.ma\/#website\"},\"primaryImageOfPage\":{\"@id\":\"https:\/\/paracherkaoui.ma\/index.php\/produit\/sensilis-sun-secret-gel-creme-spf50\/#primaryimage\"},\"image\":{\"@id\":\"https:\/\/paracherkaoui.ma\/index.php\/produit\/sensilis-sun-secret-gel-creme-spf50\/#primaryimage\"},\"thumbnailUrl\":\"https:\/\/paracherkaoui.ma\/wp-content\/uploads\/2025\/12\/sensilis-sensilis-sun-secret-gel-creme-spf50-creme-invisible.jpg\",\"datePublished\":\"2025-12-12T18:01:01+00:00\",\"dateModified\":\"2025-12-12T18:01:06+00:00\",\"breadcrumb\":{\"@id\":\"https:\/\/paracherkaoui.ma\/index.php\/produit\/sensilis-sun-secret-gel-creme-spf50\/#breadcrumb\"},\"inLanguage\":\"fr-FR\",\"potentialAction\":[{\"@type\":\"ReadAction\",\"target\":[\"https:\/\/paracherkaoui.ma\/index.php\/produit\/sensilis-sun-secret-gel-creme-spf50\/\"]}]},{\"@type\":\"ImageObject\",\"inLanguage\":\"fr-FR\",\"@id\":\"https:\/\/paracherkaoui.ma\/index.php\/produit\/sensilis-sun-secret-gel-creme-spf50\/#primaryimage\",\"url\":\"https:\/\/paracherkaoui.ma\/wp-content\/uploads\/2025\/12\/sensilis-sensilis-sun-secret-gel-creme-spf50-creme-invisible.jpg\",\"contentUrl\":\"https:\/\/paracherkaoui.ma\/wp-content\/uploads\/2025\/12\/sensilis-sensilis-sun-secret-gel-creme-spf50-creme-invisible.jpg\",\"width\":700,\"height\":700},{\"@type\":\"BreadcrumbList\",\"@id\":\"https:\/\/paracherkaoui.ma\/index.php\/produit\/sensilis-sun-secret-gel-creme-spf50\/#breadcrumb\",\"itemListElement\":[{\"@type\":\"ListItem\",\"position\":1,\"name\":\"Accueil\",\"item\":\"https:\/\/paracherkaoui.ma\/\"},{\"@type\":\"ListItem\",\"position\":2,\"name\":\"Boutique\",\"item\":\"https:\/\/paracherkaoui.ma\/index.php\/boutique\/\"},{\"@type\":\"ListItem\",\"position\":3,\"name\":\"SENSILIS Sun Secret Gel-Cr\u00e8me SPF50+\"}]},{\"@type\":\"WebSite\",\"@id\":\"https:\/\/paracherkaoui.ma\/#website\",\"url\":\"https:\/\/paracherkaoui.ma\/\",\"name\":\"Paracherkaoui.ma\",\"description\":\"Achetez en ligne sur Paracherkaoui.ma\",\"potentialAction\":[{\"@type\":\"SearchAction\",\"target\":{\"@type\":\"EntryPoint\",\"urlTemplate\":\"https:\/\/paracherkaoui.ma\/?s={search_term_string}\"},\"query-input\":{\"@type\":\"PropertyValueSpecification\",\"valueRequired\":true,\"valueName\":\"search_term_string\"}}],\"inLanguage\":\"fr-FR\"}]}<\/script>\r\n<!-- \/ Yoast SEO plugin. -->","yoast_head_json":{"title":"SENSILIS Sun Secret Gel-Cr\u00e8me SPF50+ - Paracherkaoui.ma","robots":{"index":"index","follow":"follow","max-snippet":"max-snippet:-1","max-image-preview":"max-image-preview:large","max-video-preview":"max-video-preview:-1"},"canonical":"https:\/\/paracherkaoui.ma\/index.php\/produit\/sensilis-sun-secret-gel-creme-spf50\/","og_locale":"fr_FR","og_type":"article","og_title":"SENSILIS Sun Secret Gel-Cr\u00e8me SPF50+ - Paracherkaoui.ma","og_description":"En qu\u00eate d\u2019un bronzage s\u00fbr, intense et durable ? Nous vous pr\u00e9sentons notre gel-cr\u00e8me pour le corps, protecteur et anti-\u00e2ge,","og_url":"https:\/\/paracherkaoui.ma\/index.php\/produit\/sensilis-sun-secret-gel-creme-spf50\/","og_site_name":"Paracherkaoui.ma","article_modified_time":"2025-12-12T18:01:06+00:00","og_image":[{"width":700,"height":700,"url":"https:\/\/paracherkaoui.ma\/wp-content\/uploads\/2025\/12\/sensilis-sensilis-sun-secret-gel-creme-spf50-creme-invisible.jpg","type":"image\/jpeg"}],"twitter_card":"summary_large_image","twitter_misc":{"Dur\u00e9e de lecture estim\u00e9e":"1 minute"},"schema":{"@context":"https:\/\/schema.org","@graph":[{"@type":"WebPage","@id":"https:\/\/paracherkaoui.ma\/index.php\/produit\/sensilis-sun-secret-gel-creme-spf50\/","url":"https:\/\/paracherkaoui.ma\/index.php\/produit\/sensilis-sun-secret-gel-creme-spf50\/","name":"SENSILIS Sun Secret Gel-Cr\u00e8me SPF50+ - Paracherkaoui.ma","isPartOf":{"@id":"https:\/\/paracherkaoui.ma\/#website"},"primaryImageOfPage":{"@id":"https:\/\/paracherkaoui.ma\/index.php\/produit\/sensilis-sun-secret-gel-creme-spf50\/#primaryimage"},"image":{"@id":"https:\/\/paracherkaoui.ma\/index.php\/produit\/sensilis-sun-secret-gel-creme-spf50\/#primaryimage"},"thumbnailUrl":"https:\/\/paracherkaoui.ma\/wp-content\/uploads\/2025\/12\/sensilis-sensilis-sun-secret-gel-creme-spf50-creme-invisible.jpg","datePublished":"2025-12-12T18:01:01+00:00","dateModified":"2025-12-12T18:01:06+00:00","breadcrumb":{"@id":"https:\/\/paracherkaoui.ma\/index.php\/produit\/sensilis-sun-secret-gel-creme-spf50\/#breadcrumb"},"inLanguage":"fr-FR","potentialAction":[{"@type":"ReadAction","target":["https:\/\/paracherkaoui.ma\/index.php\/produit\/sensilis-sun-secret-gel-creme-spf50\/"]}]},{"@type":"ImageObject","inLanguage":"fr-FR","@id":"https:\/\/paracherkaoui.ma\/index.php\/produit\/sensilis-sun-secret-gel-creme-spf50\/#primaryimage","url":"https:\/\/paracherkaoui.ma\/wp-content\/uploads\/2025\/12\/sensilis-sensilis-sun-secret-gel-creme-spf50-creme-invisible.jpg","contentUrl":"https:\/\/paracherkaoui.ma\/wp-content\/uploads\/2025\/12\/sensilis-sensilis-sun-secret-gel-creme-spf50-creme-invisible.jpg","width":700,"height":700},{"@type":"BreadcrumbList","@id":"https:\/\/paracherkaoui.ma\/index.php\/produit\/sensilis-sun-secret-gel-creme-spf50\/#breadcrumb","itemListElement":[{"@type":"ListItem","position":1,"name":"Accueil","item":"https:\/\/paracherkaoui.ma\/"},{"@type":"ListItem","position":2,"name":"Boutique","item":"https:\/\/paracherkaoui.ma\/index.php\/boutique\/"},{"@type":"ListItem","position":3,"name":"SENSILIS Sun Secret Gel-Cr\u00e8me SPF50+"}]},{"@type":"WebSite","@id":"https:\/\/paracherkaoui.ma\/#website","url":"https:\/\/paracherkaoui.ma\/","name":"Paracherkaoui.ma","description":"Achetez en ligne sur Paracherkaoui.ma","potentialAction":[{"@type":"SearchAction","target":{"@type":"EntryPoint","urlTemplate":"https:\/\/paracherkaoui.ma\/?s={search_term_string}"},"query-input":{"@type":"PropertyValueSpecification","valueRequired":true,"valueName":"search_term_string"}}],"inLanguage":"fr-FR"}]}},"_links":{"self":[{"href":"https:\/\/paracherkaoui.ma\/index.php\/wp-json\/wp\/v2\/product\/38783","targetHints":{"allow":["GET"]}}],"collection":[{"href":"https:\/\/paracherkaoui.ma\/index.php\/wp-json\/wp\/v2\/product"}],"about":[{"href":"https:\/\/paracherkaoui.ma\/index.php\/wp-json\/wp\/v2\/types\/product"}],"replies":[{"embeddable":true,"href":"https:\/\/paracherkaoui.ma\/index.php\/wp-json\/wp\/v2\/comments?post=38783"}],"version-history":[{"count":1,"href":"https:\/\/paracherkaoui.ma\/index.php\/wp-json\/wp\/v2\/product\/38783\/revisions"}],"predecessor-version":[{"id":38829,"href":"https:\/\/paracherkaoui.ma\/index.php\/wp-json\/wp\/v2\/product\/38783\/revisions\/38829"}],"wp:featuredmedia":[{"embeddable":true,"href":"https:\/\/paracherkaoui.ma\/index.php\/wp-json\/wp\/v2\/media\/38828"}],"wp:attachment":[{"href":"https:\/\/paracherkaoui.ma\/index.php\/wp-json\/wp\/v2\/media?parent=38783"}],"wp:term":[{"taxonomy":"product_brand","embeddable":true,"href":"https:\/\/paracherkaoui.ma\/index.php\/wp-json\/wp\/v2\/product_brand?post=38783"},{"taxonomy":"product_cat","embeddable":true,"href":"https:\/\/paracherkaoui.ma\/index.php\/wp-json\/wp\/v2\/product_cat?post=38783"},{"taxonomy":"product_tag","embeddable":true,"href":"https:\/\/paracherkaoui.ma\/index.php\/wp-json\/wp\/v2\/product_tag?post=38783"}],"curies":[{"name":"wp","href":"https:\/\/api.w.org\/{rel}","templated":true}]}}