{"id":38669,"date":"2025-12-12T19:00:47","date_gmt":"2025-12-12T18:00:47","guid":{"rendered":"https:\/\/test.ecbeaute.com\/?post_type=product&#038;p=38669"},"modified":"2025-12-12T19:00:49","modified_gmt":"2025-12-12T18:00:49","slug":"biarritz-sport-lait-solaire-spf-50","status":"publish","type":"product","link":"https:\/\/paracherkaoui.ma\/index.php\/produit\/biarritz-sport-lait-solaire-spf-50\/","title":{"rendered":"BIARRITZ SPORT LAIT SOLAIRE SPF 50"},"content":{"rendered":"<p>Les sportifs peuvent compter sur le lait solaire SPF50 sport. Ce soin solaire assure une haute protection naturelle gr\u00e2ce \u00e0 ses \u00e9crans min\u00e9raux anti-UVA\/UVB et \u00e0 son extrait brevet\u00e9 d&rsquo;algue rouge, Alga-Gorria\u00ae.<br \/>\nCe puissant antioxydant neutralise les radicaux libres pour pr\u00e9venir les dommages cellulaires et le vieillissement cutan\u00e9 induits par le rayonnement solaire.<br \/>\nCette formule a \u00e9t\u00e9 100% \u00e9tudi\u00e9e et pens\u00e9e pour les sportifs, sa r\u00e9sistance \u00e0 l&rsquo;eau et \u00e0 la transpiration a \u00e9t\u00e9 test\u00e9e et approuv\u00e9e par des athl\u00e8tes de haut niveau (surfeurs, moniteurs ESF\u2026) durant leurs efforts les plus intenses.<br \/>\nSon format nomade vous suivra dans toutes vos activit\u00e9s.<br \/>\nLe lait solaire SPF50 sport certifi\u00e9 bio est enrichi en beurre de karit\u00e9 et huile de noix de coco bio, qui nourrissent, prot\u00e8gent et apportent confort \u00e0 la peau.<br \/>\nLe lait solaire prot\u00e8ge efficacement des effets n\u00e9fastes du soleil et pr\u00e9serve l&rsquo;environnement marin gr\u00e2ce \u00e0 une formule engag\u00e9e, 100% d&rsquo;origine naturelle et r\u00e9sistante \u00e0 l&rsquo;eau<br \/>\nConseils d&rsquo;utilisation:<br \/>\nAppliquez avant l&rsquo;exposition uniform\u00e9ment et g\u00e9n\u00e9reusement. Prot\u00e8ge imm\u00e9diatement le visage et le corps.<\/p>\n","protected":false},"excerpt":{"rendered":"<p>Les sportifs peuvent compter sur le lait solaire SPF50 sport. Ce soin solaire assure une haute protection naturelle gr\u00e2ce \u00e0<\/p>\n","protected":false},"featured_media":38699,"comment_status":"open","ping_status":"closed","template":"","meta":[],"product_brand":[295],"product_cat":[666],"product_tag":[],"class_list":{"0":"post-38669","1":"product","2":"type-product","3":"status-publish","4":"has-post-thumbnail","6":"product_brand-biarritz","7":"product_cat-cremes-solaires","9":"first","10":"instock","11":"shipping-taxable","12":"purchasable","13":"product-type-simple"},"yoast_head":"<!-- This site is optimized with the Yoast SEO plugin v26.6 - https:\/\/yoast.com\/wordpress\/plugins\/seo\/ -->\r\n<title>BIARRITZ SPORT LAIT SOLAIRE SPF 50 - Paracherkaoui.ma<\/title>\r\n<meta name=\"robots\" content=\"index, follow, max-snippet:-1, max-image-preview:large, max-video-preview:-1\" \/>\r\n<link rel=\"canonical\" href=\"https:\/\/paracherkaoui.ma\/index.php\/produit\/biarritz-sport-lait-solaire-spf-50\/\" \/>\r\n<meta property=\"og:locale\" content=\"fr_FR\" \/>\r\n<meta property=\"og:type\" content=\"article\" \/>\r\n<meta property=\"og:title\" content=\"BIARRITZ SPORT LAIT SOLAIRE SPF 50 - Paracherkaoui.ma\" \/>\r\n<meta property=\"og:description\" content=\"Les sportifs peuvent compter sur le lait solaire SPF50 sport. Ce soin solaire assure une haute protection naturelle gr\u00e2ce \u00e0\" \/>\r\n<meta property=\"og:url\" content=\"https:\/\/paracherkaoui.ma\/index.php\/produit\/biarritz-sport-lait-solaire-spf-50\/\" \/>\r\n<meta property=\"og:site_name\" content=\"Paracherkaoui.ma\" \/>\r\n<meta property=\"article:modified_time\" content=\"2025-12-12T18:00:49+00:00\" \/>\r\n<meta property=\"og:image\" content=\"https:\/\/paracherkaoui.ma\/wp-content\/uploads\/2025\/12\/biarritz-biarritz-sport-lait-solaire-spf-50-cremes.jpg\" \/>\r\n\t<meta property=\"og:image:width\" content=\"700\" \/>\r\n\t<meta property=\"og:image:height\" content=\"700\" \/>\r\n\t<meta property=\"og:image:type\" content=\"image\/jpeg\" \/>\r\n<meta name=\"twitter:card\" content=\"summary_large_image\" \/>\r\n<meta name=\"twitter:label1\" content=\"Dur\u00e9e de lecture estim\u00e9e\" \/>\n\t<meta name=\"twitter:data1\" content=\"1 minute\" \/>\r\n<script type=\"application\/ld+json\" class=\"yoast-schema-graph\">{\"@context\":\"https:\/\/schema.org\",\"@graph\":[{\"@type\":\"WebPage\",\"@id\":\"https:\/\/paracherkaoui.ma\/index.php\/produit\/biarritz-sport-lait-solaire-spf-50\/\",\"url\":\"https:\/\/paracherkaoui.ma\/index.php\/produit\/biarritz-sport-lait-solaire-spf-50\/\",\"name\":\"BIARRITZ SPORT LAIT SOLAIRE SPF 50 - Paracherkaoui.ma\",\"isPartOf\":{\"@id\":\"https:\/\/paracherkaoui.ma\/#website\"},\"primaryImageOfPage\":{\"@id\":\"https:\/\/paracherkaoui.ma\/index.php\/produit\/biarritz-sport-lait-solaire-spf-50\/#primaryimage\"},\"image\":{\"@id\":\"https:\/\/paracherkaoui.ma\/index.php\/produit\/biarritz-sport-lait-solaire-spf-50\/#primaryimage\"},\"thumbnailUrl\":\"https:\/\/paracherkaoui.ma\/wp-content\/uploads\/2025\/12\/biarritz-biarritz-sport-lait-solaire-spf-50-cremes.jpg\",\"datePublished\":\"2025-12-12T18:00:47+00:00\",\"dateModified\":\"2025-12-12T18:00:49+00:00\",\"breadcrumb\":{\"@id\":\"https:\/\/paracherkaoui.ma\/index.php\/produit\/biarritz-sport-lait-solaire-spf-50\/#breadcrumb\"},\"inLanguage\":\"fr-FR\",\"potentialAction\":[{\"@type\":\"ReadAction\",\"target\":[\"https:\/\/paracherkaoui.ma\/index.php\/produit\/biarritz-sport-lait-solaire-spf-50\/\"]}]},{\"@type\":\"ImageObject\",\"inLanguage\":\"fr-FR\",\"@id\":\"https:\/\/paracherkaoui.ma\/index.php\/produit\/biarritz-sport-lait-solaire-spf-50\/#primaryimage\",\"url\":\"https:\/\/paracherkaoui.ma\/wp-content\/uploads\/2025\/12\/biarritz-biarritz-sport-lait-solaire-spf-50-cremes.jpg\",\"contentUrl\":\"https:\/\/paracherkaoui.ma\/wp-content\/uploads\/2025\/12\/biarritz-biarritz-sport-lait-solaire-spf-50-cremes.jpg\",\"width\":700,\"height\":700},{\"@type\":\"BreadcrumbList\",\"@id\":\"https:\/\/paracherkaoui.ma\/index.php\/produit\/biarritz-sport-lait-solaire-spf-50\/#breadcrumb\",\"itemListElement\":[{\"@type\":\"ListItem\",\"position\":1,\"name\":\"Accueil\",\"item\":\"https:\/\/paracherkaoui.ma\/\"},{\"@type\":\"ListItem\",\"position\":2,\"name\":\"Boutique\",\"item\":\"https:\/\/paracherkaoui.ma\/index.php\/boutique\/\"},{\"@type\":\"ListItem\",\"position\":3,\"name\":\"BIARRITZ SPORT LAIT SOLAIRE SPF 50\"}]},{\"@type\":\"WebSite\",\"@id\":\"https:\/\/paracherkaoui.ma\/#website\",\"url\":\"https:\/\/paracherkaoui.ma\/\",\"name\":\"Paracherkaoui.ma\",\"description\":\"Achetez en ligne sur Paracherkaoui.ma\",\"potentialAction\":[{\"@type\":\"SearchAction\",\"target\":{\"@type\":\"EntryPoint\",\"urlTemplate\":\"https:\/\/paracherkaoui.ma\/?s={search_term_string}\"},\"query-input\":{\"@type\":\"PropertyValueSpecification\",\"valueRequired\":true,\"valueName\":\"search_term_string\"}}],\"inLanguage\":\"fr-FR\"}]}<\/script>\r\n<!-- \/ Yoast SEO plugin. -->","yoast_head_json":{"title":"BIARRITZ SPORT LAIT SOLAIRE SPF 50 - Paracherkaoui.ma","robots":{"index":"index","follow":"follow","max-snippet":"max-snippet:-1","max-image-preview":"max-image-preview:large","max-video-preview":"max-video-preview:-1"},"canonical":"https:\/\/paracherkaoui.ma\/index.php\/produit\/biarritz-sport-lait-solaire-spf-50\/","og_locale":"fr_FR","og_type":"article","og_title":"BIARRITZ SPORT LAIT SOLAIRE SPF 50 - Paracherkaoui.ma","og_description":"Les sportifs peuvent compter sur le lait solaire SPF50 sport. Ce soin solaire assure une haute protection naturelle gr\u00e2ce \u00e0","og_url":"https:\/\/paracherkaoui.ma\/index.php\/produit\/biarritz-sport-lait-solaire-spf-50\/","og_site_name":"Paracherkaoui.ma","article_modified_time":"2025-12-12T18:00:49+00:00","og_image":[{"width":700,"height":700,"url":"https:\/\/paracherkaoui.ma\/wp-content\/uploads\/2025\/12\/biarritz-biarritz-sport-lait-solaire-spf-50-cremes.jpg","type":"image\/jpeg"}],"twitter_card":"summary_large_image","twitter_misc":{"Dur\u00e9e de lecture estim\u00e9e":"1 minute"},"schema":{"@context":"https:\/\/schema.org","@graph":[{"@type":"WebPage","@id":"https:\/\/paracherkaoui.ma\/index.php\/produit\/biarritz-sport-lait-solaire-spf-50\/","url":"https:\/\/paracherkaoui.ma\/index.php\/produit\/biarritz-sport-lait-solaire-spf-50\/","name":"BIARRITZ SPORT LAIT SOLAIRE SPF 50 - Paracherkaoui.ma","isPartOf":{"@id":"https:\/\/paracherkaoui.ma\/#website"},"primaryImageOfPage":{"@id":"https:\/\/paracherkaoui.ma\/index.php\/produit\/biarritz-sport-lait-solaire-spf-50\/#primaryimage"},"image":{"@id":"https:\/\/paracherkaoui.ma\/index.php\/produit\/biarritz-sport-lait-solaire-spf-50\/#primaryimage"},"thumbnailUrl":"https:\/\/paracherkaoui.ma\/wp-content\/uploads\/2025\/12\/biarritz-biarritz-sport-lait-solaire-spf-50-cremes.jpg","datePublished":"2025-12-12T18:00:47+00:00","dateModified":"2025-12-12T18:00:49+00:00","breadcrumb":{"@id":"https:\/\/paracherkaoui.ma\/index.php\/produit\/biarritz-sport-lait-solaire-spf-50\/#breadcrumb"},"inLanguage":"fr-FR","potentialAction":[{"@type":"ReadAction","target":["https:\/\/paracherkaoui.ma\/index.php\/produit\/biarritz-sport-lait-solaire-spf-50\/"]}]},{"@type":"ImageObject","inLanguage":"fr-FR","@id":"https:\/\/paracherkaoui.ma\/index.php\/produit\/biarritz-sport-lait-solaire-spf-50\/#primaryimage","url":"https:\/\/paracherkaoui.ma\/wp-content\/uploads\/2025\/12\/biarritz-biarritz-sport-lait-solaire-spf-50-cremes.jpg","contentUrl":"https:\/\/paracherkaoui.ma\/wp-content\/uploads\/2025\/12\/biarritz-biarritz-sport-lait-solaire-spf-50-cremes.jpg","width":700,"height":700},{"@type":"BreadcrumbList","@id":"https:\/\/paracherkaoui.ma\/index.php\/produit\/biarritz-sport-lait-solaire-spf-50\/#breadcrumb","itemListElement":[{"@type":"ListItem","position":1,"name":"Accueil","item":"https:\/\/paracherkaoui.ma\/"},{"@type":"ListItem","position":2,"name":"Boutique","item":"https:\/\/paracherkaoui.ma\/index.php\/boutique\/"},{"@type":"ListItem","position":3,"name":"BIARRITZ SPORT LAIT SOLAIRE SPF 50"}]},{"@type":"WebSite","@id":"https:\/\/paracherkaoui.ma\/#website","url":"https:\/\/paracherkaoui.ma\/","name":"Paracherkaoui.ma","description":"Achetez en ligne sur Paracherkaoui.ma","potentialAction":[{"@type":"SearchAction","target":{"@type":"EntryPoint","urlTemplate":"https:\/\/paracherkaoui.ma\/?s={search_term_string}"},"query-input":{"@type":"PropertyValueSpecification","valueRequired":true,"valueName":"search_term_string"}}],"inLanguage":"fr-FR"}]}},"_links":{"self":[{"href":"https:\/\/paracherkaoui.ma\/index.php\/wp-json\/wp\/v2\/product\/38669","targetHints":{"allow":["GET"]}}],"collection":[{"href":"https:\/\/paracherkaoui.ma\/index.php\/wp-json\/wp\/v2\/product"}],"about":[{"href":"https:\/\/paracherkaoui.ma\/index.php\/wp-json\/wp\/v2\/types\/product"}],"replies":[{"embeddable":true,"href":"https:\/\/paracherkaoui.ma\/index.php\/wp-json\/wp\/v2\/comments?post=38669"}],"version-history":[{"count":1,"href":"https:\/\/paracherkaoui.ma\/index.php\/wp-json\/wp\/v2\/product\/38669\/revisions"}],"predecessor-version":[{"id":38700,"href":"https:\/\/paracherkaoui.ma\/index.php\/wp-json\/wp\/v2\/product\/38669\/revisions\/38700"}],"wp:featuredmedia":[{"embeddable":true,"href":"https:\/\/paracherkaoui.ma\/index.php\/wp-json\/wp\/v2\/media\/38699"}],"wp:attachment":[{"href":"https:\/\/paracherkaoui.ma\/index.php\/wp-json\/wp\/v2\/media?parent=38669"}],"wp:term":[{"taxonomy":"product_brand","embeddable":true,"href":"https:\/\/paracherkaoui.ma\/index.php\/wp-json\/wp\/v2\/product_brand?post=38669"},{"taxonomy":"product_cat","embeddable":true,"href":"https:\/\/paracherkaoui.ma\/index.php\/wp-json\/wp\/v2\/product_cat?post=38669"},{"taxonomy":"product_tag","embeddable":true,"href":"https:\/\/paracherkaoui.ma\/index.php\/wp-json\/wp\/v2\/product_tag?post=38669"}],"curies":[{"name":"wp","href":"https:\/\/api.w.org\/{rel}","templated":true}]}}