{"id":38609,"date":"2025-12-12T19:00:40","date_gmt":"2025-12-12T18:00:40","guid":{"rendered":"https:\/\/test.ecbeaute.com\/?post_type=product&#038;p=38609"},"modified":"2025-12-12T19:00:46","modified_gmt":"2025-12-12T18:00:46","slug":"kaline-ecran-solaire-invisible-spf-50-peaux-normales-a-seches-50-ml","status":"publish","type":"product","link":"https:\/\/paracherkaoui.ma\/index.php\/produit\/kaline-ecran-solaire-invisible-spf-50-peaux-normales-a-seches-50-ml\/","title":{"rendered":"KALINE ECRAN SOLAIRE INVISIBLE SPF 50+ PEAUX NORMALES A SECHES 50 ML"},"content":{"rendered":"<p>Kaline Ecran Solaire invisible spf50+ (50 ml)<br \/>\nKaline Ecran Solaire SPF50+ offre la protection solaire \u00e0 large spectre et stimule les m\u00e9canismes de r\u00e9paration dermo-\u00e9pidermique par le biais des concentrations thermostables d&rsquo;anti-radicaux libres et de la vitamine E.<\/p>\n<p>INDICATION:<\/p>\n<p>Protection solaire :<br \/>\n&#8211; Des peaux hyper-r\u00e9actives<br \/>\n-Peaux grasses<br \/>\n&#8211; Des peaux photosensibles des enfants et des femmes enceintes<br \/>\n&#8211; Des peaux fragilis\u00e9es par la prise de certains m\u00e9dicaments photo-sensibilisateurs (Peaux acn\u00e9iques)<br \/>\n&#8211; Des troubles de la m\u00e9lanog\u00e9n\u00e8se (Taches brunes)<\/p>\n<p>CONSEILS D&rsquo;UTILISATION:<\/p>\n<p>Avant toute exposition solaire, appliquer Kaline Ecran Solaire SPF50+ uniform\u00e9ment sur la peau. www.citymall.ma vous recommande de renouveler r\u00e9guli\u00e8rement l&rsquo;application toutes les 2 heures.<\/p>\n","protected":false},"excerpt":{"rendered":"<p>Kaline Ecran Solaire invisible spf50+ (50 ml) Kaline Ecran Solaire SPF50+ offre la protection solaire \u00e0 large spectre et stimule<\/p>\n","protected":false},"featured_media":38661,"comment_status":"open","ping_status":"closed","template":"","meta":[],"product_brand":[431],"product_cat":[666],"product_tag":[],"class_list":{"0":"post-38609","1":"product","2":"type-product","3":"status-publish","4":"has-post-thumbnail","6":"product_brand-kaline","7":"product_cat-cremes-solaires","9":"first","10":"instock","11":"sale","12":"shipping-taxable","13":"purchasable","14":"product-type-simple"},"yoast_head":"<!-- This site is optimized with the Yoast SEO plugin v26.6 - https:\/\/yoast.com\/wordpress\/plugins\/seo\/ -->\r\n<title>KALINE ECRAN SOLAIRE INVISIBLE SPF 50+ PEAUX NORMALES A SECHES 50 ML - Paracherkaoui.ma<\/title>\r\n<meta name=\"robots\" content=\"index, follow, max-snippet:-1, max-image-preview:large, max-video-preview:-1\" \/>\r\n<link rel=\"canonical\" href=\"https:\/\/paracherkaoui.ma\/index.php\/produit\/kaline-ecran-solaire-invisible-spf-50-peaux-normales-a-seches-50-ml\/\" \/>\r\n<meta property=\"og:locale\" content=\"fr_FR\" \/>\r\n<meta property=\"og:type\" content=\"article\" \/>\r\n<meta property=\"og:title\" content=\"KALINE ECRAN SOLAIRE INVISIBLE SPF 50+ PEAUX NORMALES A SECHES 50 ML - Paracherkaoui.ma\" \/>\r\n<meta property=\"og:description\" content=\"Kaline Ecran Solaire invisible spf50+ (50 ml) Kaline Ecran Solaire SPF50+ offre la protection solaire \u00e0 large spectre et stimule\" \/>\r\n<meta property=\"og:url\" content=\"https:\/\/paracherkaoui.ma\/index.php\/produit\/kaline-ecran-solaire-invisible-spf-50-peaux-normales-a-seches-50-ml\/\" \/>\r\n<meta property=\"og:site_name\" content=\"Paracherkaoui.ma\" \/>\r\n<meta property=\"article:modified_time\" content=\"2025-12-12T18:00:46+00:00\" \/>\r\n<meta property=\"og:image\" content=\"https:\/\/paracherkaoui.ma\/wp-content\/uploads\/2025\/12\/kaline-ecran-solaire-invisible-spf-50-peaux-normales-a-seches-50-ml.jpg\" \/>\r\n\t<meta property=\"og:image:width\" content=\"700\" \/>\r\n\t<meta property=\"og:image:height\" content=\"700\" \/>\r\n\t<meta property=\"og:image:type\" content=\"image\/jpeg\" \/>\r\n<meta name=\"twitter:card\" content=\"summary_large_image\" \/>\r\n<meta name=\"twitter:label1\" content=\"Dur\u00e9e de lecture estim\u00e9e\" \/>\n\t<meta name=\"twitter:data1\" content=\"1 minute\" \/>\r\n<script type=\"application\/ld+json\" class=\"yoast-schema-graph\">{\"@context\":\"https:\/\/schema.org\",\"@graph\":[{\"@type\":\"WebPage\",\"@id\":\"https:\/\/paracherkaoui.ma\/index.php\/produit\/kaline-ecran-solaire-invisible-spf-50-peaux-normales-a-seches-50-ml\/\",\"url\":\"https:\/\/paracherkaoui.ma\/index.php\/produit\/kaline-ecran-solaire-invisible-spf-50-peaux-normales-a-seches-50-ml\/\",\"name\":\"KALINE ECRAN SOLAIRE INVISIBLE SPF 50+ PEAUX NORMALES A SECHES 50 ML - Paracherkaoui.ma\",\"isPartOf\":{\"@id\":\"https:\/\/paracherkaoui.ma\/#website\"},\"primaryImageOfPage\":{\"@id\":\"https:\/\/paracherkaoui.ma\/index.php\/produit\/kaline-ecran-solaire-invisible-spf-50-peaux-normales-a-seches-50-ml\/#primaryimage\"},\"image\":{\"@id\":\"https:\/\/paracherkaoui.ma\/index.php\/produit\/kaline-ecran-solaire-invisible-spf-50-peaux-normales-a-seches-50-ml\/#primaryimage\"},\"thumbnailUrl\":\"https:\/\/paracherkaoui.ma\/wp-content\/uploads\/2025\/12\/kaline-ecran-solaire-invisible-spf-50-peaux-normales-a-seches-50-ml.jpg\",\"datePublished\":\"2025-12-12T18:00:40+00:00\",\"dateModified\":\"2025-12-12T18:00:46+00:00\",\"breadcrumb\":{\"@id\":\"https:\/\/paracherkaoui.ma\/index.php\/produit\/kaline-ecran-solaire-invisible-spf-50-peaux-normales-a-seches-50-ml\/#breadcrumb\"},\"inLanguage\":\"fr-FR\",\"potentialAction\":[{\"@type\":\"ReadAction\",\"target\":[\"https:\/\/paracherkaoui.ma\/index.php\/produit\/kaline-ecran-solaire-invisible-spf-50-peaux-normales-a-seches-50-ml\/\"]}]},{\"@type\":\"ImageObject\",\"inLanguage\":\"fr-FR\",\"@id\":\"https:\/\/paracherkaoui.ma\/index.php\/produit\/kaline-ecran-solaire-invisible-spf-50-peaux-normales-a-seches-50-ml\/#primaryimage\",\"url\":\"https:\/\/paracherkaoui.ma\/wp-content\/uploads\/2025\/12\/kaline-ecran-solaire-invisible-spf-50-peaux-normales-a-seches-50-ml.jpg\",\"contentUrl\":\"https:\/\/paracherkaoui.ma\/wp-content\/uploads\/2025\/12\/kaline-ecran-solaire-invisible-spf-50-peaux-normales-a-seches-50-ml.jpg\",\"width\":700,\"height\":700},{\"@type\":\"BreadcrumbList\",\"@id\":\"https:\/\/paracherkaoui.ma\/index.php\/produit\/kaline-ecran-solaire-invisible-spf-50-peaux-normales-a-seches-50-ml\/#breadcrumb\",\"itemListElement\":[{\"@type\":\"ListItem\",\"position\":1,\"name\":\"Accueil\",\"item\":\"https:\/\/paracherkaoui.ma\/\"},{\"@type\":\"ListItem\",\"position\":2,\"name\":\"Boutique\",\"item\":\"https:\/\/paracherkaoui.ma\/index.php\/boutique\/\"},{\"@type\":\"ListItem\",\"position\":3,\"name\":\"KALINE ECRAN SOLAIRE INVISIBLE SPF 50+ PEAUX NORMALES A SECHES 50 ML\"}]},{\"@type\":\"WebSite\",\"@id\":\"https:\/\/paracherkaoui.ma\/#website\",\"url\":\"https:\/\/paracherkaoui.ma\/\",\"name\":\"Paracherkaoui.ma\",\"description\":\"Achetez en ligne sur Paracherkaoui.ma\",\"potentialAction\":[{\"@type\":\"SearchAction\",\"target\":{\"@type\":\"EntryPoint\",\"urlTemplate\":\"https:\/\/paracherkaoui.ma\/?s={search_term_string}\"},\"query-input\":{\"@type\":\"PropertyValueSpecification\",\"valueRequired\":true,\"valueName\":\"search_term_string\"}}],\"inLanguage\":\"fr-FR\"}]}<\/script>\r\n<!-- \/ Yoast SEO plugin. -->","yoast_head_json":{"title":"KALINE ECRAN SOLAIRE INVISIBLE SPF 50+ PEAUX NORMALES A SECHES 50 ML - Paracherkaoui.ma","robots":{"index":"index","follow":"follow","max-snippet":"max-snippet:-1","max-image-preview":"max-image-preview:large","max-video-preview":"max-video-preview:-1"},"canonical":"https:\/\/paracherkaoui.ma\/index.php\/produit\/kaline-ecran-solaire-invisible-spf-50-peaux-normales-a-seches-50-ml\/","og_locale":"fr_FR","og_type":"article","og_title":"KALINE ECRAN SOLAIRE INVISIBLE SPF 50+ PEAUX NORMALES A SECHES 50 ML - Paracherkaoui.ma","og_description":"Kaline Ecran Solaire invisible spf50+ (50 ml) Kaline Ecran Solaire SPF50+ offre la protection solaire \u00e0 large spectre et stimule","og_url":"https:\/\/paracherkaoui.ma\/index.php\/produit\/kaline-ecran-solaire-invisible-spf-50-peaux-normales-a-seches-50-ml\/","og_site_name":"Paracherkaoui.ma","article_modified_time":"2025-12-12T18:00:46+00:00","og_image":[{"width":700,"height":700,"url":"https:\/\/paracherkaoui.ma\/wp-content\/uploads\/2025\/12\/kaline-ecran-solaire-invisible-spf-50-peaux-normales-a-seches-50-ml.jpg","type":"image\/jpeg"}],"twitter_card":"summary_large_image","twitter_misc":{"Dur\u00e9e de lecture estim\u00e9e":"1 minute"},"schema":{"@context":"https:\/\/schema.org","@graph":[{"@type":"WebPage","@id":"https:\/\/paracherkaoui.ma\/index.php\/produit\/kaline-ecran-solaire-invisible-spf-50-peaux-normales-a-seches-50-ml\/","url":"https:\/\/paracherkaoui.ma\/index.php\/produit\/kaline-ecran-solaire-invisible-spf-50-peaux-normales-a-seches-50-ml\/","name":"KALINE ECRAN SOLAIRE INVISIBLE SPF 50+ PEAUX NORMALES A SECHES 50 ML - Paracherkaoui.ma","isPartOf":{"@id":"https:\/\/paracherkaoui.ma\/#website"},"primaryImageOfPage":{"@id":"https:\/\/paracherkaoui.ma\/index.php\/produit\/kaline-ecran-solaire-invisible-spf-50-peaux-normales-a-seches-50-ml\/#primaryimage"},"image":{"@id":"https:\/\/paracherkaoui.ma\/index.php\/produit\/kaline-ecran-solaire-invisible-spf-50-peaux-normales-a-seches-50-ml\/#primaryimage"},"thumbnailUrl":"https:\/\/paracherkaoui.ma\/wp-content\/uploads\/2025\/12\/kaline-ecran-solaire-invisible-spf-50-peaux-normales-a-seches-50-ml.jpg","datePublished":"2025-12-12T18:00:40+00:00","dateModified":"2025-12-12T18:00:46+00:00","breadcrumb":{"@id":"https:\/\/paracherkaoui.ma\/index.php\/produit\/kaline-ecran-solaire-invisible-spf-50-peaux-normales-a-seches-50-ml\/#breadcrumb"},"inLanguage":"fr-FR","potentialAction":[{"@type":"ReadAction","target":["https:\/\/paracherkaoui.ma\/index.php\/produit\/kaline-ecran-solaire-invisible-spf-50-peaux-normales-a-seches-50-ml\/"]}]},{"@type":"ImageObject","inLanguage":"fr-FR","@id":"https:\/\/paracherkaoui.ma\/index.php\/produit\/kaline-ecran-solaire-invisible-spf-50-peaux-normales-a-seches-50-ml\/#primaryimage","url":"https:\/\/paracherkaoui.ma\/wp-content\/uploads\/2025\/12\/kaline-ecran-solaire-invisible-spf-50-peaux-normales-a-seches-50-ml.jpg","contentUrl":"https:\/\/paracherkaoui.ma\/wp-content\/uploads\/2025\/12\/kaline-ecran-solaire-invisible-spf-50-peaux-normales-a-seches-50-ml.jpg","width":700,"height":700},{"@type":"BreadcrumbList","@id":"https:\/\/paracherkaoui.ma\/index.php\/produit\/kaline-ecran-solaire-invisible-spf-50-peaux-normales-a-seches-50-ml\/#breadcrumb","itemListElement":[{"@type":"ListItem","position":1,"name":"Accueil","item":"https:\/\/paracherkaoui.ma\/"},{"@type":"ListItem","position":2,"name":"Boutique","item":"https:\/\/paracherkaoui.ma\/index.php\/boutique\/"},{"@type":"ListItem","position":3,"name":"KALINE ECRAN SOLAIRE INVISIBLE SPF 50+ PEAUX NORMALES A SECHES 50 ML"}]},{"@type":"WebSite","@id":"https:\/\/paracherkaoui.ma\/#website","url":"https:\/\/paracherkaoui.ma\/","name":"Paracherkaoui.ma","description":"Achetez en ligne sur Paracherkaoui.ma","potentialAction":[{"@type":"SearchAction","target":{"@type":"EntryPoint","urlTemplate":"https:\/\/paracherkaoui.ma\/?s={search_term_string}"},"query-input":{"@type":"PropertyValueSpecification","valueRequired":true,"valueName":"search_term_string"}}],"inLanguage":"fr-FR"}]}},"_links":{"self":[{"href":"https:\/\/paracherkaoui.ma\/index.php\/wp-json\/wp\/v2\/product\/38609","targetHints":{"allow":["GET"]}}],"collection":[{"href":"https:\/\/paracherkaoui.ma\/index.php\/wp-json\/wp\/v2\/product"}],"about":[{"href":"https:\/\/paracherkaoui.ma\/index.php\/wp-json\/wp\/v2\/types\/product"}],"replies":[{"embeddable":true,"href":"https:\/\/paracherkaoui.ma\/index.php\/wp-json\/wp\/v2\/comments?post=38609"}],"version-history":[{"count":1,"href":"https:\/\/paracherkaoui.ma\/index.php\/wp-json\/wp\/v2\/product\/38609\/revisions"}],"predecessor-version":[{"id":38662,"href":"https:\/\/paracherkaoui.ma\/index.php\/wp-json\/wp\/v2\/product\/38609\/revisions\/38662"}],"wp:featuredmedia":[{"embeddable":true,"href":"https:\/\/paracherkaoui.ma\/index.php\/wp-json\/wp\/v2\/media\/38661"}],"wp:attachment":[{"href":"https:\/\/paracherkaoui.ma\/index.php\/wp-json\/wp\/v2\/media?parent=38609"}],"wp:term":[{"taxonomy":"product_brand","embeddable":true,"href":"https:\/\/paracherkaoui.ma\/index.php\/wp-json\/wp\/v2\/product_brand?post=38609"},{"taxonomy":"product_cat","embeddable":true,"href":"https:\/\/paracherkaoui.ma\/index.php\/wp-json\/wp\/v2\/product_cat?post=38609"},{"taxonomy":"product_tag","embeddable":true,"href":"https:\/\/paracherkaoui.ma\/index.php\/wp-json\/wp\/v2\/product_tag?post=38609"}],"curies":[{"name":"wp","href":"https:\/\/api.w.org\/{rel}","templated":true}]}}