{"id":38587,"date":"2025-12-12T19:00:39","date_gmt":"2025-12-12T18:00:39","guid":{"rendered":"https:\/\/test.ecbeaute.com\/?post_type=product&#038;p=38587"},"modified":"2025-12-12T19:00:42","modified_gmt":"2025-12-12T18:00:42","slug":"australian-gold-lotion-botanique-ecran-solaire-mineral-spf-50-147-ml","status":"publish","type":"product","link":"https:\/\/paracherkaoui.ma\/index.php\/produit\/australian-gold-lotion-botanique-ecran-solaire-mineral-spf-50-147-ml\/","title":{"rendered":"AUSTRALIAN GOLD LOTION BOTANIQUE ECRAN SOLAIRE MINERAL SPF 50 147 ml"},"content":{"rendered":"<p>Description:<br \/>\nLa lotion min\u00e9rale Australian Gold\u00ae Botanical SPF 50 est plus qu&rsquo;une puissante protection solaire: c&rsquo;est un soin doux pour votre peau. Cette lotion \u00e9cran solaire non chimique offre une protection non blanchissante avec une sensation rafra\u00eechissante luxueuse et poudr\u00e9e. Riche en vitamines et antioxydants issus d&rsquo;ingr\u00e9dients botaniques australiens, il vous permet de profiter du soleil, prot\u00e9g\u00e9 des rayons UVA et UVB et r\u00e9sistant \u00e0 l&rsquo;eau jusqu&rsquo;\u00e0 80 minutes.<br \/>\n\u00c9cran solaire 100% min\u00e9ral: le dioxyde de titane et l&rsquo;oxyde de zinc offrent une option de protection solaire non chimique, avec un fini mat poudr\u00e9 qui n&rsquo;est jamais gras<br \/>\nBotaniques australiens: la prune de Kakadu, l&rsquo;eucalyptus et les algues rouges forment une combinaison unique de plantes riches en antioxydants<br \/>\nFormulation \u00e9co-consciente: con\u00e7ue pour \u00eatre sans oxybenzone, sans parab\u00e8ne, sans phtalate, sans PABA, sans vaseline, sans SLS (sulfate), sans colorant et sans huile. Hypoallerg\u00e9nique. Test\u00e9 par un dermatologue et un p\u00e9diatre. Non test\u00e9 sur les animaux.<br \/>\nParfum: Le parfum Citrus Oasis fournit un parfum sophistiqu\u00e9, subtil et rafra\u00eechissant<br \/>\nConseils d&rsquo;utilisation\u00a0:<br \/>\nAppliquer g\u00e9n\u00e9reusement 15 minutes avant l&rsquo;exposition au soleil. R\u00e9appliquez: apr\u00e8s 80 minutes de baignade ou de transpiration, imm\u00e9diatement apr\u00e8s le s\u00e9chage \u00e0 la serviette, au moins toutes les 2 heures.<\/p>\n","protected":false},"excerpt":{"rendered":"<p>Description: La lotion min\u00e9rale Australian Gold\u00ae Botanical SPF 50 est plus qu&rsquo;une puissante protection solaire: c&rsquo;est un soin doux pour<\/p>\n","protected":false},"featured_media":38621,"comment_status":"open","ping_status":"closed","template":"","meta":[],"product_brand":[542],"product_cat":[666],"product_tag":[],"class_list":{"0":"post-38587","1":"product","2":"type-product","3":"status-publish","4":"has-post-thumbnail","6":"product_brand-australian-gold","7":"product_cat-cremes-solaires","9":"first","10":"instock","11":"shipping-taxable","12":"purchasable","13":"product-type-simple"},"yoast_head":"<!-- This site is optimized with the Yoast SEO plugin v26.6 - https:\/\/yoast.com\/wordpress\/plugins\/seo\/ -->\r\n<title>AUSTRALIAN GOLD LOTION BOTANIQUE ECRAN SOLAIRE MINERAL SPF 50 147 ml - Paracherkaoui.ma<\/title>\r\n<meta name=\"robots\" content=\"index, follow, max-snippet:-1, max-image-preview:large, max-video-preview:-1\" \/>\r\n<link rel=\"canonical\" href=\"https:\/\/paracherkaoui.ma\/index.php\/produit\/australian-gold-lotion-botanique-ecran-solaire-mineral-spf-50-147-ml\/\" \/>\r\n<meta property=\"og:locale\" content=\"fr_FR\" \/>\r\n<meta property=\"og:type\" content=\"article\" \/>\r\n<meta property=\"og:title\" content=\"AUSTRALIAN GOLD LOTION BOTANIQUE ECRAN SOLAIRE MINERAL SPF 50 147 ml - Paracherkaoui.ma\" \/>\r\n<meta property=\"og:description\" content=\"Description: La lotion min\u00e9rale Australian Gold\u00ae Botanical SPF 50 est plus qu&rsquo;une puissante protection solaire: c&rsquo;est un soin doux pour\" \/>\r\n<meta property=\"og:url\" content=\"https:\/\/paracherkaoui.ma\/index.php\/produit\/australian-gold-lotion-botanique-ecran-solaire-mineral-spf-50-147-ml\/\" \/>\r\n<meta property=\"og:site_name\" content=\"Paracherkaoui.ma\" \/>\r\n<meta property=\"article:modified_time\" content=\"2025-12-12T18:00:42+00:00\" \/>\r\n<meta property=\"og:image\" content=\"https:\/\/paracherkaoui.ma\/wp-content\/uploads\/2025\/12\/australian-gold-australian-gold-lotion-botanique-ecran-solaire-mineral-spf-50-147-ml-cremes.jpg\" \/>\r\n\t<meta property=\"og:image:width\" content=\"700\" \/>\r\n\t<meta property=\"og:image:height\" content=\"700\" \/>\r\n\t<meta property=\"og:image:type\" content=\"image\/jpeg\" \/>\r\n<meta name=\"twitter:card\" content=\"summary_large_image\" \/>\r\n<meta name=\"twitter:label1\" content=\"Dur\u00e9e de lecture estim\u00e9e\" \/>\n\t<meta name=\"twitter:data1\" content=\"1 minute\" \/>\r\n<script type=\"application\/ld+json\" class=\"yoast-schema-graph\">{\"@context\":\"https:\/\/schema.org\",\"@graph\":[{\"@type\":\"WebPage\",\"@id\":\"https:\/\/paracherkaoui.ma\/index.php\/produit\/australian-gold-lotion-botanique-ecran-solaire-mineral-spf-50-147-ml\/\",\"url\":\"https:\/\/paracherkaoui.ma\/index.php\/produit\/australian-gold-lotion-botanique-ecran-solaire-mineral-spf-50-147-ml\/\",\"name\":\"AUSTRALIAN GOLD LOTION BOTANIQUE ECRAN SOLAIRE MINERAL SPF 50 147 ml - Paracherkaoui.ma\",\"isPartOf\":{\"@id\":\"https:\/\/paracherkaoui.ma\/#website\"},\"primaryImageOfPage\":{\"@id\":\"https:\/\/paracherkaoui.ma\/index.php\/produit\/australian-gold-lotion-botanique-ecran-solaire-mineral-spf-50-147-ml\/#primaryimage\"},\"image\":{\"@id\":\"https:\/\/paracherkaoui.ma\/index.php\/produit\/australian-gold-lotion-botanique-ecran-solaire-mineral-spf-50-147-ml\/#primaryimage\"},\"thumbnailUrl\":\"https:\/\/paracherkaoui.ma\/wp-content\/uploads\/2025\/12\/australian-gold-australian-gold-lotion-botanique-ecran-solaire-mineral-spf-50-147-ml-cremes.jpg\",\"datePublished\":\"2025-12-12T18:00:39+00:00\",\"dateModified\":\"2025-12-12T18:00:42+00:00\",\"breadcrumb\":{\"@id\":\"https:\/\/paracherkaoui.ma\/index.php\/produit\/australian-gold-lotion-botanique-ecran-solaire-mineral-spf-50-147-ml\/#breadcrumb\"},\"inLanguage\":\"fr-FR\",\"potentialAction\":[{\"@type\":\"ReadAction\",\"target\":[\"https:\/\/paracherkaoui.ma\/index.php\/produit\/australian-gold-lotion-botanique-ecran-solaire-mineral-spf-50-147-ml\/\"]}]},{\"@type\":\"ImageObject\",\"inLanguage\":\"fr-FR\",\"@id\":\"https:\/\/paracherkaoui.ma\/index.php\/produit\/australian-gold-lotion-botanique-ecran-solaire-mineral-spf-50-147-ml\/#primaryimage\",\"url\":\"https:\/\/paracherkaoui.ma\/wp-content\/uploads\/2025\/12\/australian-gold-australian-gold-lotion-botanique-ecran-solaire-mineral-spf-50-147-ml-cremes.jpg\",\"contentUrl\":\"https:\/\/paracherkaoui.ma\/wp-content\/uploads\/2025\/12\/australian-gold-australian-gold-lotion-botanique-ecran-solaire-mineral-spf-50-147-ml-cremes.jpg\",\"width\":700,\"height\":700},{\"@type\":\"BreadcrumbList\",\"@id\":\"https:\/\/paracherkaoui.ma\/index.php\/produit\/australian-gold-lotion-botanique-ecran-solaire-mineral-spf-50-147-ml\/#breadcrumb\",\"itemListElement\":[{\"@type\":\"ListItem\",\"position\":1,\"name\":\"Accueil\",\"item\":\"https:\/\/paracherkaoui.ma\/\"},{\"@type\":\"ListItem\",\"position\":2,\"name\":\"Boutique\",\"item\":\"https:\/\/paracherkaoui.ma\/index.php\/boutique\/\"},{\"@type\":\"ListItem\",\"position\":3,\"name\":\"AUSTRALIAN GOLD LOTION BOTANIQUE ECRAN SOLAIRE MINERAL SPF 50 147 ml\"}]},{\"@type\":\"WebSite\",\"@id\":\"https:\/\/paracherkaoui.ma\/#website\",\"url\":\"https:\/\/paracherkaoui.ma\/\",\"name\":\"Paracherkaoui.ma\",\"description\":\"Achetez en ligne sur Paracherkaoui.ma\",\"potentialAction\":[{\"@type\":\"SearchAction\",\"target\":{\"@type\":\"EntryPoint\",\"urlTemplate\":\"https:\/\/paracherkaoui.ma\/?s={search_term_string}\"},\"query-input\":{\"@type\":\"PropertyValueSpecification\",\"valueRequired\":true,\"valueName\":\"search_term_string\"}}],\"inLanguage\":\"fr-FR\"}]}<\/script>\r\n<!-- \/ Yoast SEO plugin. -->","yoast_head_json":{"title":"AUSTRALIAN GOLD LOTION BOTANIQUE ECRAN SOLAIRE MINERAL SPF 50 147 ml - Paracherkaoui.ma","robots":{"index":"index","follow":"follow","max-snippet":"max-snippet:-1","max-image-preview":"max-image-preview:large","max-video-preview":"max-video-preview:-1"},"canonical":"https:\/\/paracherkaoui.ma\/index.php\/produit\/australian-gold-lotion-botanique-ecran-solaire-mineral-spf-50-147-ml\/","og_locale":"fr_FR","og_type":"article","og_title":"AUSTRALIAN GOLD LOTION BOTANIQUE ECRAN SOLAIRE MINERAL SPF 50 147 ml - Paracherkaoui.ma","og_description":"Description: La lotion min\u00e9rale Australian Gold\u00ae Botanical SPF 50 est plus qu&rsquo;une puissante protection solaire: c&rsquo;est un soin doux pour","og_url":"https:\/\/paracherkaoui.ma\/index.php\/produit\/australian-gold-lotion-botanique-ecran-solaire-mineral-spf-50-147-ml\/","og_site_name":"Paracherkaoui.ma","article_modified_time":"2025-12-12T18:00:42+00:00","og_image":[{"width":700,"height":700,"url":"https:\/\/paracherkaoui.ma\/wp-content\/uploads\/2025\/12\/australian-gold-australian-gold-lotion-botanique-ecran-solaire-mineral-spf-50-147-ml-cremes.jpg","type":"image\/jpeg"}],"twitter_card":"summary_large_image","twitter_misc":{"Dur\u00e9e de lecture estim\u00e9e":"1 minute"},"schema":{"@context":"https:\/\/schema.org","@graph":[{"@type":"WebPage","@id":"https:\/\/paracherkaoui.ma\/index.php\/produit\/australian-gold-lotion-botanique-ecran-solaire-mineral-spf-50-147-ml\/","url":"https:\/\/paracherkaoui.ma\/index.php\/produit\/australian-gold-lotion-botanique-ecran-solaire-mineral-spf-50-147-ml\/","name":"AUSTRALIAN GOLD LOTION BOTANIQUE ECRAN SOLAIRE MINERAL SPF 50 147 ml - Paracherkaoui.ma","isPartOf":{"@id":"https:\/\/paracherkaoui.ma\/#website"},"primaryImageOfPage":{"@id":"https:\/\/paracherkaoui.ma\/index.php\/produit\/australian-gold-lotion-botanique-ecran-solaire-mineral-spf-50-147-ml\/#primaryimage"},"image":{"@id":"https:\/\/paracherkaoui.ma\/index.php\/produit\/australian-gold-lotion-botanique-ecran-solaire-mineral-spf-50-147-ml\/#primaryimage"},"thumbnailUrl":"https:\/\/paracherkaoui.ma\/wp-content\/uploads\/2025\/12\/australian-gold-australian-gold-lotion-botanique-ecran-solaire-mineral-spf-50-147-ml-cremes.jpg","datePublished":"2025-12-12T18:00:39+00:00","dateModified":"2025-12-12T18:00:42+00:00","breadcrumb":{"@id":"https:\/\/paracherkaoui.ma\/index.php\/produit\/australian-gold-lotion-botanique-ecran-solaire-mineral-spf-50-147-ml\/#breadcrumb"},"inLanguage":"fr-FR","potentialAction":[{"@type":"ReadAction","target":["https:\/\/paracherkaoui.ma\/index.php\/produit\/australian-gold-lotion-botanique-ecran-solaire-mineral-spf-50-147-ml\/"]}]},{"@type":"ImageObject","inLanguage":"fr-FR","@id":"https:\/\/paracherkaoui.ma\/index.php\/produit\/australian-gold-lotion-botanique-ecran-solaire-mineral-spf-50-147-ml\/#primaryimage","url":"https:\/\/paracherkaoui.ma\/wp-content\/uploads\/2025\/12\/australian-gold-australian-gold-lotion-botanique-ecran-solaire-mineral-spf-50-147-ml-cremes.jpg","contentUrl":"https:\/\/paracherkaoui.ma\/wp-content\/uploads\/2025\/12\/australian-gold-australian-gold-lotion-botanique-ecran-solaire-mineral-spf-50-147-ml-cremes.jpg","width":700,"height":700},{"@type":"BreadcrumbList","@id":"https:\/\/paracherkaoui.ma\/index.php\/produit\/australian-gold-lotion-botanique-ecran-solaire-mineral-spf-50-147-ml\/#breadcrumb","itemListElement":[{"@type":"ListItem","position":1,"name":"Accueil","item":"https:\/\/paracherkaoui.ma\/"},{"@type":"ListItem","position":2,"name":"Boutique","item":"https:\/\/paracherkaoui.ma\/index.php\/boutique\/"},{"@type":"ListItem","position":3,"name":"AUSTRALIAN GOLD LOTION BOTANIQUE ECRAN SOLAIRE MINERAL SPF 50 147 ml"}]},{"@type":"WebSite","@id":"https:\/\/paracherkaoui.ma\/#website","url":"https:\/\/paracherkaoui.ma\/","name":"Paracherkaoui.ma","description":"Achetez en ligne sur Paracherkaoui.ma","potentialAction":[{"@type":"SearchAction","target":{"@type":"EntryPoint","urlTemplate":"https:\/\/paracherkaoui.ma\/?s={search_term_string}"},"query-input":{"@type":"PropertyValueSpecification","valueRequired":true,"valueName":"search_term_string"}}],"inLanguage":"fr-FR"}]}},"_links":{"self":[{"href":"https:\/\/paracherkaoui.ma\/index.php\/wp-json\/wp\/v2\/product\/38587","targetHints":{"allow":["GET"]}}],"collection":[{"href":"https:\/\/paracherkaoui.ma\/index.php\/wp-json\/wp\/v2\/product"}],"about":[{"href":"https:\/\/paracherkaoui.ma\/index.php\/wp-json\/wp\/v2\/types\/product"}],"replies":[{"embeddable":true,"href":"https:\/\/paracherkaoui.ma\/index.php\/wp-json\/wp\/v2\/comments?post=38587"}],"version-history":[{"count":1,"href":"https:\/\/paracherkaoui.ma\/index.php\/wp-json\/wp\/v2\/product\/38587\/revisions"}],"predecessor-version":[{"id":38622,"href":"https:\/\/paracherkaoui.ma\/index.php\/wp-json\/wp\/v2\/product\/38587\/revisions\/38622"}],"wp:featuredmedia":[{"embeddable":true,"href":"https:\/\/paracherkaoui.ma\/index.php\/wp-json\/wp\/v2\/media\/38621"}],"wp:attachment":[{"href":"https:\/\/paracherkaoui.ma\/index.php\/wp-json\/wp\/v2\/media?parent=38587"}],"wp:term":[{"taxonomy":"product_brand","embeddable":true,"href":"https:\/\/paracherkaoui.ma\/index.php\/wp-json\/wp\/v2\/product_brand?post=38587"},{"taxonomy":"product_cat","embeddable":true,"href":"https:\/\/paracherkaoui.ma\/index.php\/wp-json\/wp\/v2\/product_cat?post=38587"},{"taxonomy":"product_tag","embeddable":true,"href":"https:\/\/paracherkaoui.ma\/index.php\/wp-json\/wp\/v2\/product_tag?post=38587"}],"curies":[{"name":"wp","href":"https:\/\/api.w.org\/{rel}","templated":true}]}}