{"id":38514,"date":"2025-12-12T19:00:30","date_gmt":"2025-12-12T18:00:30","guid":{"rendered":"https:\/\/test.ecbeaute.com\/?post_type=product&#038;p=38514"},"modified":"2025-12-12T19:00:35","modified_gmt":"2025-12-12T18:00:35","slug":"dermo-soin-uvp-creme-solaire-minerale-spf-50-50ml-tres-haute-protection","status":"publish","type":"product","link":"https:\/\/paracherkaoui.ma\/index.php\/produit\/dermo-soin-uvp-creme-solaire-minerale-spf-50-50ml-tres-haute-protection\/","title":{"rendered":"DERMO SOIN UVP CREME SOLAIRE MINERALE SPF 50+ 50ML TRES HAUTE PROTECTION"},"content":{"rendered":"<p>Description<br \/>\nUVP min\u00e9ral est la cr\u00e8me \u00e9cran solaire tr\u00e8s haute protection sp\u00e9cialement con\u00e7ue pour les peaux intol\u00e9rantes aux filtres chimiques. Enti\u00e8rement min\u00e9rale, elle est indiqu\u00e9e pour les peaux extr\u00eamement sensibles, les peaux irrit\u00e9es, les peaux r\u00e9actives et les peaux intol\u00e9rantes aux autres cr\u00e8mes solaires.<br \/>\nAssociant l\u2019efficacit\u00e9 des filtres min\u00e9raux aux bienfaits de ses composantes m\u00e9dicinales naturelles la cr\u00e8me solaire UVP procure :une protection solaire extr\u00eame UVA-UVB.un effet hydratant, apaisant, antioxydant gr\u00e2ce \u00e0 ses composants naturels: (extrait de th\u00e9 vert, huile de germe de bl\u00e9, beurre de karit\u00e9, la vit E et la cire d\u2019abeille).<\/p>\n","protected":false},"excerpt":{"rendered":"<p>Description UVP min\u00e9ral est la cr\u00e8me \u00e9cran solaire tr\u00e8s haute protection sp\u00e9cialement con\u00e7ue pour les peaux intol\u00e9rantes aux filtres chimiques.<\/p>\n","protected":false},"featured_media":38559,"comment_status":"open","ping_status":"closed","template":"","meta":[],"product_brand":[319],"product_cat":[666],"product_tag":[],"class_list":{"0":"post-38514","1":"product","2":"type-product","3":"status-publish","4":"has-post-thumbnail","6":"product_brand-dermo-soin","7":"product_cat-cremes-solaires","9":"first","10":"instock","11":"sale","12":"shipping-taxable","13":"purchasable","14":"product-type-simple"},"yoast_head":"<!-- This site is optimized with the Yoast SEO plugin v26.6 - https:\/\/yoast.com\/wordpress\/plugins\/seo\/ -->\r\n<title>DERMO SOIN UVP CREME SOLAIRE MINERALE SPF 50+ 50ML TRES HAUTE PROTECTION - Paracherkaoui.ma<\/title>\r\n<meta name=\"robots\" content=\"index, follow, max-snippet:-1, max-image-preview:large, max-video-preview:-1\" \/>\r\n<link rel=\"canonical\" href=\"https:\/\/paracherkaoui.ma\/index.php\/produit\/dermo-soin-uvp-creme-solaire-minerale-spf-50-50ml-tres-haute-protection\/\" \/>\r\n<meta property=\"og:locale\" content=\"fr_FR\" \/>\r\n<meta property=\"og:type\" content=\"article\" \/>\r\n<meta property=\"og:title\" content=\"DERMO SOIN UVP CREME SOLAIRE MINERALE SPF 50+ 50ML TRES HAUTE PROTECTION - Paracherkaoui.ma\" \/>\r\n<meta property=\"og:description\" content=\"Description UVP min\u00e9ral est la cr\u00e8me \u00e9cran solaire tr\u00e8s haute protection sp\u00e9cialement con\u00e7ue pour les peaux intol\u00e9rantes aux filtres chimiques.\" \/>\r\n<meta property=\"og:url\" content=\"https:\/\/paracherkaoui.ma\/index.php\/produit\/dermo-soin-uvp-creme-solaire-minerale-spf-50-50ml-tres-haute-protection\/\" \/>\r\n<meta property=\"og:site_name\" content=\"Paracherkaoui.ma\" \/>\r\n<meta property=\"article:modified_time\" content=\"2025-12-12T18:00:35+00:00\" \/>\r\n<meta property=\"og:image\" content=\"https:\/\/paracherkaoui.ma\/wp-content\/uploads\/2025\/12\/dermo-soin-uvp-creme-solaire-minerale-spf-50-50ml-tres-haute-protection.jpg\" \/>\r\n\t<meta property=\"og:image:width\" content=\"700\" \/>\r\n\t<meta property=\"og:image:height\" content=\"700\" \/>\r\n\t<meta property=\"og:image:type\" content=\"image\/jpeg\" \/>\r\n<meta name=\"twitter:card\" content=\"summary_large_image\" \/>\r\n<meta name=\"twitter:label1\" content=\"Dur\u00e9e de lecture estim\u00e9e\" \/>\n\t<meta name=\"twitter:data1\" content=\"1 minute\" \/>\r\n<script type=\"application\/ld+json\" class=\"yoast-schema-graph\">{\"@context\":\"https:\/\/schema.org\",\"@graph\":[{\"@type\":\"WebPage\",\"@id\":\"https:\/\/paracherkaoui.ma\/index.php\/produit\/dermo-soin-uvp-creme-solaire-minerale-spf-50-50ml-tres-haute-protection\/\",\"url\":\"https:\/\/paracherkaoui.ma\/index.php\/produit\/dermo-soin-uvp-creme-solaire-minerale-spf-50-50ml-tres-haute-protection\/\",\"name\":\"DERMO SOIN UVP CREME SOLAIRE MINERALE SPF 50+ 50ML TRES HAUTE PROTECTION - Paracherkaoui.ma\",\"isPartOf\":{\"@id\":\"https:\/\/paracherkaoui.ma\/#website\"},\"primaryImageOfPage\":{\"@id\":\"https:\/\/paracherkaoui.ma\/index.php\/produit\/dermo-soin-uvp-creme-solaire-minerale-spf-50-50ml-tres-haute-protection\/#primaryimage\"},\"image\":{\"@id\":\"https:\/\/paracherkaoui.ma\/index.php\/produit\/dermo-soin-uvp-creme-solaire-minerale-spf-50-50ml-tres-haute-protection\/#primaryimage\"},\"thumbnailUrl\":\"https:\/\/paracherkaoui.ma\/wp-content\/uploads\/2025\/12\/dermo-soin-uvp-creme-solaire-minerale-spf-50-50ml-tres-haute-protection.jpg\",\"datePublished\":\"2025-12-12T18:00:30+00:00\",\"dateModified\":\"2025-12-12T18:00:35+00:00\",\"breadcrumb\":{\"@id\":\"https:\/\/paracherkaoui.ma\/index.php\/produit\/dermo-soin-uvp-creme-solaire-minerale-spf-50-50ml-tres-haute-protection\/#breadcrumb\"},\"inLanguage\":\"fr-FR\",\"potentialAction\":[{\"@type\":\"ReadAction\",\"target\":[\"https:\/\/paracherkaoui.ma\/index.php\/produit\/dermo-soin-uvp-creme-solaire-minerale-spf-50-50ml-tres-haute-protection\/\"]}]},{\"@type\":\"ImageObject\",\"inLanguage\":\"fr-FR\",\"@id\":\"https:\/\/paracherkaoui.ma\/index.php\/produit\/dermo-soin-uvp-creme-solaire-minerale-spf-50-50ml-tres-haute-protection\/#primaryimage\",\"url\":\"https:\/\/paracherkaoui.ma\/wp-content\/uploads\/2025\/12\/dermo-soin-uvp-creme-solaire-minerale-spf-50-50ml-tres-haute-protection.jpg\",\"contentUrl\":\"https:\/\/paracherkaoui.ma\/wp-content\/uploads\/2025\/12\/dermo-soin-uvp-creme-solaire-minerale-spf-50-50ml-tres-haute-protection.jpg\",\"width\":700,\"height\":700},{\"@type\":\"BreadcrumbList\",\"@id\":\"https:\/\/paracherkaoui.ma\/index.php\/produit\/dermo-soin-uvp-creme-solaire-minerale-spf-50-50ml-tres-haute-protection\/#breadcrumb\",\"itemListElement\":[{\"@type\":\"ListItem\",\"position\":1,\"name\":\"Accueil\",\"item\":\"https:\/\/paracherkaoui.ma\/\"},{\"@type\":\"ListItem\",\"position\":2,\"name\":\"Boutique\",\"item\":\"https:\/\/paracherkaoui.ma\/index.php\/boutique\/\"},{\"@type\":\"ListItem\",\"position\":3,\"name\":\"DERMO SOIN UVP CREME SOLAIRE MINERALE SPF 50+ 50ML TRES HAUTE PROTECTION\"}]},{\"@type\":\"WebSite\",\"@id\":\"https:\/\/paracherkaoui.ma\/#website\",\"url\":\"https:\/\/paracherkaoui.ma\/\",\"name\":\"Paracherkaoui.ma\",\"description\":\"Achetez en ligne sur Paracherkaoui.ma\",\"potentialAction\":[{\"@type\":\"SearchAction\",\"target\":{\"@type\":\"EntryPoint\",\"urlTemplate\":\"https:\/\/paracherkaoui.ma\/?s={search_term_string}\"},\"query-input\":{\"@type\":\"PropertyValueSpecification\",\"valueRequired\":true,\"valueName\":\"search_term_string\"}}],\"inLanguage\":\"fr-FR\"}]}<\/script>\r\n<!-- \/ Yoast SEO plugin. -->","yoast_head_json":{"title":"DERMO SOIN UVP CREME SOLAIRE MINERALE SPF 50+ 50ML TRES HAUTE PROTECTION - Paracherkaoui.ma","robots":{"index":"index","follow":"follow","max-snippet":"max-snippet:-1","max-image-preview":"max-image-preview:large","max-video-preview":"max-video-preview:-1"},"canonical":"https:\/\/paracherkaoui.ma\/index.php\/produit\/dermo-soin-uvp-creme-solaire-minerale-spf-50-50ml-tres-haute-protection\/","og_locale":"fr_FR","og_type":"article","og_title":"DERMO SOIN UVP CREME SOLAIRE MINERALE SPF 50+ 50ML TRES HAUTE PROTECTION - Paracherkaoui.ma","og_description":"Description UVP min\u00e9ral est la cr\u00e8me \u00e9cran solaire tr\u00e8s haute protection sp\u00e9cialement con\u00e7ue pour les peaux intol\u00e9rantes aux filtres chimiques.","og_url":"https:\/\/paracherkaoui.ma\/index.php\/produit\/dermo-soin-uvp-creme-solaire-minerale-spf-50-50ml-tres-haute-protection\/","og_site_name":"Paracherkaoui.ma","article_modified_time":"2025-12-12T18:00:35+00:00","og_image":[{"width":700,"height":700,"url":"https:\/\/paracherkaoui.ma\/wp-content\/uploads\/2025\/12\/dermo-soin-uvp-creme-solaire-minerale-spf-50-50ml-tres-haute-protection.jpg","type":"image\/jpeg"}],"twitter_card":"summary_large_image","twitter_misc":{"Dur\u00e9e de lecture estim\u00e9e":"1 minute"},"schema":{"@context":"https:\/\/schema.org","@graph":[{"@type":"WebPage","@id":"https:\/\/paracherkaoui.ma\/index.php\/produit\/dermo-soin-uvp-creme-solaire-minerale-spf-50-50ml-tres-haute-protection\/","url":"https:\/\/paracherkaoui.ma\/index.php\/produit\/dermo-soin-uvp-creme-solaire-minerale-spf-50-50ml-tres-haute-protection\/","name":"DERMO SOIN UVP CREME SOLAIRE MINERALE SPF 50+ 50ML TRES HAUTE PROTECTION - Paracherkaoui.ma","isPartOf":{"@id":"https:\/\/paracherkaoui.ma\/#website"},"primaryImageOfPage":{"@id":"https:\/\/paracherkaoui.ma\/index.php\/produit\/dermo-soin-uvp-creme-solaire-minerale-spf-50-50ml-tres-haute-protection\/#primaryimage"},"image":{"@id":"https:\/\/paracherkaoui.ma\/index.php\/produit\/dermo-soin-uvp-creme-solaire-minerale-spf-50-50ml-tres-haute-protection\/#primaryimage"},"thumbnailUrl":"https:\/\/paracherkaoui.ma\/wp-content\/uploads\/2025\/12\/dermo-soin-uvp-creme-solaire-minerale-spf-50-50ml-tres-haute-protection.jpg","datePublished":"2025-12-12T18:00:30+00:00","dateModified":"2025-12-12T18:00:35+00:00","breadcrumb":{"@id":"https:\/\/paracherkaoui.ma\/index.php\/produit\/dermo-soin-uvp-creme-solaire-minerale-spf-50-50ml-tres-haute-protection\/#breadcrumb"},"inLanguage":"fr-FR","potentialAction":[{"@type":"ReadAction","target":["https:\/\/paracherkaoui.ma\/index.php\/produit\/dermo-soin-uvp-creme-solaire-minerale-spf-50-50ml-tres-haute-protection\/"]}]},{"@type":"ImageObject","inLanguage":"fr-FR","@id":"https:\/\/paracherkaoui.ma\/index.php\/produit\/dermo-soin-uvp-creme-solaire-minerale-spf-50-50ml-tres-haute-protection\/#primaryimage","url":"https:\/\/paracherkaoui.ma\/wp-content\/uploads\/2025\/12\/dermo-soin-uvp-creme-solaire-minerale-spf-50-50ml-tres-haute-protection.jpg","contentUrl":"https:\/\/paracherkaoui.ma\/wp-content\/uploads\/2025\/12\/dermo-soin-uvp-creme-solaire-minerale-spf-50-50ml-tres-haute-protection.jpg","width":700,"height":700},{"@type":"BreadcrumbList","@id":"https:\/\/paracherkaoui.ma\/index.php\/produit\/dermo-soin-uvp-creme-solaire-minerale-spf-50-50ml-tres-haute-protection\/#breadcrumb","itemListElement":[{"@type":"ListItem","position":1,"name":"Accueil","item":"https:\/\/paracherkaoui.ma\/"},{"@type":"ListItem","position":2,"name":"Boutique","item":"https:\/\/paracherkaoui.ma\/index.php\/boutique\/"},{"@type":"ListItem","position":3,"name":"DERMO SOIN UVP CREME SOLAIRE MINERALE SPF 50+ 50ML TRES HAUTE PROTECTION"}]},{"@type":"WebSite","@id":"https:\/\/paracherkaoui.ma\/#website","url":"https:\/\/paracherkaoui.ma\/","name":"Paracherkaoui.ma","description":"Achetez en ligne sur Paracherkaoui.ma","potentialAction":[{"@type":"SearchAction","target":{"@type":"EntryPoint","urlTemplate":"https:\/\/paracherkaoui.ma\/?s={search_term_string}"},"query-input":{"@type":"PropertyValueSpecification","valueRequired":true,"valueName":"search_term_string"}}],"inLanguage":"fr-FR"}]}},"_links":{"self":[{"href":"https:\/\/paracherkaoui.ma\/index.php\/wp-json\/wp\/v2\/product\/38514","targetHints":{"allow":["GET"]}}],"collection":[{"href":"https:\/\/paracherkaoui.ma\/index.php\/wp-json\/wp\/v2\/product"}],"about":[{"href":"https:\/\/paracherkaoui.ma\/index.php\/wp-json\/wp\/v2\/types\/product"}],"replies":[{"embeddable":true,"href":"https:\/\/paracherkaoui.ma\/index.php\/wp-json\/wp\/v2\/comments?post=38514"}],"version-history":[{"count":1,"href":"https:\/\/paracherkaoui.ma\/index.php\/wp-json\/wp\/v2\/product\/38514\/revisions"}],"predecessor-version":[{"id":38560,"href":"https:\/\/paracherkaoui.ma\/index.php\/wp-json\/wp\/v2\/product\/38514\/revisions\/38560"}],"wp:featuredmedia":[{"embeddable":true,"href":"https:\/\/paracherkaoui.ma\/index.php\/wp-json\/wp\/v2\/media\/38559"}],"wp:attachment":[{"href":"https:\/\/paracherkaoui.ma\/index.php\/wp-json\/wp\/v2\/media?parent=38514"}],"wp:term":[{"taxonomy":"product_brand","embeddable":true,"href":"https:\/\/paracherkaoui.ma\/index.php\/wp-json\/wp\/v2\/product_brand?post=38514"},{"taxonomy":"product_cat","embeddable":true,"href":"https:\/\/paracherkaoui.ma\/index.php\/wp-json\/wp\/v2\/product_cat?post=38514"},{"taxonomy":"product_tag","embeddable":true,"href":"https:\/\/paracherkaoui.ma\/index.php\/wp-json\/wp\/v2\/product_tag?post=38514"}],"curies":[{"name":"wp","href":"https:\/\/api.w.org\/{rel}","templated":true}]}}