{"id":38425,"date":"2025-12-12T19:00:20","date_gmt":"2025-12-12T18:00:20","guid":{"rendered":"https:\/\/test.ecbeaute.com\/?post_type=product&#038;p=38425"},"modified":"2025-12-12T19:00:26","modified_gmt":"2025-12-12T18:00:26","slug":"fiderma-sunfild-creme-fondante-teintee-spf-50-50-ml","status":"publish","type":"product","link":"https:\/\/paracherkaoui.ma\/index.php\/produit\/fiderma-sunfild-creme-fondante-teintee-spf-50-50-ml\/","title":{"rendered":"FIDERMA SUNFILD CREME FONDANTE TEINTEE SPF 50 50 ML"},"content":{"rendered":"<p>D\u00e9couvrez la Fiderma SunFid Cr\u00e8me Fondante Teint\u00e9e SPF 50, une solution id\u00e9ale pour une protection solaire optimale et un teint unifi\u00e9. Con\u00e7ue sp\u00e9cialement pour les peaux sensibles aux filtres chimiques, cette cr\u00e8me solaire min\u00e9rale teint\u00e9e offre une barri\u00e8re efficace contre les rayons UV tout en prenant soin de la peau. Sa formule enrichie en pigments naturels offre une teinte l\u00e9g\u00e8re qui camoufle les imperfections et unifie le teint, pour un effet naturel et \u00e9clatant.<br \/>\nLa texture douce et fondante de la cr\u00e8me Fiderma SunFid SPF 50 glisse facilement sur la peau, sans laisser de r\u00e9sidu gras. Elle est aussi hydratante, ce qui la rend id\u00e9ale pour les peaux s\u00e8ches ou sensibles, souvent sujettes aux inconforts en cas d\u2019exposition solaire prolong\u00e9e. En plus de sa haute protection SPF 50, cette cr\u00e8me teint\u00e9e est riche en actifs antioxydants qui combattent les radicaux libres, luttant ainsi contre les signes du vieillissement pr\u00e9matur\u00e9 dus aux agressions ext\u00e9rieures.<br \/>\nId\u00e9ale pour un usage quotidien, elle vous permet de pr\u00e9server l\u2019\u00e9clat naturel de votre peau, tout en lui offrant une protection renforc\u00e9e. Sa teinte subtile sublime la peau sans effet masque, pour un teint frais et uniforme. Pratique et polyvalente, la Cr\u00e8me Solaire Fiderma SunFid est parfaite pour celles et ceux qui recherchent \u00e0 la fois protection, hydratation et esth\u00e9tisme dans un seul produit.<br \/>\nConseils d&rsquo;utilisation:<br \/>\nAppliquez la cr\u00e8me uniform\u00e9ment sur le visage et le cou avant toute exposition solaire.<\/p>\n","protected":false},"excerpt":{"rendered":"<p>D\u00e9couvrez la Fiderma SunFid Cr\u00e8me Fondante Teint\u00e9e SPF 50, une solution id\u00e9ale pour une protection solaire optimale et un teint<\/p>\n","protected":false},"featured_media":38473,"comment_status":"open","ping_status":"closed","template":"","meta":[],"product_brand":[305],"product_cat":[666],"product_tag":[],"class_list":{"0":"post-38425","1":"product","2":"type-product","3":"status-publish","4":"has-post-thumbnail","6":"product_brand-fiderma","7":"product_cat-cremes-solaires","9":"first","10":"instock","11":"sale","12":"shipping-taxable","13":"purchasable","14":"product-type-simple"},"yoast_head":"<!-- This site is optimized with the Yoast SEO plugin v26.6 - https:\/\/yoast.com\/wordpress\/plugins\/seo\/ -->\r\n<title>FIDERMA SUNFILD CREME FONDANTE TEINTEE SPF 50 50 ML - Paracherkaoui.ma<\/title>\r\n<meta name=\"robots\" content=\"index, follow, max-snippet:-1, max-image-preview:large, max-video-preview:-1\" \/>\r\n<link rel=\"canonical\" href=\"https:\/\/paracherkaoui.ma\/index.php\/produit\/fiderma-sunfild-creme-fondante-teintee-spf-50-50-ml\/\" \/>\r\n<meta property=\"og:locale\" content=\"fr_FR\" \/>\r\n<meta property=\"og:type\" content=\"article\" \/>\r\n<meta property=\"og:title\" content=\"FIDERMA SUNFILD CREME FONDANTE TEINTEE SPF 50 50 ML - Paracherkaoui.ma\" \/>\r\n<meta property=\"og:description\" content=\"D\u00e9couvrez la Fiderma SunFid Cr\u00e8me Fondante Teint\u00e9e SPF 50, une solution id\u00e9ale pour une protection solaire optimale et un teint\" \/>\r\n<meta property=\"og:url\" content=\"https:\/\/paracherkaoui.ma\/index.php\/produit\/fiderma-sunfild-creme-fondante-teintee-spf-50-50-ml\/\" \/>\r\n<meta property=\"og:site_name\" content=\"Paracherkaoui.ma\" \/>\r\n<meta property=\"article:modified_time\" content=\"2025-12-12T18:00:26+00:00\" \/>\r\n<meta property=\"og:image\" content=\"https:\/\/paracherkaoui.ma\/wp-content\/uploads\/2025\/12\/fiderma-fiderma-sunfild-creme-fondante-teintee-spf-50-50-ml-cremes.jpg\" \/>\r\n\t<meta property=\"og:image:width\" content=\"700\" \/>\r\n\t<meta property=\"og:image:height\" content=\"700\" \/>\r\n\t<meta property=\"og:image:type\" content=\"image\/jpeg\" \/>\r\n<meta name=\"twitter:card\" content=\"summary_large_image\" \/>\r\n<meta name=\"twitter:label1\" content=\"Dur\u00e9e de lecture estim\u00e9e\" \/>\n\t<meta name=\"twitter:data1\" content=\"1 minute\" \/>\r\n<script type=\"application\/ld+json\" class=\"yoast-schema-graph\">{\"@context\":\"https:\/\/schema.org\",\"@graph\":[{\"@type\":\"WebPage\",\"@id\":\"https:\/\/paracherkaoui.ma\/index.php\/produit\/fiderma-sunfild-creme-fondante-teintee-spf-50-50-ml\/\",\"url\":\"https:\/\/paracherkaoui.ma\/index.php\/produit\/fiderma-sunfild-creme-fondante-teintee-spf-50-50-ml\/\",\"name\":\"FIDERMA SUNFILD CREME FONDANTE TEINTEE SPF 50 50 ML - Paracherkaoui.ma\",\"isPartOf\":{\"@id\":\"https:\/\/paracherkaoui.ma\/#website\"},\"primaryImageOfPage\":{\"@id\":\"https:\/\/paracherkaoui.ma\/index.php\/produit\/fiderma-sunfild-creme-fondante-teintee-spf-50-50-ml\/#primaryimage\"},\"image\":{\"@id\":\"https:\/\/paracherkaoui.ma\/index.php\/produit\/fiderma-sunfild-creme-fondante-teintee-spf-50-50-ml\/#primaryimage\"},\"thumbnailUrl\":\"https:\/\/paracherkaoui.ma\/wp-content\/uploads\/2025\/12\/fiderma-fiderma-sunfild-creme-fondante-teintee-spf-50-50-ml-cremes.jpg\",\"datePublished\":\"2025-12-12T18:00:20+00:00\",\"dateModified\":\"2025-12-12T18:00:26+00:00\",\"breadcrumb\":{\"@id\":\"https:\/\/paracherkaoui.ma\/index.php\/produit\/fiderma-sunfild-creme-fondante-teintee-spf-50-50-ml\/#breadcrumb\"},\"inLanguage\":\"fr-FR\",\"potentialAction\":[{\"@type\":\"ReadAction\",\"target\":[\"https:\/\/paracherkaoui.ma\/index.php\/produit\/fiderma-sunfild-creme-fondante-teintee-spf-50-50-ml\/\"]}]},{\"@type\":\"ImageObject\",\"inLanguage\":\"fr-FR\",\"@id\":\"https:\/\/paracherkaoui.ma\/index.php\/produit\/fiderma-sunfild-creme-fondante-teintee-spf-50-50-ml\/#primaryimage\",\"url\":\"https:\/\/paracherkaoui.ma\/wp-content\/uploads\/2025\/12\/fiderma-fiderma-sunfild-creme-fondante-teintee-spf-50-50-ml-cremes.jpg\",\"contentUrl\":\"https:\/\/paracherkaoui.ma\/wp-content\/uploads\/2025\/12\/fiderma-fiderma-sunfild-creme-fondante-teintee-spf-50-50-ml-cremes.jpg\",\"width\":700,\"height\":700},{\"@type\":\"BreadcrumbList\",\"@id\":\"https:\/\/paracherkaoui.ma\/index.php\/produit\/fiderma-sunfild-creme-fondante-teintee-spf-50-50-ml\/#breadcrumb\",\"itemListElement\":[{\"@type\":\"ListItem\",\"position\":1,\"name\":\"Accueil\",\"item\":\"https:\/\/paracherkaoui.ma\/\"},{\"@type\":\"ListItem\",\"position\":2,\"name\":\"Boutique\",\"item\":\"https:\/\/paracherkaoui.ma\/index.php\/boutique\/\"},{\"@type\":\"ListItem\",\"position\":3,\"name\":\"FIDERMA SUNFILD CREME FONDANTE TEINTEE SPF 50 50 ML\"}]},{\"@type\":\"WebSite\",\"@id\":\"https:\/\/paracherkaoui.ma\/#website\",\"url\":\"https:\/\/paracherkaoui.ma\/\",\"name\":\"Paracherkaoui.ma\",\"description\":\"Achetez en ligne sur Paracherkaoui.ma\",\"potentialAction\":[{\"@type\":\"SearchAction\",\"target\":{\"@type\":\"EntryPoint\",\"urlTemplate\":\"https:\/\/paracherkaoui.ma\/?s={search_term_string}\"},\"query-input\":{\"@type\":\"PropertyValueSpecification\",\"valueRequired\":true,\"valueName\":\"search_term_string\"}}],\"inLanguage\":\"fr-FR\"}]}<\/script>\r\n<!-- \/ Yoast SEO plugin. -->","yoast_head_json":{"title":"FIDERMA SUNFILD CREME FONDANTE TEINTEE SPF 50 50 ML - Paracherkaoui.ma","robots":{"index":"index","follow":"follow","max-snippet":"max-snippet:-1","max-image-preview":"max-image-preview:large","max-video-preview":"max-video-preview:-1"},"canonical":"https:\/\/paracherkaoui.ma\/index.php\/produit\/fiderma-sunfild-creme-fondante-teintee-spf-50-50-ml\/","og_locale":"fr_FR","og_type":"article","og_title":"FIDERMA SUNFILD CREME FONDANTE TEINTEE SPF 50 50 ML - Paracherkaoui.ma","og_description":"D\u00e9couvrez la Fiderma SunFid Cr\u00e8me Fondante Teint\u00e9e SPF 50, une solution id\u00e9ale pour une protection solaire optimale et un teint","og_url":"https:\/\/paracherkaoui.ma\/index.php\/produit\/fiderma-sunfild-creme-fondante-teintee-spf-50-50-ml\/","og_site_name":"Paracherkaoui.ma","article_modified_time":"2025-12-12T18:00:26+00:00","og_image":[{"width":700,"height":700,"url":"https:\/\/paracherkaoui.ma\/wp-content\/uploads\/2025\/12\/fiderma-fiderma-sunfild-creme-fondante-teintee-spf-50-50-ml-cremes.jpg","type":"image\/jpeg"}],"twitter_card":"summary_large_image","twitter_misc":{"Dur\u00e9e de lecture estim\u00e9e":"1 minute"},"schema":{"@context":"https:\/\/schema.org","@graph":[{"@type":"WebPage","@id":"https:\/\/paracherkaoui.ma\/index.php\/produit\/fiderma-sunfild-creme-fondante-teintee-spf-50-50-ml\/","url":"https:\/\/paracherkaoui.ma\/index.php\/produit\/fiderma-sunfild-creme-fondante-teintee-spf-50-50-ml\/","name":"FIDERMA SUNFILD CREME FONDANTE TEINTEE SPF 50 50 ML - Paracherkaoui.ma","isPartOf":{"@id":"https:\/\/paracherkaoui.ma\/#website"},"primaryImageOfPage":{"@id":"https:\/\/paracherkaoui.ma\/index.php\/produit\/fiderma-sunfild-creme-fondante-teintee-spf-50-50-ml\/#primaryimage"},"image":{"@id":"https:\/\/paracherkaoui.ma\/index.php\/produit\/fiderma-sunfild-creme-fondante-teintee-spf-50-50-ml\/#primaryimage"},"thumbnailUrl":"https:\/\/paracherkaoui.ma\/wp-content\/uploads\/2025\/12\/fiderma-fiderma-sunfild-creme-fondante-teintee-spf-50-50-ml-cremes.jpg","datePublished":"2025-12-12T18:00:20+00:00","dateModified":"2025-12-12T18:00:26+00:00","breadcrumb":{"@id":"https:\/\/paracherkaoui.ma\/index.php\/produit\/fiderma-sunfild-creme-fondante-teintee-spf-50-50-ml\/#breadcrumb"},"inLanguage":"fr-FR","potentialAction":[{"@type":"ReadAction","target":["https:\/\/paracherkaoui.ma\/index.php\/produit\/fiderma-sunfild-creme-fondante-teintee-spf-50-50-ml\/"]}]},{"@type":"ImageObject","inLanguage":"fr-FR","@id":"https:\/\/paracherkaoui.ma\/index.php\/produit\/fiderma-sunfild-creme-fondante-teintee-spf-50-50-ml\/#primaryimage","url":"https:\/\/paracherkaoui.ma\/wp-content\/uploads\/2025\/12\/fiderma-fiderma-sunfild-creme-fondante-teintee-spf-50-50-ml-cremes.jpg","contentUrl":"https:\/\/paracherkaoui.ma\/wp-content\/uploads\/2025\/12\/fiderma-fiderma-sunfild-creme-fondante-teintee-spf-50-50-ml-cremes.jpg","width":700,"height":700},{"@type":"BreadcrumbList","@id":"https:\/\/paracherkaoui.ma\/index.php\/produit\/fiderma-sunfild-creme-fondante-teintee-spf-50-50-ml\/#breadcrumb","itemListElement":[{"@type":"ListItem","position":1,"name":"Accueil","item":"https:\/\/paracherkaoui.ma\/"},{"@type":"ListItem","position":2,"name":"Boutique","item":"https:\/\/paracherkaoui.ma\/index.php\/boutique\/"},{"@type":"ListItem","position":3,"name":"FIDERMA SUNFILD CREME FONDANTE TEINTEE SPF 50 50 ML"}]},{"@type":"WebSite","@id":"https:\/\/paracherkaoui.ma\/#website","url":"https:\/\/paracherkaoui.ma\/","name":"Paracherkaoui.ma","description":"Achetez en ligne sur Paracherkaoui.ma","potentialAction":[{"@type":"SearchAction","target":{"@type":"EntryPoint","urlTemplate":"https:\/\/paracherkaoui.ma\/?s={search_term_string}"},"query-input":{"@type":"PropertyValueSpecification","valueRequired":true,"valueName":"search_term_string"}}],"inLanguage":"fr-FR"}]}},"_links":{"self":[{"href":"https:\/\/paracherkaoui.ma\/index.php\/wp-json\/wp\/v2\/product\/38425","targetHints":{"allow":["GET"]}}],"collection":[{"href":"https:\/\/paracherkaoui.ma\/index.php\/wp-json\/wp\/v2\/product"}],"about":[{"href":"https:\/\/paracherkaoui.ma\/index.php\/wp-json\/wp\/v2\/types\/product"}],"replies":[{"embeddable":true,"href":"https:\/\/paracherkaoui.ma\/index.php\/wp-json\/wp\/v2\/comments?post=38425"}],"version-history":[{"count":1,"href":"https:\/\/paracherkaoui.ma\/index.php\/wp-json\/wp\/v2\/product\/38425\/revisions"}],"predecessor-version":[{"id":38474,"href":"https:\/\/paracherkaoui.ma\/index.php\/wp-json\/wp\/v2\/product\/38425\/revisions\/38474"}],"wp:featuredmedia":[{"embeddable":true,"href":"https:\/\/paracherkaoui.ma\/index.php\/wp-json\/wp\/v2\/media\/38473"}],"wp:attachment":[{"href":"https:\/\/paracherkaoui.ma\/index.php\/wp-json\/wp\/v2\/media?parent=38425"}],"wp:term":[{"taxonomy":"product_brand","embeddable":true,"href":"https:\/\/paracherkaoui.ma\/index.php\/wp-json\/wp\/v2\/product_brand?post=38425"},{"taxonomy":"product_cat","embeddable":true,"href":"https:\/\/paracherkaoui.ma\/index.php\/wp-json\/wp\/v2\/product_cat?post=38425"},{"taxonomy":"product_tag","embeddable":true,"href":"https:\/\/paracherkaoui.ma\/index.php\/wp-json\/wp\/v2\/product_tag?post=38425"}],"curies":[{"name":"wp","href":"https:\/\/api.w.org\/{rel}","templated":true}]}}