{"id":38411,"date":"2025-12-12T19:00:19","date_gmt":"2025-12-12T18:00:19","guid":{"rendered":"https:\/\/test.ecbeaute.com\/?post_type=product&#038;p=38411"},"modified":"2025-12-12T19:00:22","modified_gmt":"2025-12-12T18:00:22","slug":"sophieskin-oil-balance-spf-50-ecran-solaire-anti-imperfection-50ml","status":"publish","type":"product","link":"https:\/\/paracherkaoui.ma\/index.php\/produit\/sophieskin-oil-balance-spf-50-ecran-solaire-anti-imperfection-50ml\/","title":{"rendered":"SOPHIESKIN OIL BALANCE SPF 50+ ECRAN SOLAIRE ANTI IMPERFECTION 50ML"},"content":{"rendered":"<p>Pour les peaux grasses \u00e0 imperfections, trouver une protection solaire adapt\u00e9e est un v\u00e9ritable d\u00e9fi. Ces peaux ont besoin d&rsquo;une protection renforc\u00e9e contre les agressions ext\u00e9rieures, non seulement pour pr\u00e9venir les coups de soleil et le vieillissement pr\u00e9matur\u00e9, mais aussi parce que le soleil, malgr\u00e9 une am\u00e9lioration temporaire, peut paradoxalement aggraver les probl\u00e8mes d&rsquo;acn\u00e9 \u00e0 long terme. L&rsquo;exposition solaire peut entra\u00eener un \u00e9paississement de la peau et une augmentation de la production de s\u00e9bum, favorisant ainsi l&rsquo;apparition de nouvelles imperfections apr\u00e8s l&rsquo;\u00e9t\u00e9. C&rsquo;est pourquoi une protection solaire est essentielle pour les peaux \u00e0 tendance acn\u00e9ique, car elle favorise le renouvellement cellulaire et aide \u00e0 att\u00e9nuer les taches post-inflammatoires.<br \/>\nC&rsquo;est l\u00e0 qu&rsquo;intervient la nouvelle cr\u00e8me solaire visage Oil Balance de Sophieskin. Elle est sp\u00e9cialement formul\u00e9e pour les peaux grasses, int\u00e9grant des actifs cibl\u00e9s pour r\u00e9guler et prot\u00e9ger efficacement :<br \/>\nSa formule innovante repose sur des filtres solaires min\u00e9raux, offrant une protection tr\u00e8s \u00e9lev\u00e9e SPF50, efficace contre les rayons UVA et UVB. Ces filtres d&rsquo;origine naturelle agissent comme un bouclier physique, r\u00e9fl\u00e9chissant les rayons UV sans p\u00e9n\u00e9trer l&rsquo;\u00e9piderme, ce qui les rend particuli\u00e8rement doux et adapt\u00e9s aux peaux sensibles et r\u00e9actives, souvent le cas des peaux \u00e0 probl\u00e8mes.<br \/>\nLa niacinamide, ou vitamine B3, est un ingr\u00e9dient multifonctionnel reconnu pour ses nombreux bienfaits sur les peaux grasses. Elle aide \u00e0 \u00e9quilibrer la peau en r\u00e9gulant la production de s\u00e9bum, r\u00e9duisant ainsi les brillances ind\u00e9sirables. Elle contribue \u00e9galement \u00e0 r\u00e9duire l&rsquo;apparence des pores et \u00e0 am\u00e9liorer l&rsquo;uniformit\u00e9 du teint.<br \/>\nLe zinc, un min\u00e9ral essentiel, est un alli\u00e9 pr\u00e9cieux dans la lutte contre l&rsquo;acn\u00e9. Il poss\u00e8de des propri\u00e9t\u00e9s purifiantes, apaisantes et anti-inflammatoires, ce qui aide \u00e0 pr\u00e9venir l&rsquo;apparition des taches (post-inflammatoires) et \u00e0 calmer les imperfections existantes.<br \/>\nAvec le Sophieskin Oil Balance SPF 50+, votre peau est non seulement prot\u00e9g\u00e9e efficacement contre les m\u00e9faits du soleil, mais elle est aussi trait\u00e9e et \u00e9quilibr\u00e9e. Le fini mat, l&rsquo;absence de traces blanches et sa l\u00e9g\u00e8ret\u00e9 en font un indispensable quotidien pour une peau saine, sans brillance excessive et visiblement am\u00e9lior\u00e9e.<br \/>\nConseils d&rsquo;utilisation :<br \/>\n-Appliquez une quantit\u00e9 appropri\u00e9e de produit uniform\u00e9ment sur le visage et le cou, au moins 30 minutes avant l&rsquo;exposition au soleil.<br \/>\n-N&rsquo;oubliez pas de renouveler l&rsquo;application de la cr\u00e8me solaire SOPHIESKIN SPF 50 toutes les 2 heures.<br \/>\n-Conseil de pro : Appliquez-la \u00e9galement sur les zones souvent oubli\u00e9es, comme les oreilles.<br \/>\nComposition :<br \/>\nOXYDE DE ZINC, TRIGLYC\u00c9RIDE CAPRYLIQUE\/CAPRIQUE, CYCLOPENTASILOXANE, AQUA, DIOXYDE DE TITANE (NANO), BUTYL\u00c8NE GLYCOL, PEG-10 DIM\u00c9THICONE, ISOST\u00c9ARATE DE GLYC\u00c9RYLE, SILICE, ACIDE POLYHYDROXYST\u00c9ARIQUE, CHLORURE DE SODIUM, DISTEARDIMONIUM HECTORITE, EXTRAIT D&rsquo;ACHILLEA MILLEFOLIUM, ALCOOL, ALLANTO\u00cfNE, ACIDE BENZO\u00cfQUE, EXTRAIT DE BEURRE DE BUTYROSPERMUM PARKII, CAPRYLYL GLYCOL, C\u00c9RAMIDE 3, EXTRAIT DE CHAMOMILLA RECUTITA, DIM\u00c9THICONE, EXTRAIT DE FRUIT DE FOENICULUM VULGARE, GLYC\u00c9RINE, EXTRAIT D&rsquo;HUMULUS LUPULUS, L\u00c9CITHINE HYDROG\u00c9N\u00c9E, HUILE DE FEUILLE DE MELISSA OFFICINALIS, NIACINAMIDE, PARFUM, PENTYL\u00c8NE GLYCOL, SQUAL\u00c8NE, CITRATE DE TRI\u00c9THYLE, UR\u00c9E, EXTRAIT DE FEUILLE DE VISCUM ALBUM.<\/p>\n","protected":false},"excerpt":{"rendered":"<p>Pour les peaux grasses \u00e0 imperfections, trouver une protection solaire adapt\u00e9e est un v\u00e9ritable d\u00e9fi. Ces peaux ont besoin d&rsquo;une<\/p>\n","protected":false},"featured_media":38445,"comment_status":"open","ping_status":"closed","template":"","meta":[],"product_brand":[352],"product_cat":[666],"product_tag":[],"class_list":{"0":"post-38411","1":"product","2":"type-product","3":"status-publish","4":"has-post-thumbnail","6":"product_brand-sophieskin","7":"product_cat-cremes-solaires","9":"first","10":"instock","11":"sale","12":"shipping-taxable","13":"purchasable","14":"product-type-simple"},"yoast_head":"<!-- This site is optimized with the Yoast SEO plugin v26.6 - https:\/\/yoast.com\/wordpress\/plugins\/seo\/ -->\r\n<title>SOPHIESKIN OIL BALANCE SPF 50+ ECRAN SOLAIRE ANTI IMPERFECTION 50ML - Paracherkaoui.ma<\/title>\r\n<meta name=\"robots\" content=\"index, follow, max-snippet:-1, max-image-preview:large, max-video-preview:-1\" \/>\r\n<link rel=\"canonical\" href=\"https:\/\/paracherkaoui.ma\/index.php\/produit\/sophieskin-oil-balance-spf-50-ecran-solaire-anti-imperfection-50ml\/\" \/>\r\n<meta property=\"og:locale\" content=\"fr_FR\" \/>\r\n<meta property=\"og:type\" content=\"article\" \/>\r\n<meta property=\"og:title\" content=\"SOPHIESKIN OIL BALANCE SPF 50+ ECRAN SOLAIRE ANTI IMPERFECTION 50ML - Paracherkaoui.ma\" \/>\r\n<meta property=\"og:description\" content=\"Pour les peaux grasses \u00e0 imperfections, trouver une protection solaire adapt\u00e9e est un v\u00e9ritable d\u00e9fi. Ces peaux ont besoin d&rsquo;une\" \/>\r\n<meta property=\"og:url\" content=\"https:\/\/paracherkaoui.ma\/index.php\/produit\/sophieskin-oil-balance-spf-50-ecran-solaire-anti-imperfection-50ml\/\" \/>\r\n<meta property=\"og:site_name\" content=\"Paracherkaoui.ma\" \/>\r\n<meta property=\"article:modified_time\" content=\"2025-12-12T18:00:22+00:00\" \/>\r\n<meta property=\"og:image\" content=\"https:\/\/paracherkaoui.ma\/wp-content\/uploads\/2025\/12\/sophieskin-oil-balance-spf-50-ecran-solaire-anti-imperfection-50ml.jpg\" \/>\r\n\t<meta property=\"og:image:width\" content=\"700\" \/>\r\n\t<meta property=\"og:image:height\" content=\"700\" \/>\r\n\t<meta property=\"og:image:type\" content=\"image\/jpeg\" \/>\r\n<meta name=\"twitter:card\" content=\"summary_large_image\" \/>\r\n<meta name=\"twitter:label1\" content=\"Dur\u00e9e de lecture estim\u00e9e\" \/>\n\t<meta name=\"twitter:data1\" content=\"3 minutes\" \/>\r\n<script type=\"application\/ld+json\" class=\"yoast-schema-graph\">{\"@context\":\"https:\/\/schema.org\",\"@graph\":[{\"@type\":\"WebPage\",\"@id\":\"https:\/\/paracherkaoui.ma\/index.php\/produit\/sophieskin-oil-balance-spf-50-ecran-solaire-anti-imperfection-50ml\/\",\"url\":\"https:\/\/paracherkaoui.ma\/index.php\/produit\/sophieskin-oil-balance-spf-50-ecran-solaire-anti-imperfection-50ml\/\",\"name\":\"SOPHIESKIN OIL BALANCE SPF 50+ ECRAN SOLAIRE ANTI IMPERFECTION 50ML - Paracherkaoui.ma\",\"isPartOf\":{\"@id\":\"https:\/\/paracherkaoui.ma\/#website\"},\"primaryImageOfPage\":{\"@id\":\"https:\/\/paracherkaoui.ma\/index.php\/produit\/sophieskin-oil-balance-spf-50-ecran-solaire-anti-imperfection-50ml\/#primaryimage\"},\"image\":{\"@id\":\"https:\/\/paracherkaoui.ma\/index.php\/produit\/sophieskin-oil-balance-spf-50-ecran-solaire-anti-imperfection-50ml\/#primaryimage\"},\"thumbnailUrl\":\"https:\/\/paracherkaoui.ma\/wp-content\/uploads\/2025\/12\/sophieskin-oil-balance-spf-50-ecran-solaire-anti-imperfection-50ml.jpg\",\"datePublished\":\"2025-12-12T18:00:19+00:00\",\"dateModified\":\"2025-12-12T18:00:22+00:00\",\"breadcrumb\":{\"@id\":\"https:\/\/paracherkaoui.ma\/index.php\/produit\/sophieskin-oil-balance-spf-50-ecran-solaire-anti-imperfection-50ml\/#breadcrumb\"},\"inLanguage\":\"fr-FR\",\"potentialAction\":[{\"@type\":\"ReadAction\",\"target\":[\"https:\/\/paracherkaoui.ma\/index.php\/produit\/sophieskin-oil-balance-spf-50-ecran-solaire-anti-imperfection-50ml\/\"]}]},{\"@type\":\"ImageObject\",\"inLanguage\":\"fr-FR\",\"@id\":\"https:\/\/paracherkaoui.ma\/index.php\/produit\/sophieskin-oil-balance-spf-50-ecran-solaire-anti-imperfection-50ml\/#primaryimage\",\"url\":\"https:\/\/paracherkaoui.ma\/wp-content\/uploads\/2025\/12\/sophieskin-oil-balance-spf-50-ecran-solaire-anti-imperfection-50ml.jpg\",\"contentUrl\":\"https:\/\/paracherkaoui.ma\/wp-content\/uploads\/2025\/12\/sophieskin-oil-balance-spf-50-ecran-solaire-anti-imperfection-50ml.jpg\",\"width\":700,\"height\":700},{\"@type\":\"BreadcrumbList\",\"@id\":\"https:\/\/paracherkaoui.ma\/index.php\/produit\/sophieskin-oil-balance-spf-50-ecran-solaire-anti-imperfection-50ml\/#breadcrumb\",\"itemListElement\":[{\"@type\":\"ListItem\",\"position\":1,\"name\":\"Accueil\",\"item\":\"https:\/\/paracherkaoui.ma\/\"},{\"@type\":\"ListItem\",\"position\":2,\"name\":\"Boutique\",\"item\":\"https:\/\/paracherkaoui.ma\/index.php\/boutique\/\"},{\"@type\":\"ListItem\",\"position\":3,\"name\":\"SOPHIESKIN OIL BALANCE SPF 50+ ECRAN SOLAIRE ANTI IMPERFECTION 50ML\"}]},{\"@type\":\"WebSite\",\"@id\":\"https:\/\/paracherkaoui.ma\/#website\",\"url\":\"https:\/\/paracherkaoui.ma\/\",\"name\":\"Paracherkaoui.ma\",\"description\":\"Achetez en ligne sur Paracherkaoui.ma\",\"potentialAction\":[{\"@type\":\"SearchAction\",\"target\":{\"@type\":\"EntryPoint\",\"urlTemplate\":\"https:\/\/paracherkaoui.ma\/?s={search_term_string}\"},\"query-input\":{\"@type\":\"PropertyValueSpecification\",\"valueRequired\":true,\"valueName\":\"search_term_string\"}}],\"inLanguage\":\"fr-FR\"}]}<\/script>\r\n<!-- \/ Yoast SEO plugin. -->","yoast_head_json":{"title":"SOPHIESKIN OIL BALANCE SPF 50+ ECRAN SOLAIRE ANTI IMPERFECTION 50ML - Paracherkaoui.ma","robots":{"index":"index","follow":"follow","max-snippet":"max-snippet:-1","max-image-preview":"max-image-preview:large","max-video-preview":"max-video-preview:-1"},"canonical":"https:\/\/paracherkaoui.ma\/index.php\/produit\/sophieskin-oil-balance-spf-50-ecran-solaire-anti-imperfection-50ml\/","og_locale":"fr_FR","og_type":"article","og_title":"SOPHIESKIN OIL BALANCE SPF 50+ ECRAN SOLAIRE ANTI IMPERFECTION 50ML - Paracherkaoui.ma","og_description":"Pour les peaux grasses \u00e0 imperfections, trouver une protection solaire adapt\u00e9e est un v\u00e9ritable d\u00e9fi. Ces peaux ont besoin d&rsquo;une","og_url":"https:\/\/paracherkaoui.ma\/index.php\/produit\/sophieskin-oil-balance-spf-50-ecran-solaire-anti-imperfection-50ml\/","og_site_name":"Paracherkaoui.ma","article_modified_time":"2025-12-12T18:00:22+00:00","og_image":[{"width":700,"height":700,"url":"https:\/\/paracherkaoui.ma\/wp-content\/uploads\/2025\/12\/sophieskin-oil-balance-spf-50-ecran-solaire-anti-imperfection-50ml.jpg","type":"image\/jpeg"}],"twitter_card":"summary_large_image","twitter_misc":{"Dur\u00e9e de lecture estim\u00e9e":"3 minutes"},"schema":{"@context":"https:\/\/schema.org","@graph":[{"@type":"WebPage","@id":"https:\/\/paracherkaoui.ma\/index.php\/produit\/sophieskin-oil-balance-spf-50-ecran-solaire-anti-imperfection-50ml\/","url":"https:\/\/paracherkaoui.ma\/index.php\/produit\/sophieskin-oil-balance-spf-50-ecran-solaire-anti-imperfection-50ml\/","name":"SOPHIESKIN OIL BALANCE SPF 50+ ECRAN SOLAIRE ANTI IMPERFECTION 50ML - Paracherkaoui.ma","isPartOf":{"@id":"https:\/\/paracherkaoui.ma\/#website"},"primaryImageOfPage":{"@id":"https:\/\/paracherkaoui.ma\/index.php\/produit\/sophieskin-oil-balance-spf-50-ecran-solaire-anti-imperfection-50ml\/#primaryimage"},"image":{"@id":"https:\/\/paracherkaoui.ma\/index.php\/produit\/sophieskin-oil-balance-spf-50-ecran-solaire-anti-imperfection-50ml\/#primaryimage"},"thumbnailUrl":"https:\/\/paracherkaoui.ma\/wp-content\/uploads\/2025\/12\/sophieskin-oil-balance-spf-50-ecran-solaire-anti-imperfection-50ml.jpg","datePublished":"2025-12-12T18:00:19+00:00","dateModified":"2025-12-12T18:00:22+00:00","breadcrumb":{"@id":"https:\/\/paracherkaoui.ma\/index.php\/produit\/sophieskin-oil-balance-spf-50-ecran-solaire-anti-imperfection-50ml\/#breadcrumb"},"inLanguage":"fr-FR","potentialAction":[{"@type":"ReadAction","target":["https:\/\/paracherkaoui.ma\/index.php\/produit\/sophieskin-oil-balance-spf-50-ecran-solaire-anti-imperfection-50ml\/"]}]},{"@type":"ImageObject","inLanguage":"fr-FR","@id":"https:\/\/paracherkaoui.ma\/index.php\/produit\/sophieskin-oil-balance-spf-50-ecran-solaire-anti-imperfection-50ml\/#primaryimage","url":"https:\/\/paracherkaoui.ma\/wp-content\/uploads\/2025\/12\/sophieskin-oil-balance-spf-50-ecran-solaire-anti-imperfection-50ml.jpg","contentUrl":"https:\/\/paracherkaoui.ma\/wp-content\/uploads\/2025\/12\/sophieskin-oil-balance-spf-50-ecran-solaire-anti-imperfection-50ml.jpg","width":700,"height":700},{"@type":"BreadcrumbList","@id":"https:\/\/paracherkaoui.ma\/index.php\/produit\/sophieskin-oil-balance-spf-50-ecran-solaire-anti-imperfection-50ml\/#breadcrumb","itemListElement":[{"@type":"ListItem","position":1,"name":"Accueil","item":"https:\/\/paracherkaoui.ma\/"},{"@type":"ListItem","position":2,"name":"Boutique","item":"https:\/\/paracherkaoui.ma\/index.php\/boutique\/"},{"@type":"ListItem","position":3,"name":"SOPHIESKIN OIL BALANCE SPF 50+ ECRAN SOLAIRE ANTI IMPERFECTION 50ML"}]},{"@type":"WebSite","@id":"https:\/\/paracherkaoui.ma\/#website","url":"https:\/\/paracherkaoui.ma\/","name":"Paracherkaoui.ma","description":"Achetez en ligne sur Paracherkaoui.ma","potentialAction":[{"@type":"SearchAction","target":{"@type":"EntryPoint","urlTemplate":"https:\/\/paracherkaoui.ma\/?s={search_term_string}"},"query-input":{"@type":"PropertyValueSpecification","valueRequired":true,"valueName":"search_term_string"}}],"inLanguage":"fr-FR"}]}},"_links":{"self":[{"href":"https:\/\/paracherkaoui.ma\/index.php\/wp-json\/wp\/v2\/product\/38411","targetHints":{"allow":["GET"]}}],"collection":[{"href":"https:\/\/paracherkaoui.ma\/index.php\/wp-json\/wp\/v2\/product"}],"about":[{"href":"https:\/\/paracherkaoui.ma\/index.php\/wp-json\/wp\/v2\/types\/product"}],"replies":[{"embeddable":true,"href":"https:\/\/paracherkaoui.ma\/index.php\/wp-json\/wp\/v2\/comments?post=38411"}],"version-history":[{"count":1,"href":"https:\/\/paracherkaoui.ma\/index.php\/wp-json\/wp\/v2\/product\/38411\/revisions"}],"predecessor-version":[{"id":38446,"href":"https:\/\/paracherkaoui.ma\/index.php\/wp-json\/wp\/v2\/product\/38411\/revisions\/38446"}],"wp:featuredmedia":[{"embeddable":true,"href":"https:\/\/paracherkaoui.ma\/index.php\/wp-json\/wp\/v2\/media\/38445"}],"wp:attachment":[{"href":"https:\/\/paracherkaoui.ma\/index.php\/wp-json\/wp\/v2\/media?parent=38411"}],"wp:term":[{"taxonomy":"product_brand","embeddable":true,"href":"https:\/\/paracherkaoui.ma\/index.php\/wp-json\/wp\/v2\/product_brand?post=38411"},{"taxonomy":"product_cat","embeddable":true,"href":"https:\/\/paracherkaoui.ma\/index.php\/wp-json\/wp\/v2\/product_cat?post=38411"},{"taxonomy":"product_tag","embeddable":true,"href":"https:\/\/paracherkaoui.ma\/index.php\/wp-json\/wp\/v2\/product_tag?post=38411"}],"curies":[{"name":"wp","href":"https:\/\/api.w.org\/{rel}","templated":true}]}}