{"id":38408,"date":"2025-12-12T19:00:18","date_gmt":"2025-12-12T18:00:18","guid":{"rendered":"https:\/\/test.ecbeaute.com\/?post_type=product&#038;p=38408"},"modified":"2025-12-12T19:00:21","modified_gmt":"2025-12-12T18:00:21","slug":"nuhanciam-creme-solaire-invisible-spf-50-50ml","status":"publish","type":"product","link":"https:\/\/paracherkaoui.ma\/index.php\/produit\/nuhanciam-creme-solaire-invisible-spf-50-50ml\/","title":{"rendered":"NUHANCIAM CREME SOLAIRE INVISIBLE SPF 50+ 50ML"},"content":{"rendered":"<p>La Nuhanciam Cr\u00e8me Solaire Invisible SPF 50+ est bien plus qu&rsquo;une simple cr\u00e8me solaire. C&rsquo;est une innovation con\u00e7ue pour vous offrir une protection large spectre UVA + UVB, essentielle pour d\u00e9fendre votre \u00e9piderme contre les coups de soleil, le vieillissement pr\u00e9matur\u00e9 et les dommages cellulaires. Avec son indice SPF 50+, vous b\u00e9n\u00e9ficiez d&rsquo;une tr\u00e8s haute protection, vous permettant de profiter du soleil en toute s\u00e9r\u00e9nit\u00e9.<br \/>\nL&rsquo;une des qualit\u00e9s les plus remarquables de cette cr\u00e8me est sa texture r\u00e9volutionnaire. L\u00e9g\u00e8re et facile \u00e0 appliquer, elle glisse sur la peau sans effort. Sa formule a \u00e9t\u00e9 pens\u00e9e pour \u00eatre non grasse et vite absorb\u00e9e, \u00e9liminant cette sensation d\u00e9sagr\u00e9able de film lourd ou poisseux souvent associ\u00e9e aux protections solaires. Le confort est imm\u00e9diat, et le fini est impeccable.<br \/>\nLe v\u00e9ritable atout charme de cette cr\u00e8me Nuhanciam r\u00e9side dans son invisibilit\u00e9. Sa texture fine ne laisse pas de traces blanches, et ce, sur toutes les nuances de peau. Que vous ayez une peau claire, mate ou fonc\u00e9e, cette cr\u00e8me s&rsquo;int\u00e8gre parfaitement, sans laisser de voile blanch\u00e2tre qui alt\u00e8re le teint. Votre peau est prot\u00e9g\u00e9e, mais son \u00e9clat naturel est pr\u00e9serv\u00e9, vous permettant de l&rsquo;utiliser au quotidien sous votre maquillage ou seule.<br \/>\nConseils d&rsquo;utilisation :<br \/>\nAppliquez cette cr\u00e8me solaire g\u00e9n\u00e9reusement sur votre visage et toutes les zones expos\u00e9es du corps, au minimum 20 minutes avant toute exposition au soleil. C&rsquo;est le temps n\u00e9cessaire pour que les filtres UV se fixent et deviennent pleinement efficaces.<br \/>\nComposition :<br \/>\nAQUA (WATER), DIISOPROPYL SEBACATE, DIETHYLAMINO HYDROXYBENZOYL HEXYL BENZOATE, C12-15 ALKYL BENZOATE, PHENYLBENZIMIDAZOLE SULFONIC ACID, POLYGLYCERYL-6 STEARATE, ETHYLHEXYL TRIAZONE, BIS-ETHYLHEXYLOXYPHENOL METHOXYPHENYL TRIAZINE, SILICA, ARGININE, PROPANEDIOL, CAPRYLOYL GLYCERIN\/SEBACIC ACID COPOLYMER, CETEARYL ALCOHOL, HYDROXYETHYL ACRYLATE\/SODIUM ACRYLOYLDIMETHYL TAURATE COPOLYMER, POLYGLYCERYL-6 BEHENATE, HYDROXYACETOPHENONE, XANTHAN GUM, 1,2-HEXANEDIOL, CAPRYLYL GLYCOL, TOCOPHEROL, POLYSORBATE 60, SORBITAN ISOSTEARATE, GLYCINE SOJA (SOYBEAN) OIL.<\/p>\n","protected":false},"excerpt":{"rendered":"<p>La Nuhanciam Cr\u00e8me Solaire Invisible SPF 50+ est bien plus qu&rsquo;une simple cr\u00e8me solaire. C&rsquo;est une innovation con\u00e7ue pour vous<\/p>\n","protected":false},"featured_media":38439,"comment_status":"open","ping_status":"closed","template":"","meta":[],"product_brand":[311],"product_cat":[666],"product_tag":[],"class_list":{"0":"post-38408","1":"product","2":"type-product","3":"status-publish","4":"has-post-thumbnail","6":"product_brand-nuhanciam","7":"product_cat-cremes-solaires","9":"first","10":"instock","11":"sale","12":"shipping-taxable","13":"purchasable","14":"product-type-simple"},"yoast_head":"<!-- This site is optimized with the Yoast SEO plugin v26.6 - https:\/\/yoast.com\/wordpress\/plugins\/seo\/ -->\r\n<title>NUHANCIAM CREME SOLAIRE INVISIBLE SPF 50+ 50ML - Paracherkaoui.ma<\/title>\r\n<meta name=\"robots\" content=\"index, follow, max-snippet:-1, max-image-preview:large, max-video-preview:-1\" \/>\r\n<link rel=\"canonical\" href=\"https:\/\/paracherkaoui.ma\/index.php\/produit\/nuhanciam-creme-solaire-invisible-spf-50-50ml\/\" \/>\r\n<meta property=\"og:locale\" content=\"fr_FR\" \/>\r\n<meta property=\"og:type\" content=\"article\" \/>\r\n<meta property=\"og:title\" content=\"NUHANCIAM CREME SOLAIRE INVISIBLE SPF 50+ 50ML - Paracherkaoui.ma\" \/>\r\n<meta property=\"og:description\" content=\"La Nuhanciam Cr\u00e8me Solaire Invisible SPF 50+ est bien plus qu&rsquo;une simple cr\u00e8me solaire. C&rsquo;est une innovation con\u00e7ue pour vous\" \/>\r\n<meta property=\"og:url\" content=\"https:\/\/paracherkaoui.ma\/index.php\/produit\/nuhanciam-creme-solaire-invisible-spf-50-50ml\/\" \/>\r\n<meta property=\"og:site_name\" content=\"Paracherkaoui.ma\" \/>\r\n<meta property=\"article:modified_time\" content=\"2025-12-12T18:00:21+00:00\" \/>\r\n<meta property=\"og:image\" content=\"https:\/\/paracherkaoui.ma\/wp-content\/uploads\/2025\/12\/nuhanciam-creme-solaire-invisible-spf-50-50ml.jpg\" \/>\r\n\t<meta property=\"og:image:width\" content=\"700\" \/>\r\n\t<meta property=\"og:image:height\" content=\"700\" \/>\r\n\t<meta property=\"og:image:type\" content=\"image\/jpeg\" \/>\r\n<meta name=\"twitter:card\" content=\"summary_large_image\" \/>\r\n<meta name=\"twitter:label1\" content=\"Dur\u00e9e de lecture estim\u00e9e\" \/>\n\t<meta name=\"twitter:data1\" content=\"2 minutes\" \/>\r\n<script type=\"application\/ld+json\" class=\"yoast-schema-graph\">{\"@context\":\"https:\/\/schema.org\",\"@graph\":[{\"@type\":\"WebPage\",\"@id\":\"https:\/\/paracherkaoui.ma\/index.php\/produit\/nuhanciam-creme-solaire-invisible-spf-50-50ml\/\",\"url\":\"https:\/\/paracherkaoui.ma\/index.php\/produit\/nuhanciam-creme-solaire-invisible-spf-50-50ml\/\",\"name\":\"NUHANCIAM CREME SOLAIRE INVISIBLE SPF 50+ 50ML - Paracherkaoui.ma\",\"isPartOf\":{\"@id\":\"https:\/\/paracherkaoui.ma\/#website\"},\"primaryImageOfPage\":{\"@id\":\"https:\/\/paracherkaoui.ma\/index.php\/produit\/nuhanciam-creme-solaire-invisible-spf-50-50ml\/#primaryimage\"},\"image\":{\"@id\":\"https:\/\/paracherkaoui.ma\/index.php\/produit\/nuhanciam-creme-solaire-invisible-spf-50-50ml\/#primaryimage\"},\"thumbnailUrl\":\"https:\/\/paracherkaoui.ma\/wp-content\/uploads\/2025\/12\/nuhanciam-creme-solaire-invisible-spf-50-50ml.jpg\",\"datePublished\":\"2025-12-12T18:00:18+00:00\",\"dateModified\":\"2025-12-12T18:00:21+00:00\",\"breadcrumb\":{\"@id\":\"https:\/\/paracherkaoui.ma\/index.php\/produit\/nuhanciam-creme-solaire-invisible-spf-50-50ml\/#breadcrumb\"},\"inLanguage\":\"fr-FR\",\"potentialAction\":[{\"@type\":\"ReadAction\",\"target\":[\"https:\/\/paracherkaoui.ma\/index.php\/produit\/nuhanciam-creme-solaire-invisible-spf-50-50ml\/\"]}]},{\"@type\":\"ImageObject\",\"inLanguage\":\"fr-FR\",\"@id\":\"https:\/\/paracherkaoui.ma\/index.php\/produit\/nuhanciam-creme-solaire-invisible-spf-50-50ml\/#primaryimage\",\"url\":\"https:\/\/paracherkaoui.ma\/wp-content\/uploads\/2025\/12\/nuhanciam-creme-solaire-invisible-spf-50-50ml.jpg\",\"contentUrl\":\"https:\/\/paracherkaoui.ma\/wp-content\/uploads\/2025\/12\/nuhanciam-creme-solaire-invisible-spf-50-50ml.jpg\",\"width\":700,\"height\":700},{\"@type\":\"BreadcrumbList\",\"@id\":\"https:\/\/paracherkaoui.ma\/index.php\/produit\/nuhanciam-creme-solaire-invisible-spf-50-50ml\/#breadcrumb\",\"itemListElement\":[{\"@type\":\"ListItem\",\"position\":1,\"name\":\"Accueil\",\"item\":\"https:\/\/paracherkaoui.ma\/\"},{\"@type\":\"ListItem\",\"position\":2,\"name\":\"Boutique\",\"item\":\"https:\/\/paracherkaoui.ma\/index.php\/boutique\/\"},{\"@type\":\"ListItem\",\"position\":3,\"name\":\"NUHANCIAM CREME SOLAIRE INVISIBLE SPF 50+ 50ML\"}]},{\"@type\":\"WebSite\",\"@id\":\"https:\/\/paracherkaoui.ma\/#website\",\"url\":\"https:\/\/paracherkaoui.ma\/\",\"name\":\"Paracherkaoui.ma\",\"description\":\"Achetez en ligne sur Paracherkaoui.ma\",\"potentialAction\":[{\"@type\":\"SearchAction\",\"target\":{\"@type\":\"EntryPoint\",\"urlTemplate\":\"https:\/\/paracherkaoui.ma\/?s={search_term_string}\"},\"query-input\":{\"@type\":\"PropertyValueSpecification\",\"valueRequired\":true,\"valueName\":\"search_term_string\"}}],\"inLanguage\":\"fr-FR\"}]}<\/script>\r\n<!-- \/ Yoast SEO plugin. -->","yoast_head_json":{"title":"NUHANCIAM CREME SOLAIRE INVISIBLE SPF 50+ 50ML - Paracherkaoui.ma","robots":{"index":"index","follow":"follow","max-snippet":"max-snippet:-1","max-image-preview":"max-image-preview:large","max-video-preview":"max-video-preview:-1"},"canonical":"https:\/\/paracherkaoui.ma\/index.php\/produit\/nuhanciam-creme-solaire-invisible-spf-50-50ml\/","og_locale":"fr_FR","og_type":"article","og_title":"NUHANCIAM CREME SOLAIRE INVISIBLE SPF 50+ 50ML - Paracherkaoui.ma","og_description":"La Nuhanciam Cr\u00e8me Solaire Invisible SPF 50+ est bien plus qu&rsquo;une simple cr\u00e8me solaire. C&rsquo;est une innovation con\u00e7ue pour vous","og_url":"https:\/\/paracherkaoui.ma\/index.php\/produit\/nuhanciam-creme-solaire-invisible-spf-50-50ml\/","og_site_name":"Paracherkaoui.ma","article_modified_time":"2025-12-12T18:00:21+00:00","og_image":[{"width":700,"height":700,"url":"https:\/\/paracherkaoui.ma\/wp-content\/uploads\/2025\/12\/nuhanciam-creme-solaire-invisible-spf-50-50ml.jpg","type":"image\/jpeg"}],"twitter_card":"summary_large_image","twitter_misc":{"Dur\u00e9e de lecture estim\u00e9e":"2 minutes"},"schema":{"@context":"https:\/\/schema.org","@graph":[{"@type":"WebPage","@id":"https:\/\/paracherkaoui.ma\/index.php\/produit\/nuhanciam-creme-solaire-invisible-spf-50-50ml\/","url":"https:\/\/paracherkaoui.ma\/index.php\/produit\/nuhanciam-creme-solaire-invisible-spf-50-50ml\/","name":"NUHANCIAM CREME SOLAIRE INVISIBLE SPF 50+ 50ML - Paracherkaoui.ma","isPartOf":{"@id":"https:\/\/paracherkaoui.ma\/#website"},"primaryImageOfPage":{"@id":"https:\/\/paracherkaoui.ma\/index.php\/produit\/nuhanciam-creme-solaire-invisible-spf-50-50ml\/#primaryimage"},"image":{"@id":"https:\/\/paracherkaoui.ma\/index.php\/produit\/nuhanciam-creme-solaire-invisible-spf-50-50ml\/#primaryimage"},"thumbnailUrl":"https:\/\/paracherkaoui.ma\/wp-content\/uploads\/2025\/12\/nuhanciam-creme-solaire-invisible-spf-50-50ml.jpg","datePublished":"2025-12-12T18:00:18+00:00","dateModified":"2025-12-12T18:00:21+00:00","breadcrumb":{"@id":"https:\/\/paracherkaoui.ma\/index.php\/produit\/nuhanciam-creme-solaire-invisible-spf-50-50ml\/#breadcrumb"},"inLanguage":"fr-FR","potentialAction":[{"@type":"ReadAction","target":["https:\/\/paracherkaoui.ma\/index.php\/produit\/nuhanciam-creme-solaire-invisible-spf-50-50ml\/"]}]},{"@type":"ImageObject","inLanguage":"fr-FR","@id":"https:\/\/paracherkaoui.ma\/index.php\/produit\/nuhanciam-creme-solaire-invisible-spf-50-50ml\/#primaryimage","url":"https:\/\/paracherkaoui.ma\/wp-content\/uploads\/2025\/12\/nuhanciam-creme-solaire-invisible-spf-50-50ml.jpg","contentUrl":"https:\/\/paracherkaoui.ma\/wp-content\/uploads\/2025\/12\/nuhanciam-creme-solaire-invisible-spf-50-50ml.jpg","width":700,"height":700},{"@type":"BreadcrumbList","@id":"https:\/\/paracherkaoui.ma\/index.php\/produit\/nuhanciam-creme-solaire-invisible-spf-50-50ml\/#breadcrumb","itemListElement":[{"@type":"ListItem","position":1,"name":"Accueil","item":"https:\/\/paracherkaoui.ma\/"},{"@type":"ListItem","position":2,"name":"Boutique","item":"https:\/\/paracherkaoui.ma\/index.php\/boutique\/"},{"@type":"ListItem","position":3,"name":"NUHANCIAM CREME SOLAIRE INVISIBLE SPF 50+ 50ML"}]},{"@type":"WebSite","@id":"https:\/\/paracherkaoui.ma\/#website","url":"https:\/\/paracherkaoui.ma\/","name":"Paracherkaoui.ma","description":"Achetez en ligne sur Paracherkaoui.ma","potentialAction":[{"@type":"SearchAction","target":{"@type":"EntryPoint","urlTemplate":"https:\/\/paracherkaoui.ma\/?s={search_term_string}"},"query-input":{"@type":"PropertyValueSpecification","valueRequired":true,"valueName":"search_term_string"}}],"inLanguage":"fr-FR"}]}},"_links":{"self":[{"href":"https:\/\/paracherkaoui.ma\/index.php\/wp-json\/wp\/v2\/product\/38408","targetHints":{"allow":["GET"]}}],"collection":[{"href":"https:\/\/paracherkaoui.ma\/index.php\/wp-json\/wp\/v2\/product"}],"about":[{"href":"https:\/\/paracherkaoui.ma\/index.php\/wp-json\/wp\/v2\/types\/product"}],"replies":[{"embeddable":true,"href":"https:\/\/paracherkaoui.ma\/index.php\/wp-json\/wp\/v2\/comments?post=38408"}],"version-history":[{"count":1,"href":"https:\/\/paracherkaoui.ma\/index.php\/wp-json\/wp\/v2\/product\/38408\/revisions"}],"predecessor-version":[{"id":38440,"href":"https:\/\/paracherkaoui.ma\/index.php\/wp-json\/wp\/v2\/product\/38408\/revisions\/38440"}],"wp:featuredmedia":[{"embeddable":true,"href":"https:\/\/paracherkaoui.ma\/index.php\/wp-json\/wp\/v2\/media\/38439"}],"wp:attachment":[{"href":"https:\/\/paracherkaoui.ma\/index.php\/wp-json\/wp\/v2\/media?parent=38408"}],"wp:term":[{"taxonomy":"product_brand","embeddable":true,"href":"https:\/\/paracherkaoui.ma\/index.php\/wp-json\/wp\/v2\/product_brand?post=38408"},{"taxonomy":"product_cat","embeddable":true,"href":"https:\/\/paracherkaoui.ma\/index.php\/wp-json\/wp\/v2\/product_cat?post=38408"},{"taxonomy":"product_tag","embeddable":true,"href":"https:\/\/paracherkaoui.ma\/index.php\/wp-json\/wp\/v2\/product_tag?post=38408"}],"curies":[{"name":"wp","href":"https:\/\/api.w.org\/{rel}","templated":true}]}}