{"id":38269,"date":"2025-12-12T18:59:47","date_gmt":"2025-12-12T17:59:47","guid":{"rendered":"https:\/\/test.ecbeaute.com\/?post_type=product&#038;p=38269"},"modified":"2025-12-12T18:59:51","modified_gmt":"2025-12-12T17:59:51","slug":"svr-sun-secure-ecran-solaire-mineral-teinte-peaux-normales-a-mixtes-spf50-2","status":"publish","type":"product","link":"https:\/\/paracherkaoui.ma\/index.php\/produit\/svr-sun-secure-ecran-solaire-mineral-teinte-peaux-normales-a-mixtes-spf50-2\/","title":{"rendered":"SVR Sun Secure Ecran solaire min\u00e9ral teint\u00e9 peaux normales \u00e0 mixtes SPF50+"},"content":{"rendered":"<p>Description:<br \/>\nL&rsquo;\u00e9cran solaire min\u00e9ral teint\u00e9 peaux normales \u00e0 mixtes SPF 50+ Sun Secure de la marque SVR est un soin teint\u00e9 qui garantit un tr\u00e8s haut niveau de protection solaire et permet de maquiller le teint. Il s&rsquo;adresse aux peaux normales \u00e0 mixtes et prot\u00e8ge la peau des diff\u00e9rents dommages dus \u00e0 l&rsquo;exposition au soleil : apparition de taches brunes, coups de soleil, stress oxydatif, vieillissement pr\u00e9matur\u00e9.Compos\u00e9 de filtres min\u00e9raux et de niacinamide (vitamine B3), cet \u00e9cran solaire min\u00e9ral teint\u00e9 installe un film protecteur qui combat les effets n\u00e9fastes des diff\u00e9rents types de rayons. Il cible particuli\u00e8rement les peaux intol\u00e9rantes. Il cible ainsi les UVA et les UVB ainsi que les rayons \u00e9mis par la lumi\u00e8re visible et les rayons infrarouges pour une protection tr\u00e8s large.<br \/>\nConseils d&rsquo;utilisation<br \/>\nAvant de s&rsquo;exposer au soleil, appliquer uniform\u00e9ment sur le visage. Renouveler fr\u00e9quemment l&rsquo;application.<\/p>\n","protected":false},"excerpt":{"rendered":"<p>Description: L&rsquo;\u00e9cran solaire min\u00e9ral teint\u00e9 peaux normales \u00e0 mixtes SPF 50+ Sun Secure de la marque SVR est un soin<\/p>\n","protected":false},"featured_media":13012,"comment_status":"open","ping_status":"closed","template":"","meta":[],"product_brand":[133],"product_cat":[666],"product_tag":[],"class_list":{"0":"post-38269","1":"product","2":"type-product","3":"status-publish","4":"has-post-thumbnail","6":"product_brand-svr","7":"product_cat-cremes-solaires","9":"first","10":"instock","11":"sale","12":"shipping-taxable","13":"purchasable","14":"product-type-simple"},"yoast_head":"<!-- This site is optimized with the Yoast SEO plugin v26.6 - https:\/\/yoast.com\/wordpress\/plugins\/seo\/ -->\r\n<title>SVR Sun Secure Ecran solaire min\u00e9ral teint\u00e9 peaux normales \u00e0 mixtes SPF50+ - Paracherkaoui.ma<\/title>\r\n<meta name=\"robots\" content=\"index, follow, max-snippet:-1, max-image-preview:large, max-video-preview:-1\" \/>\r\n<link rel=\"canonical\" href=\"https:\/\/paracherkaoui.ma\/index.php\/produit\/svr-sun-secure-ecran-solaire-mineral-teinte-peaux-normales-a-mixtes-spf50-2\/\" \/>\r\n<meta property=\"og:locale\" content=\"fr_FR\" \/>\r\n<meta property=\"og:type\" content=\"article\" \/>\r\n<meta property=\"og:title\" content=\"SVR Sun Secure Ecran solaire min\u00e9ral teint\u00e9 peaux normales \u00e0 mixtes SPF50+ - Paracherkaoui.ma\" \/>\r\n<meta property=\"og:description\" content=\"Description: L&rsquo;\u00e9cran solaire min\u00e9ral teint\u00e9 peaux normales \u00e0 mixtes SPF 50+ Sun Secure de la marque SVR est un soin\" \/>\r\n<meta property=\"og:url\" content=\"https:\/\/paracherkaoui.ma\/index.php\/produit\/svr-sun-secure-ecran-solaire-mineral-teinte-peaux-normales-a-mixtes-spf50-2\/\" \/>\r\n<meta property=\"og:site_name\" content=\"Paracherkaoui.ma\" \/>\r\n<meta property=\"article:modified_time\" content=\"2025-12-12T17:59:51+00:00\" \/>\r\n<meta property=\"og:image\" content=\"https:\/\/paracherkaoui.ma\/wp-content\/uploads\/2025\/12\/svr-svr-sun-secure-ecran-solaire-mineral-teinte-peaux-normales-a-mixtes-spf50-cremes-solaires.jpg\" \/>\r\n\t<meta property=\"og:image:width\" content=\"700\" \/>\r\n\t<meta property=\"og:image:height\" content=\"700\" \/>\r\n\t<meta property=\"og:image:type\" content=\"image\/jpeg\" \/>\r\n<meta name=\"twitter:card\" content=\"summary_large_image\" \/>\r\n<meta name=\"twitter:label1\" content=\"Dur\u00e9e de lecture estim\u00e9e\" \/>\n\t<meta name=\"twitter:data1\" content=\"1 minute\" \/>\r\n<script type=\"application\/ld+json\" class=\"yoast-schema-graph\">{\"@context\":\"https:\/\/schema.org\",\"@graph\":[{\"@type\":\"WebPage\",\"@id\":\"https:\/\/paracherkaoui.ma\/index.php\/produit\/svr-sun-secure-ecran-solaire-mineral-teinte-peaux-normales-a-mixtes-spf50-2\/\",\"url\":\"https:\/\/paracherkaoui.ma\/index.php\/produit\/svr-sun-secure-ecran-solaire-mineral-teinte-peaux-normales-a-mixtes-spf50-2\/\",\"name\":\"SVR Sun Secure Ecran solaire min\u00e9ral teint\u00e9 peaux normales \u00e0 mixtes SPF50+ - Paracherkaoui.ma\",\"isPartOf\":{\"@id\":\"https:\/\/paracherkaoui.ma\/#website\"},\"primaryImageOfPage\":{\"@id\":\"https:\/\/paracherkaoui.ma\/index.php\/produit\/svr-sun-secure-ecran-solaire-mineral-teinte-peaux-normales-a-mixtes-spf50-2\/#primaryimage\"},\"image\":{\"@id\":\"https:\/\/paracherkaoui.ma\/index.php\/produit\/svr-sun-secure-ecran-solaire-mineral-teinte-peaux-normales-a-mixtes-spf50-2\/#primaryimage\"},\"thumbnailUrl\":\"https:\/\/paracherkaoui.ma\/wp-content\/uploads\/2025\/12\/svr-svr-sun-secure-ecran-solaire-mineral-teinte-peaux-normales-a-mixtes-spf50-cremes-solaires.jpg\",\"datePublished\":\"2025-12-12T17:59:47+00:00\",\"dateModified\":\"2025-12-12T17:59:51+00:00\",\"breadcrumb\":{\"@id\":\"https:\/\/paracherkaoui.ma\/index.php\/produit\/svr-sun-secure-ecran-solaire-mineral-teinte-peaux-normales-a-mixtes-spf50-2\/#breadcrumb\"},\"inLanguage\":\"fr-FR\",\"potentialAction\":[{\"@type\":\"ReadAction\",\"target\":[\"https:\/\/paracherkaoui.ma\/index.php\/produit\/svr-sun-secure-ecran-solaire-mineral-teinte-peaux-normales-a-mixtes-spf50-2\/\"]}]},{\"@type\":\"ImageObject\",\"inLanguage\":\"fr-FR\",\"@id\":\"https:\/\/paracherkaoui.ma\/index.php\/produit\/svr-sun-secure-ecran-solaire-mineral-teinte-peaux-normales-a-mixtes-spf50-2\/#primaryimage\",\"url\":\"https:\/\/paracherkaoui.ma\/wp-content\/uploads\/2025\/12\/svr-svr-sun-secure-ecran-solaire-mineral-teinte-peaux-normales-a-mixtes-spf50-cremes-solaires.jpg\",\"contentUrl\":\"https:\/\/paracherkaoui.ma\/wp-content\/uploads\/2025\/12\/svr-svr-sun-secure-ecran-solaire-mineral-teinte-peaux-normales-a-mixtes-spf50-cremes-solaires.jpg\",\"width\":700,\"height\":700},{\"@type\":\"BreadcrumbList\",\"@id\":\"https:\/\/paracherkaoui.ma\/index.php\/produit\/svr-sun-secure-ecran-solaire-mineral-teinte-peaux-normales-a-mixtes-spf50-2\/#breadcrumb\",\"itemListElement\":[{\"@type\":\"ListItem\",\"position\":1,\"name\":\"Accueil\",\"item\":\"https:\/\/paracherkaoui.ma\/\"},{\"@type\":\"ListItem\",\"position\":2,\"name\":\"Boutique\",\"item\":\"https:\/\/paracherkaoui.ma\/index.php\/boutique\/\"},{\"@type\":\"ListItem\",\"position\":3,\"name\":\"SVR Sun Secure Ecran solaire min\u00e9ral teint\u00e9 peaux normales \u00e0 mixtes SPF50+\"}]},{\"@type\":\"WebSite\",\"@id\":\"https:\/\/paracherkaoui.ma\/#website\",\"url\":\"https:\/\/paracherkaoui.ma\/\",\"name\":\"Paracherkaoui.ma\",\"description\":\"Achetez en ligne sur Paracherkaoui.ma\",\"potentialAction\":[{\"@type\":\"SearchAction\",\"target\":{\"@type\":\"EntryPoint\",\"urlTemplate\":\"https:\/\/paracherkaoui.ma\/?s={search_term_string}\"},\"query-input\":{\"@type\":\"PropertyValueSpecification\",\"valueRequired\":true,\"valueName\":\"search_term_string\"}}],\"inLanguage\":\"fr-FR\"}]}<\/script>\r\n<!-- \/ Yoast SEO plugin. -->","yoast_head_json":{"title":"SVR Sun Secure Ecran solaire min\u00e9ral teint\u00e9 peaux normales \u00e0 mixtes SPF50+ - Paracherkaoui.ma","robots":{"index":"index","follow":"follow","max-snippet":"max-snippet:-1","max-image-preview":"max-image-preview:large","max-video-preview":"max-video-preview:-1"},"canonical":"https:\/\/paracherkaoui.ma\/index.php\/produit\/svr-sun-secure-ecran-solaire-mineral-teinte-peaux-normales-a-mixtes-spf50-2\/","og_locale":"fr_FR","og_type":"article","og_title":"SVR Sun Secure Ecran solaire min\u00e9ral teint\u00e9 peaux normales \u00e0 mixtes SPF50+ - Paracherkaoui.ma","og_description":"Description: L&rsquo;\u00e9cran solaire min\u00e9ral teint\u00e9 peaux normales \u00e0 mixtes SPF 50+ Sun Secure de la marque SVR est un soin","og_url":"https:\/\/paracherkaoui.ma\/index.php\/produit\/svr-sun-secure-ecran-solaire-mineral-teinte-peaux-normales-a-mixtes-spf50-2\/","og_site_name":"Paracherkaoui.ma","article_modified_time":"2025-12-12T17:59:51+00:00","og_image":[{"width":700,"height":700,"url":"https:\/\/paracherkaoui.ma\/wp-content\/uploads\/2025\/12\/svr-svr-sun-secure-ecran-solaire-mineral-teinte-peaux-normales-a-mixtes-spf50-cremes-solaires.jpg","type":"image\/jpeg"}],"twitter_card":"summary_large_image","twitter_misc":{"Dur\u00e9e de lecture estim\u00e9e":"1 minute"},"schema":{"@context":"https:\/\/schema.org","@graph":[{"@type":"WebPage","@id":"https:\/\/paracherkaoui.ma\/index.php\/produit\/svr-sun-secure-ecran-solaire-mineral-teinte-peaux-normales-a-mixtes-spf50-2\/","url":"https:\/\/paracherkaoui.ma\/index.php\/produit\/svr-sun-secure-ecran-solaire-mineral-teinte-peaux-normales-a-mixtes-spf50-2\/","name":"SVR Sun Secure Ecran solaire min\u00e9ral teint\u00e9 peaux normales \u00e0 mixtes SPF50+ - Paracherkaoui.ma","isPartOf":{"@id":"https:\/\/paracherkaoui.ma\/#website"},"primaryImageOfPage":{"@id":"https:\/\/paracherkaoui.ma\/index.php\/produit\/svr-sun-secure-ecran-solaire-mineral-teinte-peaux-normales-a-mixtes-spf50-2\/#primaryimage"},"image":{"@id":"https:\/\/paracherkaoui.ma\/index.php\/produit\/svr-sun-secure-ecran-solaire-mineral-teinte-peaux-normales-a-mixtes-spf50-2\/#primaryimage"},"thumbnailUrl":"https:\/\/paracherkaoui.ma\/wp-content\/uploads\/2025\/12\/svr-svr-sun-secure-ecran-solaire-mineral-teinte-peaux-normales-a-mixtes-spf50-cremes-solaires.jpg","datePublished":"2025-12-12T17:59:47+00:00","dateModified":"2025-12-12T17:59:51+00:00","breadcrumb":{"@id":"https:\/\/paracherkaoui.ma\/index.php\/produit\/svr-sun-secure-ecran-solaire-mineral-teinte-peaux-normales-a-mixtes-spf50-2\/#breadcrumb"},"inLanguage":"fr-FR","potentialAction":[{"@type":"ReadAction","target":["https:\/\/paracherkaoui.ma\/index.php\/produit\/svr-sun-secure-ecran-solaire-mineral-teinte-peaux-normales-a-mixtes-spf50-2\/"]}]},{"@type":"ImageObject","inLanguage":"fr-FR","@id":"https:\/\/paracherkaoui.ma\/index.php\/produit\/svr-sun-secure-ecran-solaire-mineral-teinte-peaux-normales-a-mixtes-spf50-2\/#primaryimage","url":"https:\/\/paracherkaoui.ma\/wp-content\/uploads\/2025\/12\/svr-svr-sun-secure-ecran-solaire-mineral-teinte-peaux-normales-a-mixtes-spf50-cremes-solaires.jpg","contentUrl":"https:\/\/paracherkaoui.ma\/wp-content\/uploads\/2025\/12\/svr-svr-sun-secure-ecran-solaire-mineral-teinte-peaux-normales-a-mixtes-spf50-cremes-solaires.jpg","width":700,"height":700},{"@type":"BreadcrumbList","@id":"https:\/\/paracherkaoui.ma\/index.php\/produit\/svr-sun-secure-ecran-solaire-mineral-teinte-peaux-normales-a-mixtes-spf50-2\/#breadcrumb","itemListElement":[{"@type":"ListItem","position":1,"name":"Accueil","item":"https:\/\/paracherkaoui.ma\/"},{"@type":"ListItem","position":2,"name":"Boutique","item":"https:\/\/paracherkaoui.ma\/index.php\/boutique\/"},{"@type":"ListItem","position":3,"name":"SVR Sun Secure Ecran solaire min\u00e9ral teint\u00e9 peaux normales \u00e0 mixtes SPF50+"}]},{"@type":"WebSite","@id":"https:\/\/paracherkaoui.ma\/#website","url":"https:\/\/paracherkaoui.ma\/","name":"Paracherkaoui.ma","description":"Achetez en ligne sur Paracherkaoui.ma","potentialAction":[{"@type":"SearchAction","target":{"@type":"EntryPoint","urlTemplate":"https:\/\/paracherkaoui.ma\/?s={search_term_string}"},"query-input":{"@type":"PropertyValueSpecification","valueRequired":true,"valueName":"search_term_string"}}],"inLanguage":"fr-FR"}]}},"_links":{"self":[{"href":"https:\/\/paracherkaoui.ma\/index.php\/wp-json\/wp\/v2\/product\/38269","targetHints":{"allow":["GET"]}}],"collection":[{"href":"https:\/\/paracherkaoui.ma\/index.php\/wp-json\/wp\/v2\/product"}],"about":[{"href":"https:\/\/paracherkaoui.ma\/index.php\/wp-json\/wp\/v2\/types\/product"}],"replies":[{"embeddable":true,"href":"https:\/\/paracherkaoui.ma\/index.php\/wp-json\/wp\/v2\/comments?post=38269"}],"version-history":[{"count":1,"href":"https:\/\/paracherkaoui.ma\/index.php\/wp-json\/wp\/v2\/product\/38269\/revisions"}],"predecessor-version":[{"id":38304,"href":"https:\/\/paracherkaoui.ma\/index.php\/wp-json\/wp\/v2\/product\/38269\/revisions\/38304"}],"wp:featuredmedia":[{"embeddable":true,"href":"https:\/\/paracherkaoui.ma\/index.php\/wp-json\/wp\/v2\/media\/13012"}],"wp:attachment":[{"href":"https:\/\/paracherkaoui.ma\/index.php\/wp-json\/wp\/v2\/media?parent=38269"}],"wp:term":[{"taxonomy":"product_brand","embeddable":true,"href":"https:\/\/paracherkaoui.ma\/index.php\/wp-json\/wp\/v2\/product_brand?post=38269"},{"taxonomy":"product_cat","embeddable":true,"href":"https:\/\/paracherkaoui.ma\/index.php\/wp-json\/wp\/v2\/product_cat?post=38269"},{"taxonomy":"product_tag","embeddable":true,"href":"https:\/\/paracherkaoui.ma\/index.php\/wp-json\/wp\/v2\/product_tag?post=38269"}],"curies":[{"name":"wp","href":"https:\/\/api.w.org\/{rel}","templated":true}]}}