{"id":38176,"date":"2025-12-12T18:59:38","date_gmt":"2025-12-12T17:59:38","guid":{"rendered":"https:\/\/test.ecbeaute.com\/?post_type=product&#038;p=38176"},"modified":"2025-12-12T18:59:40","modified_gmt":"2025-12-12T17:59:40","slug":"floxia-emulsion-teintee-spf-50-porcelaine-50-ml","status":"publish","type":"product","link":"https:\/\/paracherkaoui.ma\/index.php\/produit\/floxia-emulsion-teintee-spf-50-porcelaine-50-ml\/","title":{"rendered":"FLOXIA EMULSION TEINTEE SPF 50 PORCELAINE 50 ML"},"content":{"rendered":"<p>La cr\u00e8me solaire teint\u00e9e SPF50 est une\u00a0protection solaire\u00a0indispensable pour prot\u00e9ger sa peau. Avant chaque exposition au soleil, appliquez une petite quantit\u00e9 de ce\u00a0soin solaire. Il pr\u00e9vient le vieillissement cutan\u00e9 ainsi que la formation de taches brunes.<br \/>\nCe soin solaire teint\u00e9 :\u00a0prot\u00e8ge la peau des UVA et des UVB hydrate l\u2019\u00e9piderme en profondeur a une couvrance l\u00e9g\u00e8re qui unifie et illumine le teint est riche en actifs antioxydants qui combattent le vieillissement cutan\u00e9 (effet anti-\u00e2ge garanti) pr\u00e9vient l\u2019apparition des taches brunes<br \/>\nL\u2019\u00c9mulsion Teint\u00e9e poss\u00e8de des pigments de couleur. Son effet couvrant unifie le teint, camoufle les petites imperfections et hydrate la peau toute la journ\u00e9e. Plus qu\u2019une simple cr\u00e8me solaire, l\u2019\u00c9mulsion Teint\u00e9e est un vrai\u00a0soin de beaut\u00e9. La\u00a0cr\u00e8me solaire teint\u00e9e\u00a0pour le visage convient \u00e0 tous les types de peau. M\u00eame les peaux les plus fragiles, sensibles ou intol\u00e9rantes au soleil pourront l\u2019utiliser.<br \/>\nConseils D&rsquo;utilisation:<br \/>\nAppliquez la cr\u00e8me teint\u00e9e avant toute exposition au soleil. Apr\u00e8s l\u2019application de vos soins du visage, pr\u00e9levez une petite quantit\u00e9 du soin solaire. R\u00e9partissez le produit sur l\u2019ensemble du\u00a0visage\u00a0et du\u00a0cou.\u00a0Utilisez vos doigts ou un pinceau \u00e0 maquillage pour unifier le teint.<\/p>\n","protected":false},"excerpt":{"rendered":"<p>La cr\u00e8me solaire teint\u00e9e SPF50 est une\u00a0protection solaire\u00a0indispensable pour prot\u00e9ger sa peau. Avant chaque exposition au soleil, appliquez une petite<\/p>\n","protected":false},"featured_media":38208,"comment_status":"open","ping_status":"closed","template":"","meta":[],"product_brand":[300],"product_cat":[666],"product_tag":[],"class_list":{"0":"post-38176","1":"product","2":"type-product","3":"status-publish","4":"has-post-thumbnail","6":"product_brand-floxia","7":"product_cat-cremes-solaires","9":"first","10":"instock","11":"sale","12":"shipping-taxable","13":"purchasable","14":"product-type-simple"},"yoast_head":"<!-- This site is optimized with the Yoast SEO plugin v26.6 - https:\/\/yoast.com\/wordpress\/plugins\/seo\/ -->\r\n<title>FLOXIA EMULSION TEINTEE SPF 50 PORCELAINE 50 ML - Paracherkaoui.ma<\/title>\r\n<meta name=\"robots\" content=\"index, follow, max-snippet:-1, max-image-preview:large, max-video-preview:-1\" \/>\r\n<link rel=\"canonical\" href=\"https:\/\/paracherkaoui.ma\/index.php\/produit\/floxia-emulsion-teintee-spf-50-porcelaine-50-ml\/\" \/>\r\n<meta property=\"og:locale\" content=\"fr_FR\" \/>\r\n<meta property=\"og:type\" content=\"article\" \/>\r\n<meta property=\"og:title\" content=\"FLOXIA EMULSION TEINTEE SPF 50 PORCELAINE 50 ML - Paracherkaoui.ma\" \/>\r\n<meta property=\"og:description\" content=\"La cr\u00e8me solaire teint\u00e9e SPF50 est une\u00a0protection solaire\u00a0indispensable pour prot\u00e9ger sa peau. Avant chaque exposition au soleil, appliquez une petite\" \/>\r\n<meta property=\"og:url\" content=\"https:\/\/paracherkaoui.ma\/index.php\/produit\/floxia-emulsion-teintee-spf-50-porcelaine-50-ml\/\" \/>\r\n<meta property=\"og:site_name\" content=\"Paracherkaoui.ma\" \/>\r\n<meta property=\"article:modified_time\" content=\"2025-12-12T17:59:40+00:00\" \/>\r\n<meta property=\"og:image\" content=\"https:\/\/paracherkaoui.ma\/wp-content\/uploads\/2025\/12\/floxia-emulsion-teintee-spf-50-porcelaine-50-ml.jpg\" \/>\r\n\t<meta property=\"og:image:width\" content=\"700\" \/>\r\n\t<meta property=\"og:image:height\" content=\"700\" \/>\r\n\t<meta property=\"og:image:type\" content=\"image\/jpeg\" \/>\r\n<meta name=\"twitter:card\" content=\"summary_large_image\" \/>\r\n<meta name=\"twitter:label1\" content=\"Dur\u00e9e de lecture estim\u00e9e\" \/>\n\t<meta name=\"twitter:data1\" content=\"1 minute\" \/>\r\n<script type=\"application\/ld+json\" class=\"yoast-schema-graph\">{\"@context\":\"https:\/\/schema.org\",\"@graph\":[{\"@type\":\"WebPage\",\"@id\":\"https:\/\/paracherkaoui.ma\/index.php\/produit\/floxia-emulsion-teintee-spf-50-porcelaine-50-ml\/\",\"url\":\"https:\/\/paracherkaoui.ma\/index.php\/produit\/floxia-emulsion-teintee-spf-50-porcelaine-50-ml\/\",\"name\":\"FLOXIA EMULSION TEINTEE SPF 50 PORCELAINE 50 ML - Paracherkaoui.ma\",\"isPartOf\":{\"@id\":\"https:\/\/paracherkaoui.ma\/#website\"},\"primaryImageOfPage\":{\"@id\":\"https:\/\/paracherkaoui.ma\/index.php\/produit\/floxia-emulsion-teintee-spf-50-porcelaine-50-ml\/#primaryimage\"},\"image\":{\"@id\":\"https:\/\/paracherkaoui.ma\/index.php\/produit\/floxia-emulsion-teintee-spf-50-porcelaine-50-ml\/#primaryimage\"},\"thumbnailUrl\":\"https:\/\/paracherkaoui.ma\/wp-content\/uploads\/2025\/12\/floxia-emulsion-teintee-spf-50-porcelaine-50-ml.jpg\",\"datePublished\":\"2025-12-12T17:59:38+00:00\",\"dateModified\":\"2025-12-12T17:59:40+00:00\",\"breadcrumb\":{\"@id\":\"https:\/\/paracherkaoui.ma\/index.php\/produit\/floxia-emulsion-teintee-spf-50-porcelaine-50-ml\/#breadcrumb\"},\"inLanguage\":\"fr-FR\",\"potentialAction\":[{\"@type\":\"ReadAction\",\"target\":[\"https:\/\/paracherkaoui.ma\/index.php\/produit\/floxia-emulsion-teintee-spf-50-porcelaine-50-ml\/\"]}]},{\"@type\":\"ImageObject\",\"inLanguage\":\"fr-FR\",\"@id\":\"https:\/\/paracherkaoui.ma\/index.php\/produit\/floxia-emulsion-teintee-spf-50-porcelaine-50-ml\/#primaryimage\",\"url\":\"https:\/\/paracherkaoui.ma\/wp-content\/uploads\/2025\/12\/floxia-emulsion-teintee-spf-50-porcelaine-50-ml.jpg\",\"contentUrl\":\"https:\/\/paracherkaoui.ma\/wp-content\/uploads\/2025\/12\/floxia-emulsion-teintee-spf-50-porcelaine-50-ml.jpg\",\"width\":700,\"height\":700},{\"@type\":\"BreadcrumbList\",\"@id\":\"https:\/\/paracherkaoui.ma\/index.php\/produit\/floxia-emulsion-teintee-spf-50-porcelaine-50-ml\/#breadcrumb\",\"itemListElement\":[{\"@type\":\"ListItem\",\"position\":1,\"name\":\"Accueil\",\"item\":\"https:\/\/paracherkaoui.ma\/\"},{\"@type\":\"ListItem\",\"position\":2,\"name\":\"Boutique\",\"item\":\"https:\/\/paracherkaoui.ma\/index.php\/boutique\/\"},{\"@type\":\"ListItem\",\"position\":3,\"name\":\"FLOXIA EMULSION TEINTEE SPF 50 PORCELAINE 50 ML\"}]},{\"@type\":\"WebSite\",\"@id\":\"https:\/\/paracherkaoui.ma\/#website\",\"url\":\"https:\/\/paracherkaoui.ma\/\",\"name\":\"Paracherkaoui.ma\",\"description\":\"Achetez en ligne sur Paracherkaoui.ma\",\"potentialAction\":[{\"@type\":\"SearchAction\",\"target\":{\"@type\":\"EntryPoint\",\"urlTemplate\":\"https:\/\/paracherkaoui.ma\/?s={search_term_string}\"},\"query-input\":{\"@type\":\"PropertyValueSpecification\",\"valueRequired\":true,\"valueName\":\"search_term_string\"}}],\"inLanguage\":\"fr-FR\"}]}<\/script>\r\n<!-- \/ Yoast SEO plugin. -->","yoast_head_json":{"title":"FLOXIA EMULSION TEINTEE SPF 50 PORCELAINE 50 ML - Paracherkaoui.ma","robots":{"index":"index","follow":"follow","max-snippet":"max-snippet:-1","max-image-preview":"max-image-preview:large","max-video-preview":"max-video-preview:-1"},"canonical":"https:\/\/paracherkaoui.ma\/index.php\/produit\/floxia-emulsion-teintee-spf-50-porcelaine-50-ml\/","og_locale":"fr_FR","og_type":"article","og_title":"FLOXIA EMULSION TEINTEE SPF 50 PORCELAINE 50 ML - Paracherkaoui.ma","og_description":"La cr\u00e8me solaire teint\u00e9e SPF50 est une\u00a0protection solaire\u00a0indispensable pour prot\u00e9ger sa peau. Avant chaque exposition au soleil, appliquez une petite","og_url":"https:\/\/paracherkaoui.ma\/index.php\/produit\/floxia-emulsion-teintee-spf-50-porcelaine-50-ml\/","og_site_name":"Paracherkaoui.ma","article_modified_time":"2025-12-12T17:59:40+00:00","og_image":[{"width":700,"height":700,"url":"https:\/\/paracherkaoui.ma\/wp-content\/uploads\/2025\/12\/floxia-emulsion-teintee-spf-50-porcelaine-50-ml.jpg","type":"image\/jpeg"}],"twitter_card":"summary_large_image","twitter_misc":{"Dur\u00e9e de lecture estim\u00e9e":"1 minute"},"schema":{"@context":"https:\/\/schema.org","@graph":[{"@type":"WebPage","@id":"https:\/\/paracherkaoui.ma\/index.php\/produit\/floxia-emulsion-teintee-spf-50-porcelaine-50-ml\/","url":"https:\/\/paracherkaoui.ma\/index.php\/produit\/floxia-emulsion-teintee-spf-50-porcelaine-50-ml\/","name":"FLOXIA EMULSION TEINTEE SPF 50 PORCELAINE 50 ML - Paracherkaoui.ma","isPartOf":{"@id":"https:\/\/paracherkaoui.ma\/#website"},"primaryImageOfPage":{"@id":"https:\/\/paracherkaoui.ma\/index.php\/produit\/floxia-emulsion-teintee-spf-50-porcelaine-50-ml\/#primaryimage"},"image":{"@id":"https:\/\/paracherkaoui.ma\/index.php\/produit\/floxia-emulsion-teintee-spf-50-porcelaine-50-ml\/#primaryimage"},"thumbnailUrl":"https:\/\/paracherkaoui.ma\/wp-content\/uploads\/2025\/12\/floxia-emulsion-teintee-spf-50-porcelaine-50-ml.jpg","datePublished":"2025-12-12T17:59:38+00:00","dateModified":"2025-12-12T17:59:40+00:00","breadcrumb":{"@id":"https:\/\/paracherkaoui.ma\/index.php\/produit\/floxia-emulsion-teintee-spf-50-porcelaine-50-ml\/#breadcrumb"},"inLanguage":"fr-FR","potentialAction":[{"@type":"ReadAction","target":["https:\/\/paracherkaoui.ma\/index.php\/produit\/floxia-emulsion-teintee-spf-50-porcelaine-50-ml\/"]}]},{"@type":"ImageObject","inLanguage":"fr-FR","@id":"https:\/\/paracherkaoui.ma\/index.php\/produit\/floxia-emulsion-teintee-spf-50-porcelaine-50-ml\/#primaryimage","url":"https:\/\/paracherkaoui.ma\/wp-content\/uploads\/2025\/12\/floxia-emulsion-teintee-spf-50-porcelaine-50-ml.jpg","contentUrl":"https:\/\/paracherkaoui.ma\/wp-content\/uploads\/2025\/12\/floxia-emulsion-teintee-spf-50-porcelaine-50-ml.jpg","width":700,"height":700},{"@type":"BreadcrumbList","@id":"https:\/\/paracherkaoui.ma\/index.php\/produit\/floxia-emulsion-teintee-spf-50-porcelaine-50-ml\/#breadcrumb","itemListElement":[{"@type":"ListItem","position":1,"name":"Accueil","item":"https:\/\/paracherkaoui.ma\/"},{"@type":"ListItem","position":2,"name":"Boutique","item":"https:\/\/paracherkaoui.ma\/index.php\/boutique\/"},{"@type":"ListItem","position":3,"name":"FLOXIA EMULSION TEINTEE SPF 50 PORCELAINE 50 ML"}]},{"@type":"WebSite","@id":"https:\/\/paracherkaoui.ma\/#website","url":"https:\/\/paracherkaoui.ma\/","name":"Paracherkaoui.ma","description":"Achetez en ligne sur Paracherkaoui.ma","potentialAction":[{"@type":"SearchAction","target":{"@type":"EntryPoint","urlTemplate":"https:\/\/paracherkaoui.ma\/?s={search_term_string}"},"query-input":{"@type":"PropertyValueSpecification","valueRequired":true,"valueName":"search_term_string"}}],"inLanguage":"fr-FR"}]}},"_links":{"self":[{"href":"https:\/\/paracherkaoui.ma\/index.php\/wp-json\/wp\/v2\/product\/38176","targetHints":{"allow":["GET"]}}],"collection":[{"href":"https:\/\/paracherkaoui.ma\/index.php\/wp-json\/wp\/v2\/product"}],"about":[{"href":"https:\/\/paracherkaoui.ma\/index.php\/wp-json\/wp\/v2\/types\/product"}],"replies":[{"embeddable":true,"href":"https:\/\/paracherkaoui.ma\/index.php\/wp-json\/wp\/v2\/comments?post=38176"}],"version-history":[{"count":1,"href":"https:\/\/paracherkaoui.ma\/index.php\/wp-json\/wp\/v2\/product\/38176\/revisions"}],"predecessor-version":[{"id":38209,"href":"https:\/\/paracherkaoui.ma\/index.php\/wp-json\/wp\/v2\/product\/38176\/revisions\/38209"}],"wp:featuredmedia":[{"embeddable":true,"href":"https:\/\/paracherkaoui.ma\/index.php\/wp-json\/wp\/v2\/media\/38208"}],"wp:attachment":[{"href":"https:\/\/paracherkaoui.ma\/index.php\/wp-json\/wp\/v2\/media?parent=38176"}],"wp:term":[{"taxonomy":"product_brand","embeddable":true,"href":"https:\/\/paracherkaoui.ma\/index.php\/wp-json\/wp\/v2\/product_brand?post=38176"},{"taxonomy":"product_cat","embeddable":true,"href":"https:\/\/paracherkaoui.ma\/index.php\/wp-json\/wp\/v2\/product_cat?post=38176"},{"taxonomy":"product_tag","embeddable":true,"href":"https:\/\/paracherkaoui.ma\/index.php\/wp-json\/wp\/v2\/product_tag?post=38176"}],"curies":[{"name":"wp","href":"https:\/\/api.w.org\/{rel}","templated":true}]}}