{"id":38115,"date":"2025-12-12T18:59:31","date_gmt":"2025-12-12T17:59:31","guid":{"rendered":"https:\/\/test.ecbeaute.com\/?post_type=product&#038;p=38115"},"modified":"2025-12-12T18:59:36","modified_gmt":"2025-12-12T17:59:36","slug":"dermina-sunlina-creme-solaire-mineral-unifiante-spf-50-teinte-nude-40-ml","status":"publish","type":"product","link":"https:\/\/paracherkaoui.ma\/index.php\/produit\/dermina-sunlina-creme-solaire-mineral-unifiante-spf-50-teinte-nude-40-ml\/","title":{"rendered":"DERMINA SUNLINA CREME SOLAIRE MINERAL UNIFIANTE SPF 50 TEINTE NUDE 40 ML"},"content":{"rendered":"<p>La Cr\u00e8me solaire min\u00e9rale unifiante SUNLINA \u00e0 la texture fondante qui ne colle pas, facile \u00e0 \u00e9taler et qui unifie le teint sans laisser de trace blanche sur la peau, est un soin solaire sp\u00e9cialement formul\u00e9 pour prot\u00e9ger les peaux sensibles intol\u00e9rantes aux filtres solaires chimiques. Sa formule est compos\u00e9e de filtres solaires 100% min\u00e9raux (zinc oxyde, titanium dioxyde) qui assurent une protection optimale UVA\/UVB sans risque d\u2019intol\u00e9rance (SPF50), et de la glycyrrhizine aux propri\u00e9t\u00e9s apaisantes pour lutter contre les dommages li\u00e9s aux rayons UV. Test\u00e9 sous contr\u00f4le dermatologique, hypoallerg\u00e9nique sans parfum.<br \/>\nConseils d&rsquo;utilisation:<br \/>\nAvant de s\u2019exposer au soleil, appliquer uniform\u00e9ment une quantit\u00e9 suffisante de cr\u00e8me sur les parties expos\u00e9es (2mg\/cm2). Attention : en r\u00e9duisant cette quantit\u00e9, le niveau de protection est nettement diminu\u00e9. Renouveler fr\u00e9quemment l\u2019application pour maintenir la protection surtout apr\u00e8s avoir transpir\u00e9, avoir nag\u00e9 ou s\u2019\u00eatre essuy\u00e9.<\/p>\n","protected":false},"excerpt":{"rendered":"<p>La Cr\u00e8me solaire min\u00e9rale unifiante SUNLINA \u00e0 la texture fondante qui ne colle pas, facile \u00e0 \u00e9taler et qui unifie<\/p>\n","protected":false},"featured_media":38162,"comment_status":"open","ping_status":"closed","template":"","meta":[],"product_brand":[386],"product_cat":[666],"product_tag":[],"class_list":{"0":"post-38115","1":"product","2":"type-product","3":"status-publish","4":"has-post-thumbnail","6":"product_brand-dermina","7":"product_cat-cremes-solaires","9":"first","10":"instock","11":"sale","12":"shipping-taxable","13":"purchasable","14":"product-type-simple"},"yoast_head":"<!-- This site is optimized with the Yoast SEO plugin v26.6 - https:\/\/yoast.com\/wordpress\/plugins\/seo\/ -->\r\n<title>DERMINA SUNLINA CREME SOLAIRE MINERAL UNIFIANTE SPF 50 TEINTE NUDE 40 ML - Paracherkaoui.ma<\/title>\r\n<meta name=\"robots\" content=\"index, follow, max-snippet:-1, max-image-preview:large, max-video-preview:-1\" \/>\r\n<link rel=\"canonical\" href=\"https:\/\/paracherkaoui.ma\/index.php\/produit\/dermina-sunlina-creme-solaire-mineral-unifiante-spf-50-teinte-nude-40-ml\/\" \/>\r\n<meta property=\"og:locale\" content=\"fr_FR\" \/>\r\n<meta property=\"og:type\" content=\"article\" \/>\r\n<meta property=\"og:title\" content=\"DERMINA SUNLINA CREME SOLAIRE MINERAL UNIFIANTE SPF 50 TEINTE NUDE 40 ML - Paracherkaoui.ma\" \/>\r\n<meta property=\"og:description\" content=\"La Cr\u00e8me solaire min\u00e9rale unifiante SUNLINA \u00e0 la texture fondante qui ne colle pas, facile \u00e0 \u00e9taler et qui unifie\" \/>\r\n<meta property=\"og:url\" content=\"https:\/\/paracherkaoui.ma\/index.php\/produit\/dermina-sunlina-creme-solaire-mineral-unifiante-spf-50-teinte-nude-40-ml\/\" \/>\r\n<meta property=\"og:site_name\" content=\"Paracherkaoui.ma\" \/>\r\n<meta property=\"article:modified_time\" content=\"2025-12-12T17:59:36+00:00\" \/>\r\n<meta property=\"og:image\" content=\"https:\/\/paracherkaoui.ma\/wp-content\/uploads\/2025\/12\/dermina-sunlina-creme-solaire-mineral-unifiante-spf-50-teinte-nude-40-ml.jpg\" \/>\r\n\t<meta property=\"og:image:width\" content=\"700\" \/>\r\n\t<meta property=\"og:image:height\" content=\"700\" \/>\r\n\t<meta property=\"og:image:type\" content=\"image\/jpeg\" \/>\r\n<meta name=\"twitter:card\" content=\"summary_large_image\" \/>\r\n<meta name=\"twitter:label1\" content=\"Dur\u00e9e de lecture estim\u00e9e\" \/>\n\t<meta name=\"twitter:data1\" content=\"1 minute\" \/>\r\n<script type=\"application\/ld+json\" class=\"yoast-schema-graph\">{\"@context\":\"https:\/\/schema.org\",\"@graph\":[{\"@type\":\"WebPage\",\"@id\":\"https:\/\/paracherkaoui.ma\/index.php\/produit\/dermina-sunlina-creme-solaire-mineral-unifiante-spf-50-teinte-nude-40-ml\/\",\"url\":\"https:\/\/paracherkaoui.ma\/index.php\/produit\/dermina-sunlina-creme-solaire-mineral-unifiante-spf-50-teinte-nude-40-ml\/\",\"name\":\"DERMINA SUNLINA CREME SOLAIRE MINERAL UNIFIANTE SPF 50 TEINTE NUDE 40 ML - Paracherkaoui.ma\",\"isPartOf\":{\"@id\":\"https:\/\/paracherkaoui.ma\/#website\"},\"primaryImageOfPage\":{\"@id\":\"https:\/\/paracherkaoui.ma\/index.php\/produit\/dermina-sunlina-creme-solaire-mineral-unifiante-spf-50-teinte-nude-40-ml\/#primaryimage\"},\"image\":{\"@id\":\"https:\/\/paracherkaoui.ma\/index.php\/produit\/dermina-sunlina-creme-solaire-mineral-unifiante-spf-50-teinte-nude-40-ml\/#primaryimage\"},\"thumbnailUrl\":\"https:\/\/paracherkaoui.ma\/wp-content\/uploads\/2025\/12\/dermina-sunlina-creme-solaire-mineral-unifiante-spf-50-teinte-nude-40-ml.jpg\",\"datePublished\":\"2025-12-12T17:59:31+00:00\",\"dateModified\":\"2025-12-12T17:59:36+00:00\",\"breadcrumb\":{\"@id\":\"https:\/\/paracherkaoui.ma\/index.php\/produit\/dermina-sunlina-creme-solaire-mineral-unifiante-spf-50-teinte-nude-40-ml\/#breadcrumb\"},\"inLanguage\":\"fr-FR\",\"potentialAction\":[{\"@type\":\"ReadAction\",\"target\":[\"https:\/\/paracherkaoui.ma\/index.php\/produit\/dermina-sunlina-creme-solaire-mineral-unifiante-spf-50-teinte-nude-40-ml\/\"]}]},{\"@type\":\"ImageObject\",\"inLanguage\":\"fr-FR\",\"@id\":\"https:\/\/paracherkaoui.ma\/index.php\/produit\/dermina-sunlina-creme-solaire-mineral-unifiante-spf-50-teinte-nude-40-ml\/#primaryimage\",\"url\":\"https:\/\/paracherkaoui.ma\/wp-content\/uploads\/2025\/12\/dermina-sunlina-creme-solaire-mineral-unifiante-spf-50-teinte-nude-40-ml.jpg\",\"contentUrl\":\"https:\/\/paracherkaoui.ma\/wp-content\/uploads\/2025\/12\/dermina-sunlina-creme-solaire-mineral-unifiante-spf-50-teinte-nude-40-ml.jpg\",\"width\":700,\"height\":700},{\"@type\":\"BreadcrumbList\",\"@id\":\"https:\/\/paracherkaoui.ma\/index.php\/produit\/dermina-sunlina-creme-solaire-mineral-unifiante-spf-50-teinte-nude-40-ml\/#breadcrumb\",\"itemListElement\":[{\"@type\":\"ListItem\",\"position\":1,\"name\":\"Accueil\",\"item\":\"https:\/\/paracherkaoui.ma\/\"},{\"@type\":\"ListItem\",\"position\":2,\"name\":\"Boutique\",\"item\":\"https:\/\/paracherkaoui.ma\/index.php\/boutique\/\"},{\"@type\":\"ListItem\",\"position\":3,\"name\":\"DERMINA SUNLINA CREME SOLAIRE MINERAL UNIFIANTE SPF 50 TEINTE NUDE 40 ML\"}]},{\"@type\":\"WebSite\",\"@id\":\"https:\/\/paracherkaoui.ma\/#website\",\"url\":\"https:\/\/paracherkaoui.ma\/\",\"name\":\"Paracherkaoui.ma\",\"description\":\"Achetez en ligne sur Paracherkaoui.ma\",\"potentialAction\":[{\"@type\":\"SearchAction\",\"target\":{\"@type\":\"EntryPoint\",\"urlTemplate\":\"https:\/\/paracherkaoui.ma\/?s={search_term_string}\"},\"query-input\":{\"@type\":\"PropertyValueSpecification\",\"valueRequired\":true,\"valueName\":\"search_term_string\"}}],\"inLanguage\":\"fr-FR\"}]}<\/script>\r\n<!-- \/ Yoast SEO plugin. -->","yoast_head_json":{"title":"DERMINA SUNLINA CREME SOLAIRE MINERAL UNIFIANTE SPF 50 TEINTE NUDE 40 ML - Paracherkaoui.ma","robots":{"index":"index","follow":"follow","max-snippet":"max-snippet:-1","max-image-preview":"max-image-preview:large","max-video-preview":"max-video-preview:-1"},"canonical":"https:\/\/paracherkaoui.ma\/index.php\/produit\/dermina-sunlina-creme-solaire-mineral-unifiante-spf-50-teinte-nude-40-ml\/","og_locale":"fr_FR","og_type":"article","og_title":"DERMINA SUNLINA CREME SOLAIRE MINERAL UNIFIANTE SPF 50 TEINTE NUDE 40 ML - Paracherkaoui.ma","og_description":"La Cr\u00e8me solaire min\u00e9rale unifiante SUNLINA \u00e0 la texture fondante qui ne colle pas, facile \u00e0 \u00e9taler et qui unifie","og_url":"https:\/\/paracherkaoui.ma\/index.php\/produit\/dermina-sunlina-creme-solaire-mineral-unifiante-spf-50-teinte-nude-40-ml\/","og_site_name":"Paracherkaoui.ma","article_modified_time":"2025-12-12T17:59:36+00:00","og_image":[{"width":700,"height":700,"url":"https:\/\/paracherkaoui.ma\/wp-content\/uploads\/2025\/12\/dermina-sunlina-creme-solaire-mineral-unifiante-spf-50-teinte-nude-40-ml.jpg","type":"image\/jpeg"}],"twitter_card":"summary_large_image","twitter_misc":{"Dur\u00e9e de lecture estim\u00e9e":"1 minute"},"schema":{"@context":"https:\/\/schema.org","@graph":[{"@type":"WebPage","@id":"https:\/\/paracherkaoui.ma\/index.php\/produit\/dermina-sunlina-creme-solaire-mineral-unifiante-spf-50-teinte-nude-40-ml\/","url":"https:\/\/paracherkaoui.ma\/index.php\/produit\/dermina-sunlina-creme-solaire-mineral-unifiante-spf-50-teinte-nude-40-ml\/","name":"DERMINA SUNLINA CREME SOLAIRE MINERAL UNIFIANTE SPF 50 TEINTE NUDE 40 ML - Paracherkaoui.ma","isPartOf":{"@id":"https:\/\/paracherkaoui.ma\/#website"},"primaryImageOfPage":{"@id":"https:\/\/paracherkaoui.ma\/index.php\/produit\/dermina-sunlina-creme-solaire-mineral-unifiante-spf-50-teinte-nude-40-ml\/#primaryimage"},"image":{"@id":"https:\/\/paracherkaoui.ma\/index.php\/produit\/dermina-sunlina-creme-solaire-mineral-unifiante-spf-50-teinte-nude-40-ml\/#primaryimage"},"thumbnailUrl":"https:\/\/paracherkaoui.ma\/wp-content\/uploads\/2025\/12\/dermina-sunlina-creme-solaire-mineral-unifiante-spf-50-teinte-nude-40-ml.jpg","datePublished":"2025-12-12T17:59:31+00:00","dateModified":"2025-12-12T17:59:36+00:00","breadcrumb":{"@id":"https:\/\/paracherkaoui.ma\/index.php\/produit\/dermina-sunlina-creme-solaire-mineral-unifiante-spf-50-teinte-nude-40-ml\/#breadcrumb"},"inLanguage":"fr-FR","potentialAction":[{"@type":"ReadAction","target":["https:\/\/paracherkaoui.ma\/index.php\/produit\/dermina-sunlina-creme-solaire-mineral-unifiante-spf-50-teinte-nude-40-ml\/"]}]},{"@type":"ImageObject","inLanguage":"fr-FR","@id":"https:\/\/paracherkaoui.ma\/index.php\/produit\/dermina-sunlina-creme-solaire-mineral-unifiante-spf-50-teinte-nude-40-ml\/#primaryimage","url":"https:\/\/paracherkaoui.ma\/wp-content\/uploads\/2025\/12\/dermina-sunlina-creme-solaire-mineral-unifiante-spf-50-teinte-nude-40-ml.jpg","contentUrl":"https:\/\/paracherkaoui.ma\/wp-content\/uploads\/2025\/12\/dermina-sunlina-creme-solaire-mineral-unifiante-spf-50-teinte-nude-40-ml.jpg","width":700,"height":700},{"@type":"BreadcrumbList","@id":"https:\/\/paracherkaoui.ma\/index.php\/produit\/dermina-sunlina-creme-solaire-mineral-unifiante-spf-50-teinte-nude-40-ml\/#breadcrumb","itemListElement":[{"@type":"ListItem","position":1,"name":"Accueil","item":"https:\/\/paracherkaoui.ma\/"},{"@type":"ListItem","position":2,"name":"Boutique","item":"https:\/\/paracherkaoui.ma\/index.php\/boutique\/"},{"@type":"ListItem","position":3,"name":"DERMINA SUNLINA CREME SOLAIRE MINERAL UNIFIANTE SPF 50 TEINTE NUDE 40 ML"}]},{"@type":"WebSite","@id":"https:\/\/paracherkaoui.ma\/#website","url":"https:\/\/paracherkaoui.ma\/","name":"Paracherkaoui.ma","description":"Achetez en ligne sur Paracherkaoui.ma","potentialAction":[{"@type":"SearchAction","target":{"@type":"EntryPoint","urlTemplate":"https:\/\/paracherkaoui.ma\/?s={search_term_string}"},"query-input":{"@type":"PropertyValueSpecification","valueRequired":true,"valueName":"search_term_string"}}],"inLanguage":"fr-FR"}]}},"_links":{"self":[{"href":"https:\/\/paracherkaoui.ma\/index.php\/wp-json\/wp\/v2\/product\/38115","targetHints":{"allow":["GET"]}}],"collection":[{"href":"https:\/\/paracherkaoui.ma\/index.php\/wp-json\/wp\/v2\/product"}],"about":[{"href":"https:\/\/paracherkaoui.ma\/index.php\/wp-json\/wp\/v2\/types\/product"}],"replies":[{"embeddable":true,"href":"https:\/\/paracherkaoui.ma\/index.php\/wp-json\/wp\/v2\/comments?post=38115"}],"version-history":[{"count":1,"href":"https:\/\/paracherkaoui.ma\/index.php\/wp-json\/wp\/v2\/product\/38115\/revisions"}],"predecessor-version":[{"id":38163,"href":"https:\/\/paracherkaoui.ma\/index.php\/wp-json\/wp\/v2\/product\/38115\/revisions\/38163"}],"wp:featuredmedia":[{"embeddable":true,"href":"https:\/\/paracherkaoui.ma\/index.php\/wp-json\/wp\/v2\/media\/38162"}],"wp:attachment":[{"href":"https:\/\/paracherkaoui.ma\/index.php\/wp-json\/wp\/v2\/media?parent=38115"}],"wp:term":[{"taxonomy":"product_brand","embeddable":true,"href":"https:\/\/paracherkaoui.ma\/index.php\/wp-json\/wp\/v2\/product_brand?post=38115"},{"taxonomy":"product_cat","embeddable":true,"href":"https:\/\/paracherkaoui.ma\/index.php\/wp-json\/wp\/v2\/product_cat?post=38115"},{"taxonomy":"product_tag","embeddable":true,"href":"https:\/\/paracherkaoui.ma\/index.php\/wp-json\/wp\/v2\/product_tag?post=38115"}],"curies":[{"name":"wp","href":"https:\/\/api.w.org\/{rel}","templated":true}]}}