{"id":38023,"date":"2025-12-12T18:59:22","date_gmt":"2025-12-12T17:59:22","guid":{"rendered":"https:\/\/test.ecbeaute.com\/?post_type=product&#038;p=38023"},"modified":"2025-12-12T18:59:27","modified_gmt":"2025-12-12T17:59:27","slug":"naturalia-ecran-solaire-matifiant-invisible-spf-50","status":"publish","type":"product","link":"https:\/\/paracherkaoui.ma\/index.php\/produit\/naturalia-ecran-solaire-matifiant-invisible-spf-50\/","title":{"rendered":"NATURALIA ECRAN SOLAIRE MATIFIANT INVISIBLE SPF 50 +"},"content":{"rendered":"<p>\u00c9mulsion \u00e0 base de filtres solaires haute tol\u00e9rance. Evite l\u2019apparition des rides et des t\u00e2ches provoqu\u00e9es par l\u2019exposition solaire. Lutte \u00e9galement contre l\u2019action nocive des radicaux libres gr\u00e2ce \u00e0 sa teneur en vitamine E et en polyph\u00e9nols de raisin, et emp\u00eache le vieillissement pr\u00e9matur\u00e9 de la peau.<br \/>\nConseils d&rsquo;utilisation:<br \/>\nAppliquer sur la peau parfaitement propre et s\u00e8che en effectuant un l\u00e9ger massage jusqu\u2019\u00e0 absorption compl\u00e8te.<\/p>\n","protected":false},"excerpt":{"rendered":"<p>\u00c9mulsion \u00e0 base de filtres solaires haute tol\u00e9rance. Evite l\u2019apparition des rides et des t\u00e2ches provoqu\u00e9es par l\u2019exposition solaire. Lutte<\/p>\n","protected":false},"featured_media":38072,"comment_status":"open","ping_status":"closed","template":"","meta":[],"product_brand":[289],"product_cat":[666],"product_tag":[],"class_list":{"0":"post-38023","1":"product","2":"type-product","3":"status-publish","4":"has-post-thumbnail","6":"product_brand-naturalia","7":"product_cat-cremes-solaires","9":"first","10":"instock","11":"sale","12":"shipping-taxable","13":"purchasable","14":"product-type-simple"},"yoast_head":"<!-- This site is optimized with the Yoast SEO plugin v26.6 - https:\/\/yoast.com\/wordpress\/plugins\/seo\/ -->\r\n<title>NATURALIA ECRAN SOLAIRE MATIFIANT INVISIBLE SPF 50 + - Paracherkaoui.ma<\/title>\r\n<meta name=\"robots\" content=\"index, follow, max-snippet:-1, max-image-preview:large, max-video-preview:-1\" \/>\r\n<link rel=\"canonical\" href=\"https:\/\/paracherkaoui.ma\/index.php\/produit\/naturalia-ecran-solaire-matifiant-invisible-spf-50\/\" \/>\r\n<meta property=\"og:locale\" content=\"fr_FR\" \/>\r\n<meta property=\"og:type\" content=\"article\" \/>\r\n<meta property=\"og:title\" content=\"NATURALIA ECRAN SOLAIRE MATIFIANT INVISIBLE SPF 50 + - Paracherkaoui.ma\" \/>\r\n<meta property=\"og:description\" content=\"\u00c9mulsion \u00e0 base de filtres solaires haute tol\u00e9rance. Evite l\u2019apparition des rides et des t\u00e2ches provoqu\u00e9es par l\u2019exposition solaire. Lutte\" \/>\r\n<meta property=\"og:url\" content=\"https:\/\/paracherkaoui.ma\/index.php\/produit\/naturalia-ecran-solaire-matifiant-invisible-spf-50\/\" \/>\r\n<meta property=\"og:site_name\" content=\"Paracherkaoui.ma\" \/>\r\n<meta property=\"article:modified_time\" content=\"2025-12-12T17:59:27+00:00\" \/>\r\n<meta property=\"og:image\" content=\"https:\/\/paracherkaoui.ma\/wp-content\/uploads\/2025\/12\/naturalia-naturalia-ecran-solaire-matifiant-invisible-spf-50-cremes-solaires.jpg\" \/>\r\n\t<meta property=\"og:image:width\" content=\"700\" \/>\r\n\t<meta property=\"og:image:height\" content=\"700\" \/>\r\n\t<meta property=\"og:image:type\" content=\"image\/jpeg\" \/>\r\n<meta name=\"twitter:card\" content=\"summary_large_image\" \/>\r\n<script type=\"application\/ld+json\" class=\"yoast-schema-graph\">{\"@context\":\"https:\/\/schema.org\",\"@graph\":[{\"@type\":\"WebPage\",\"@id\":\"https:\/\/paracherkaoui.ma\/index.php\/produit\/naturalia-ecran-solaire-matifiant-invisible-spf-50\/\",\"url\":\"https:\/\/paracherkaoui.ma\/index.php\/produit\/naturalia-ecran-solaire-matifiant-invisible-spf-50\/\",\"name\":\"NATURALIA ECRAN SOLAIRE MATIFIANT INVISIBLE SPF 50 + - Paracherkaoui.ma\",\"isPartOf\":{\"@id\":\"https:\/\/paracherkaoui.ma\/#website\"},\"primaryImageOfPage\":{\"@id\":\"https:\/\/paracherkaoui.ma\/index.php\/produit\/naturalia-ecran-solaire-matifiant-invisible-spf-50\/#primaryimage\"},\"image\":{\"@id\":\"https:\/\/paracherkaoui.ma\/index.php\/produit\/naturalia-ecran-solaire-matifiant-invisible-spf-50\/#primaryimage\"},\"thumbnailUrl\":\"https:\/\/paracherkaoui.ma\/wp-content\/uploads\/2025\/12\/naturalia-naturalia-ecran-solaire-matifiant-invisible-spf-50-cremes-solaires.jpg\",\"datePublished\":\"2025-12-12T17:59:22+00:00\",\"dateModified\":\"2025-12-12T17:59:27+00:00\",\"breadcrumb\":{\"@id\":\"https:\/\/paracherkaoui.ma\/index.php\/produit\/naturalia-ecran-solaire-matifiant-invisible-spf-50\/#breadcrumb\"},\"inLanguage\":\"fr-FR\",\"potentialAction\":[{\"@type\":\"ReadAction\",\"target\":[\"https:\/\/paracherkaoui.ma\/index.php\/produit\/naturalia-ecran-solaire-matifiant-invisible-spf-50\/\"]}]},{\"@type\":\"ImageObject\",\"inLanguage\":\"fr-FR\",\"@id\":\"https:\/\/paracherkaoui.ma\/index.php\/produit\/naturalia-ecran-solaire-matifiant-invisible-spf-50\/#primaryimage\",\"url\":\"https:\/\/paracherkaoui.ma\/wp-content\/uploads\/2025\/12\/naturalia-naturalia-ecran-solaire-matifiant-invisible-spf-50-cremes-solaires.jpg\",\"contentUrl\":\"https:\/\/paracherkaoui.ma\/wp-content\/uploads\/2025\/12\/naturalia-naturalia-ecran-solaire-matifiant-invisible-spf-50-cremes-solaires.jpg\",\"width\":700,\"height\":700},{\"@type\":\"BreadcrumbList\",\"@id\":\"https:\/\/paracherkaoui.ma\/index.php\/produit\/naturalia-ecran-solaire-matifiant-invisible-spf-50\/#breadcrumb\",\"itemListElement\":[{\"@type\":\"ListItem\",\"position\":1,\"name\":\"Accueil\",\"item\":\"https:\/\/paracherkaoui.ma\/\"},{\"@type\":\"ListItem\",\"position\":2,\"name\":\"Boutique\",\"item\":\"https:\/\/paracherkaoui.ma\/index.php\/boutique\/\"},{\"@type\":\"ListItem\",\"position\":3,\"name\":\"NATURALIA ECRAN SOLAIRE MATIFIANT INVISIBLE SPF 50 +\"}]},{\"@type\":\"WebSite\",\"@id\":\"https:\/\/paracherkaoui.ma\/#website\",\"url\":\"https:\/\/paracherkaoui.ma\/\",\"name\":\"Paracherkaoui.ma\",\"description\":\"Achetez en ligne sur Paracherkaoui.ma\",\"potentialAction\":[{\"@type\":\"SearchAction\",\"target\":{\"@type\":\"EntryPoint\",\"urlTemplate\":\"https:\/\/paracherkaoui.ma\/?s={search_term_string}\"},\"query-input\":{\"@type\":\"PropertyValueSpecification\",\"valueRequired\":true,\"valueName\":\"search_term_string\"}}],\"inLanguage\":\"fr-FR\"}]}<\/script>\r\n<!-- \/ Yoast SEO plugin. -->","yoast_head_json":{"title":"NATURALIA ECRAN SOLAIRE MATIFIANT INVISIBLE SPF 50 + - Paracherkaoui.ma","robots":{"index":"index","follow":"follow","max-snippet":"max-snippet:-1","max-image-preview":"max-image-preview:large","max-video-preview":"max-video-preview:-1"},"canonical":"https:\/\/paracherkaoui.ma\/index.php\/produit\/naturalia-ecran-solaire-matifiant-invisible-spf-50\/","og_locale":"fr_FR","og_type":"article","og_title":"NATURALIA ECRAN SOLAIRE MATIFIANT INVISIBLE SPF 50 + - Paracherkaoui.ma","og_description":"\u00c9mulsion \u00e0 base de filtres solaires haute tol\u00e9rance. Evite l\u2019apparition des rides et des t\u00e2ches provoqu\u00e9es par l\u2019exposition solaire. Lutte","og_url":"https:\/\/paracherkaoui.ma\/index.php\/produit\/naturalia-ecran-solaire-matifiant-invisible-spf-50\/","og_site_name":"Paracherkaoui.ma","article_modified_time":"2025-12-12T17:59:27+00:00","og_image":[{"width":700,"height":700,"url":"https:\/\/paracherkaoui.ma\/wp-content\/uploads\/2025\/12\/naturalia-naturalia-ecran-solaire-matifiant-invisible-spf-50-cremes-solaires.jpg","type":"image\/jpeg"}],"twitter_card":"summary_large_image","schema":{"@context":"https:\/\/schema.org","@graph":[{"@type":"WebPage","@id":"https:\/\/paracherkaoui.ma\/index.php\/produit\/naturalia-ecran-solaire-matifiant-invisible-spf-50\/","url":"https:\/\/paracherkaoui.ma\/index.php\/produit\/naturalia-ecran-solaire-matifiant-invisible-spf-50\/","name":"NATURALIA ECRAN SOLAIRE MATIFIANT INVISIBLE SPF 50 + - Paracherkaoui.ma","isPartOf":{"@id":"https:\/\/paracherkaoui.ma\/#website"},"primaryImageOfPage":{"@id":"https:\/\/paracherkaoui.ma\/index.php\/produit\/naturalia-ecran-solaire-matifiant-invisible-spf-50\/#primaryimage"},"image":{"@id":"https:\/\/paracherkaoui.ma\/index.php\/produit\/naturalia-ecran-solaire-matifiant-invisible-spf-50\/#primaryimage"},"thumbnailUrl":"https:\/\/paracherkaoui.ma\/wp-content\/uploads\/2025\/12\/naturalia-naturalia-ecran-solaire-matifiant-invisible-spf-50-cremes-solaires.jpg","datePublished":"2025-12-12T17:59:22+00:00","dateModified":"2025-12-12T17:59:27+00:00","breadcrumb":{"@id":"https:\/\/paracherkaoui.ma\/index.php\/produit\/naturalia-ecran-solaire-matifiant-invisible-spf-50\/#breadcrumb"},"inLanguage":"fr-FR","potentialAction":[{"@type":"ReadAction","target":["https:\/\/paracherkaoui.ma\/index.php\/produit\/naturalia-ecran-solaire-matifiant-invisible-spf-50\/"]}]},{"@type":"ImageObject","inLanguage":"fr-FR","@id":"https:\/\/paracherkaoui.ma\/index.php\/produit\/naturalia-ecran-solaire-matifiant-invisible-spf-50\/#primaryimage","url":"https:\/\/paracherkaoui.ma\/wp-content\/uploads\/2025\/12\/naturalia-naturalia-ecran-solaire-matifiant-invisible-spf-50-cremes-solaires.jpg","contentUrl":"https:\/\/paracherkaoui.ma\/wp-content\/uploads\/2025\/12\/naturalia-naturalia-ecran-solaire-matifiant-invisible-spf-50-cremes-solaires.jpg","width":700,"height":700},{"@type":"BreadcrumbList","@id":"https:\/\/paracherkaoui.ma\/index.php\/produit\/naturalia-ecran-solaire-matifiant-invisible-spf-50\/#breadcrumb","itemListElement":[{"@type":"ListItem","position":1,"name":"Accueil","item":"https:\/\/paracherkaoui.ma\/"},{"@type":"ListItem","position":2,"name":"Boutique","item":"https:\/\/paracherkaoui.ma\/index.php\/boutique\/"},{"@type":"ListItem","position":3,"name":"NATURALIA ECRAN SOLAIRE MATIFIANT INVISIBLE SPF 50 +"}]},{"@type":"WebSite","@id":"https:\/\/paracherkaoui.ma\/#website","url":"https:\/\/paracherkaoui.ma\/","name":"Paracherkaoui.ma","description":"Achetez en ligne sur Paracherkaoui.ma","potentialAction":[{"@type":"SearchAction","target":{"@type":"EntryPoint","urlTemplate":"https:\/\/paracherkaoui.ma\/?s={search_term_string}"},"query-input":{"@type":"PropertyValueSpecification","valueRequired":true,"valueName":"search_term_string"}}],"inLanguage":"fr-FR"}]}},"_links":{"self":[{"href":"https:\/\/paracherkaoui.ma\/index.php\/wp-json\/wp\/v2\/product\/38023","targetHints":{"allow":["GET"]}}],"collection":[{"href":"https:\/\/paracherkaoui.ma\/index.php\/wp-json\/wp\/v2\/product"}],"about":[{"href":"https:\/\/paracherkaoui.ma\/index.php\/wp-json\/wp\/v2\/types\/product"}],"replies":[{"embeddable":true,"href":"https:\/\/paracherkaoui.ma\/index.php\/wp-json\/wp\/v2\/comments?post=38023"}],"version-history":[{"count":1,"href":"https:\/\/paracherkaoui.ma\/index.php\/wp-json\/wp\/v2\/product\/38023\/revisions"}],"predecessor-version":[{"id":38073,"href":"https:\/\/paracherkaoui.ma\/index.php\/wp-json\/wp\/v2\/product\/38023\/revisions\/38073"}],"wp:featuredmedia":[{"embeddable":true,"href":"https:\/\/paracherkaoui.ma\/index.php\/wp-json\/wp\/v2\/media\/38072"}],"wp:attachment":[{"href":"https:\/\/paracherkaoui.ma\/index.php\/wp-json\/wp\/v2\/media?parent=38023"}],"wp:term":[{"taxonomy":"product_brand","embeddable":true,"href":"https:\/\/paracherkaoui.ma\/index.php\/wp-json\/wp\/v2\/product_brand?post=38023"},{"taxonomy":"product_cat","embeddable":true,"href":"https:\/\/paracherkaoui.ma\/index.php\/wp-json\/wp\/v2\/product_cat?post=38023"},{"taxonomy":"product_tag","embeddable":true,"href":"https:\/\/paracherkaoui.ma\/index.php\/wp-json\/wp\/v2\/product_tag?post=38023"}],"curies":[{"name":"wp","href":"https:\/\/api.w.org\/{rel}","templated":true}]}}