{"id":37931,"date":"2025-12-12T18:59:10","date_gmt":"2025-12-12T17:59:10","guid":{"rendered":"https:\/\/test.ecbeaute.com\/?post_type=product&#038;p=37931"},"modified":"2025-12-12T18:59:14","modified_gmt":"2025-12-12T17:59:14","slug":"eclin-mat-pores-solaire-matifiante-spf-50-anti-imperfections-50-ml","status":"publish","type":"product","link":"https:\/\/paracherkaoui.ma\/index.php\/produit\/eclin-mat-pores-solaire-matifiante-spf-50-anti-imperfections-50-ml\/","title":{"rendered":"ECLIN MAT + PORES SOLAIRE MATIFIANTE SPF 50 ANTI IMPERFECTIONS 50 ML"},"content":{"rendered":"<p>ECLIN anti-acn\u00e9 est une gamme r\u00e9volutionnaire qui aide \u00e0 \u00e9liminer les boutons, points noirs et exc\u00e8s de s\u00e9bum. la cr\u00e8me solaire ECLIN anti-acn\u00e9 est le soin haute protection solaire des peaux mixtes \u00e0 grasses \u00e0 imperfections. Il matifie et hydrate toute la journ\u00e9e tout en pr\u00e9venant les marques et l\u2019effet rebond li\u00e9 aux UV.<br \/>\nConseils d&rsquo;utilisation:<br \/>\nAppliquer sur peau propre<\/p>\n","protected":false},"excerpt":{"rendered":"<p>ECLIN anti-acn\u00e9 est une gamme r\u00e9volutionnaire qui aide \u00e0 \u00e9liminer les boutons, points noirs et exc\u00e8s de s\u00e9bum. la cr\u00e8me<\/p>\n","protected":false},"featured_media":37970,"comment_status":"open","ping_status":"closed","template":"","meta":[],"product_brand":[293],"product_cat":[666],"product_tag":[],"class_list":{"0":"post-37931","1":"product","2":"type-product","3":"status-publish","4":"has-post-thumbnail","6":"product_brand-eclin","7":"product_cat-cremes-solaires","9":"first","10":"instock","11":"sale","12":"shipping-taxable","13":"purchasable","14":"product-type-simple"},"yoast_head":"<!-- This site is optimized with the Yoast SEO plugin v26.6 - https:\/\/yoast.com\/wordpress\/plugins\/seo\/ -->\r\n<title>ECLIN MAT + PORES SOLAIRE MATIFIANTE SPF 50 ANTI IMPERFECTIONS 50 ML - Paracherkaoui.ma<\/title>\r\n<meta name=\"robots\" content=\"index, follow, max-snippet:-1, max-image-preview:large, max-video-preview:-1\" \/>\r\n<link rel=\"canonical\" href=\"https:\/\/paracherkaoui.ma\/index.php\/produit\/eclin-mat-pores-solaire-matifiante-spf-50-anti-imperfections-50-ml\/\" \/>\r\n<meta property=\"og:locale\" content=\"fr_FR\" \/>\r\n<meta property=\"og:type\" content=\"article\" \/>\r\n<meta property=\"og:title\" content=\"ECLIN MAT + PORES SOLAIRE MATIFIANTE SPF 50 ANTI IMPERFECTIONS 50 ML - Paracherkaoui.ma\" \/>\r\n<meta property=\"og:description\" content=\"ECLIN anti-acn\u00e9 est une gamme r\u00e9volutionnaire qui aide \u00e0 \u00e9liminer les boutons, points noirs et exc\u00e8s de s\u00e9bum. la cr\u00e8me\" \/>\r\n<meta property=\"og:url\" content=\"https:\/\/paracherkaoui.ma\/index.php\/produit\/eclin-mat-pores-solaire-matifiante-spf-50-anti-imperfections-50-ml\/\" \/>\r\n<meta property=\"og:site_name\" content=\"Paracherkaoui.ma\" \/>\r\n<meta property=\"article:modified_time\" content=\"2025-12-12T17:59:14+00:00\" \/>\r\n<meta property=\"og:image\" content=\"https:\/\/paracherkaoui.ma\/wp-content\/uploads\/2025\/12\/eclin-eclin-mat-pores-solaire-matifiante-spf-50-anti-imperfections-50-ml-cremes.jpg\" \/>\r\n\t<meta property=\"og:image:width\" content=\"700\" \/>\r\n\t<meta property=\"og:image:height\" content=\"700\" \/>\r\n\t<meta property=\"og:image:type\" content=\"image\/jpeg\" \/>\r\n<meta name=\"twitter:card\" content=\"summary_large_image\" \/>\r\n<script type=\"application\/ld+json\" class=\"yoast-schema-graph\">{\"@context\":\"https:\/\/schema.org\",\"@graph\":[{\"@type\":\"WebPage\",\"@id\":\"https:\/\/paracherkaoui.ma\/index.php\/produit\/eclin-mat-pores-solaire-matifiante-spf-50-anti-imperfections-50-ml\/\",\"url\":\"https:\/\/paracherkaoui.ma\/index.php\/produit\/eclin-mat-pores-solaire-matifiante-spf-50-anti-imperfections-50-ml\/\",\"name\":\"ECLIN MAT + PORES SOLAIRE MATIFIANTE SPF 50 ANTI IMPERFECTIONS 50 ML - Paracherkaoui.ma\",\"isPartOf\":{\"@id\":\"https:\/\/paracherkaoui.ma\/#website\"},\"primaryImageOfPage\":{\"@id\":\"https:\/\/paracherkaoui.ma\/index.php\/produit\/eclin-mat-pores-solaire-matifiante-spf-50-anti-imperfections-50-ml\/#primaryimage\"},\"image\":{\"@id\":\"https:\/\/paracherkaoui.ma\/index.php\/produit\/eclin-mat-pores-solaire-matifiante-spf-50-anti-imperfections-50-ml\/#primaryimage\"},\"thumbnailUrl\":\"https:\/\/paracherkaoui.ma\/wp-content\/uploads\/2025\/12\/eclin-eclin-mat-pores-solaire-matifiante-spf-50-anti-imperfections-50-ml-cremes.jpg\",\"datePublished\":\"2025-12-12T17:59:10+00:00\",\"dateModified\":\"2025-12-12T17:59:14+00:00\",\"breadcrumb\":{\"@id\":\"https:\/\/paracherkaoui.ma\/index.php\/produit\/eclin-mat-pores-solaire-matifiante-spf-50-anti-imperfections-50-ml\/#breadcrumb\"},\"inLanguage\":\"fr-FR\",\"potentialAction\":[{\"@type\":\"ReadAction\",\"target\":[\"https:\/\/paracherkaoui.ma\/index.php\/produit\/eclin-mat-pores-solaire-matifiante-spf-50-anti-imperfections-50-ml\/\"]}]},{\"@type\":\"ImageObject\",\"inLanguage\":\"fr-FR\",\"@id\":\"https:\/\/paracherkaoui.ma\/index.php\/produit\/eclin-mat-pores-solaire-matifiante-spf-50-anti-imperfections-50-ml\/#primaryimage\",\"url\":\"https:\/\/paracherkaoui.ma\/wp-content\/uploads\/2025\/12\/eclin-eclin-mat-pores-solaire-matifiante-spf-50-anti-imperfections-50-ml-cremes.jpg\",\"contentUrl\":\"https:\/\/paracherkaoui.ma\/wp-content\/uploads\/2025\/12\/eclin-eclin-mat-pores-solaire-matifiante-spf-50-anti-imperfections-50-ml-cremes.jpg\",\"width\":700,\"height\":700},{\"@type\":\"BreadcrumbList\",\"@id\":\"https:\/\/paracherkaoui.ma\/index.php\/produit\/eclin-mat-pores-solaire-matifiante-spf-50-anti-imperfections-50-ml\/#breadcrumb\",\"itemListElement\":[{\"@type\":\"ListItem\",\"position\":1,\"name\":\"Accueil\",\"item\":\"https:\/\/paracherkaoui.ma\/\"},{\"@type\":\"ListItem\",\"position\":2,\"name\":\"Boutique\",\"item\":\"https:\/\/paracherkaoui.ma\/index.php\/boutique\/\"},{\"@type\":\"ListItem\",\"position\":3,\"name\":\"ECLIN MAT + PORES SOLAIRE MATIFIANTE SPF 50 ANTI IMPERFECTIONS 50 ML\"}]},{\"@type\":\"WebSite\",\"@id\":\"https:\/\/paracherkaoui.ma\/#website\",\"url\":\"https:\/\/paracherkaoui.ma\/\",\"name\":\"Paracherkaoui.ma\",\"description\":\"Achetez en ligne sur Paracherkaoui.ma\",\"potentialAction\":[{\"@type\":\"SearchAction\",\"target\":{\"@type\":\"EntryPoint\",\"urlTemplate\":\"https:\/\/paracherkaoui.ma\/?s={search_term_string}\"},\"query-input\":{\"@type\":\"PropertyValueSpecification\",\"valueRequired\":true,\"valueName\":\"search_term_string\"}}],\"inLanguage\":\"fr-FR\"}]}<\/script>\r\n<!-- \/ Yoast SEO plugin. -->","yoast_head_json":{"title":"ECLIN MAT + PORES SOLAIRE MATIFIANTE SPF 50 ANTI IMPERFECTIONS 50 ML - Paracherkaoui.ma","robots":{"index":"index","follow":"follow","max-snippet":"max-snippet:-1","max-image-preview":"max-image-preview:large","max-video-preview":"max-video-preview:-1"},"canonical":"https:\/\/paracherkaoui.ma\/index.php\/produit\/eclin-mat-pores-solaire-matifiante-spf-50-anti-imperfections-50-ml\/","og_locale":"fr_FR","og_type":"article","og_title":"ECLIN MAT + PORES SOLAIRE MATIFIANTE SPF 50 ANTI IMPERFECTIONS 50 ML - Paracherkaoui.ma","og_description":"ECLIN anti-acn\u00e9 est une gamme r\u00e9volutionnaire qui aide \u00e0 \u00e9liminer les boutons, points noirs et exc\u00e8s de s\u00e9bum. la cr\u00e8me","og_url":"https:\/\/paracherkaoui.ma\/index.php\/produit\/eclin-mat-pores-solaire-matifiante-spf-50-anti-imperfections-50-ml\/","og_site_name":"Paracherkaoui.ma","article_modified_time":"2025-12-12T17:59:14+00:00","og_image":[{"width":700,"height":700,"url":"https:\/\/paracherkaoui.ma\/wp-content\/uploads\/2025\/12\/eclin-eclin-mat-pores-solaire-matifiante-spf-50-anti-imperfections-50-ml-cremes.jpg","type":"image\/jpeg"}],"twitter_card":"summary_large_image","schema":{"@context":"https:\/\/schema.org","@graph":[{"@type":"WebPage","@id":"https:\/\/paracherkaoui.ma\/index.php\/produit\/eclin-mat-pores-solaire-matifiante-spf-50-anti-imperfections-50-ml\/","url":"https:\/\/paracherkaoui.ma\/index.php\/produit\/eclin-mat-pores-solaire-matifiante-spf-50-anti-imperfections-50-ml\/","name":"ECLIN MAT + PORES SOLAIRE MATIFIANTE SPF 50 ANTI IMPERFECTIONS 50 ML - Paracherkaoui.ma","isPartOf":{"@id":"https:\/\/paracherkaoui.ma\/#website"},"primaryImageOfPage":{"@id":"https:\/\/paracherkaoui.ma\/index.php\/produit\/eclin-mat-pores-solaire-matifiante-spf-50-anti-imperfections-50-ml\/#primaryimage"},"image":{"@id":"https:\/\/paracherkaoui.ma\/index.php\/produit\/eclin-mat-pores-solaire-matifiante-spf-50-anti-imperfections-50-ml\/#primaryimage"},"thumbnailUrl":"https:\/\/paracherkaoui.ma\/wp-content\/uploads\/2025\/12\/eclin-eclin-mat-pores-solaire-matifiante-spf-50-anti-imperfections-50-ml-cremes.jpg","datePublished":"2025-12-12T17:59:10+00:00","dateModified":"2025-12-12T17:59:14+00:00","breadcrumb":{"@id":"https:\/\/paracherkaoui.ma\/index.php\/produit\/eclin-mat-pores-solaire-matifiante-spf-50-anti-imperfections-50-ml\/#breadcrumb"},"inLanguage":"fr-FR","potentialAction":[{"@type":"ReadAction","target":["https:\/\/paracherkaoui.ma\/index.php\/produit\/eclin-mat-pores-solaire-matifiante-spf-50-anti-imperfections-50-ml\/"]}]},{"@type":"ImageObject","inLanguage":"fr-FR","@id":"https:\/\/paracherkaoui.ma\/index.php\/produit\/eclin-mat-pores-solaire-matifiante-spf-50-anti-imperfections-50-ml\/#primaryimage","url":"https:\/\/paracherkaoui.ma\/wp-content\/uploads\/2025\/12\/eclin-eclin-mat-pores-solaire-matifiante-spf-50-anti-imperfections-50-ml-cremes.jpg","contentUrl":"https:\/\/paracherkaoui.ma\/wp-content\/uploads\/2025\/12\/eclin-eclin-mat-pores-solaire-matifiante-spf-50-anti-imperfections-50-ml-cremes.jpg","width":700,"height":700},{"@type":"BreadcrumbList","@id":"https:\/\/paracherkaoui.ma\/index.php\/produit\/eclin-mat-pores-solaire-matifiante-spf-50-anti-imperfections-50-ml\/#breadcrumb","itemListElement":[{"@type":"ListItem","position":1,"name":"Accueil","item":"https:\/\/paracherkaoui.ma\/"},{"@type":"ListItem","position":2,"name":"Boutique","item":"https:\/\/paracherkaoui.ma\/index.php\/boutique\/"},{"@type":"ListItem","position":3,"name":"ECLIN MAT + PORES SOLAIRE MATIFIANTE SPF 50 ANTI IMPERFECTIONS 50 ML"}]},{"@type":"WebSite","@id":"https:\/\/paracherkaoui.ma\/#website","url":"https:\/\/paracherkaoui.ma\/","name":"Paracherkaoui.ma","description":"Achetez en ligne sur Paracherkaoui.ma","potentialAction":[{"@type":"SearchAction","target":{"@type":"EntryPoint","urlTemplate":"https:\/\/paracherkaoui.ma\/?s={search_term_string}"},"query-input":{"@type":"PropertyValueSpecification","valueRequired":true,"valueName":"search_term_string"}}],"inLanguage":"fr-FR"}]}},"_links":{"self":[{"href":"https:\/\/paracherkaoui.ma\/index.php\/wp-json\/wp\/v2\/product\/37931","targetHints":{"allow":["GET"]}}],"collection":[{"href":"https:\/\/paracherkaoui.ma\/index.php\/wp-json\/wp\/v2\/product"}],"about":[{"href":"https:\/\/paracherkaoui.ma\/index.php\/wp-json\/wp\/v2\/types\/product"}],"replies":[{"embeddable":true,"href":"https:\/\/paracherkaoui.ma\/index.php\/wp-json\/wp\/v2\/comments?post=37931"}],"version-history":[{"count":1,"href":"https:\/\/paracherkaoui.ma\/index.php\/wp-json\/wp\/v2\/product\/37931\/revisions"}],"predecessor-version":[{"id":37971,"href":"https:\/\/paracherkaoui.ma\/index.php\/wp-json\/wp\/v2\/product\/37931\/revisions\/37971"}],"wp:featuredmedia":[{"embeddable":true,"href":"https:\/\/paracherkaoui.ma\/index.php\/wp-json\/wp\/v2\/media\/37970"}],"wp:attachment":[{"href":"https:\/\/paracherkaoui.ma\/index.php\/wp-json\/wp\/v2\/media?parent=37931"}],"wp:term":[{"taxonomy":"product_brand","embeddable":true,"href":"https:\/\/paracherkaoui.ma\/index.php\/wp-json\/wp\/v2\/product_brand?post=37931"},{"taxonomy":"product_cat","embeddable":true,"href":"https:\/\/paracherkaoui.ma\/index.php\/wp-json\/wp\/v2\/product_cat?post=37931"},{"taxonomy":"product_tag","embeddable":true,"href":"https:\/\/paracherkaoui.ma\/index.php\/wp-json\/wp\/v2\/product_tag?post=37931"}],"curies":[{"name":"wp","href":"https:\/\/api.w.org\/{rel}","templated":true}]}}