{"id":37849,"date":"2025-12-12T18:59:01","date_gmt":"2025-12-12T17:59:01","guid":{"rendered":"https:\/\/test.ecbeaute.com\/?post_type=product&#038;p=37849"},"modified":"2025-12-12T18:59:04","modified_gmt":"2025-12-12T17:59:04","slug":"biarritz-algamaris-lait-solaire-spf30-certifie-bio","status":"publish","type":"product","link":"https:\/\/paracherkaoui.ma\/index.php\/produit\/biarritz-algamaris-lait-solaire-spf30-certifie-bio\/","title":{"rendered":"BIARRITZ ALGAMARIS LAIT SOLAIRE SPF30 CERTIFIE BIO"},"content":{"rendered":"<p>Description:<br \/>\nLe lait solaire assure une haute protection naturelle gr\u00e2ce \u00e0 ses \u00e9crans min\u00e9raux anti-UVA\/UVB et \u00e0 son extrait brevet\u00e9 d\u2019algue rouge, Alga-Gorria, puissant antioxydant qui neutralise les radicaux libres pour pr\u00e9venir les dommages cellulaires et le vieillissement cutan\u00e9 induits par le rayonnement solaire.Facile \u00e0 \u00e9taler gr\u00e2ce \u00e0 sa texture fluide, sans traces blanches et non gras, le lait solaire certifi\u00e9 Bio\u00a0SPF30 garde la peau prot\u00e9g\u00e9e et hydrat\u00e9e, tout au long de l&rsquo;exposition. Son indice SPF30 convient aux peaux claires et sensibles au soleil lors de toute activit\u00e9 ext\u00e9rieure ou aux peaux mates dans des situations d&rsquo;exposition plus extr\u00eames.<\/p>\n","protected":false},"excerpt":{"rendered":"<p>Description: Le lait solaire assure une haute protection naturelle gr\u00e2ce \u00e0 ses \u00e9crans min\u00e9raux anti-UVA\/UVB et \u00e0 son extrait brevet\u00e9<\/p>\n","protected":false},"featured_media":37885,"comment_status":"open","ping_status":"closed","template":"","meta":[],"product_brand":[295],"product_cat":[666],"product_tag":[],"class_list":{"0":"post-37849","1":"product","2":"type-product","3":"status-publish","4":"has-post-thumbnail","6":"product_brand-biarritz","7":"product_cat-cremes-solaires","9":"first","10":"instock","11":"shipping-taxable","12":"purchasable","13":"product-type-simple"},"yoast_head":"<!-- This site is optimized with the Yoast SEO plugin v26.6 - https:\/\/yoast.com\/wordpress\/plugins\/seo\/ -->\r\n<title>BIARRITZ ALGAMARIS LAIT SOLAIRE SPF30 CERTIFIE BIO - Paracherkaoui.ma<\/title>\r\n<meta name=\"robots\" content=\"index, follow, max-snippet:-1, max-image-preview:large, max-video-preview:-1\" \/>\r\n<link rel=\"canonical\" href=\"https:\/\/paracherkaoui.ma\/index.php\/produit\/biarritz-algamaris-lait-solaire-spf30-certifie-bio\/\" \/>\r\n<meta property=\"og:locale\" content=\"fr_FR\" \/>\r\n<meta property=\"og:type\" content=\"article\" \/>\r\n<meta property=\"og:title\" content=\"BIARRITZ ALGAMARIS LAIT SOLAIRE SPF30 CERTIFIE BIO - Paracherkaoui.ma\" \/>\r\n<meta property=\"og:description\" content=\"Description: Le lait solaire assure une haute protection naturelle gr\u00e2ce \u00e0 ses \u00e9crans min\u00e9raux anti-UVA\/UVB et \u00e0 son extrait brevet\u00e9\" \/>\r\n<meta property=\"og:url\" content=\"https:\/\/paracherkaoui.ma\/index.php\/produit\/biarritz-algamaris-lait-solaire-spf30-certifie-bio\/\" \/>\r\n<meta property=\"og:site_name\" content=\"Paracherkaoui.ma\" \/>\r\n<meta property=\"article:modified_time\" content=\"2025-12-12T17:59:04+00:00\" \/>\r\n<meta property=\"og:image\" content=\"https:\/\/paracherkaoui.ma\/wp-content\/uploads\/2025\/12\/biarritz-algamaris-lait-solaire-spf30-certifie-bio.jpg\" \/>\r\n\t<meta property=\"og:image:width\" content=\"700\" \/>\r\n\t<meta property=\"og:image:height\" content=\"700\" \/>\r\n\t<meta property=\"og:image:type\" content=\"image\/jpeg\" \/>\r\n<meta name=\"twitter:card\" content=\"summary_large_image\" \/>\r\n<meta name=\"twitter:label1\" content=\"Dur\u00e9e de lecture estim\u00e9e\" \/>\n\t<meta name=\"twitter:data1\" content=\"1 minute\" \/>\r\n<script type=\"application\/ld+json\" class=\"yoast-schema-graph\">{\"@context\":\"https:\/\/schema.org\",\"@graph\":[{\"@type\":\"WebPage\",\"@id\":\"https:\/\/paracherkaoui.ma\/index.php\/produit\/biarritz-algamaris-lait-solaire-spf30-certifie-bio\/\",\"url\":\"https:\/\/paracherkaoui.ma\/index.php\/produit\/biarritz-algamaris-lait-solaire-spf30-certifie-bio\/\",\"name\":\"BIARRITZ ALGAMARIS LAIT SOLAIRE SPF30 CERTIFIE BIO - Paracherkaoui.ma\",\"isPartOf\":{\"@id\":\"https:\/\/paracherkaoui.ma\/#website\"},\"primaryImageOfPage\":{\"@id\":\"https:\/\/paracherkaoui.ma\/index.php\/produit\/biarritz-algamaris-lait-solaire-spf30-certifie-bio\/#primaryimage\"},\"image\":{\"@id\":\"https:\/\/paracherkaoui.ma\/index.php\/produit\/biarritz-algamaris-lait-solaire-spf30-certifie-bio\/#primaryimage\"},\"thumbnailUrl\":\"https:\/\/paracherkaoui.ma\/wp-content\/uploads\/2025\/12\/biarritz-algamaris-lait-solaire-spf30-certifie-bio.jpg\",\"datePublished\":\"2025-12-12T17:59:01+00:00\",\"dateModified\":\"2025-12-12T17:59:04+00:00\",\"breadcrumb\":{\"@id\":\"https:\/\/paracherkaoui.ma\/index.php\/produit\/biarritz-algamaris-lait-solaire-spf30-certifie-bio\/#breadcrumb\"},\"inLanguage\":\"fr-FR\",\"potentialAction\":[{\"@type\":\"ReadAction\",\"target\":[\"https:\/\/paracherkaoui.ma\/index.php\/produit\/biarritz-algamaris-lait-solaire-spf30-certifie-bio\/\"]}]},{\"@type\":\"ImageObject\",\"inLanguage\":\"fr-FR\",\"@id\":\"https:\/\/paracherkaoui.ma\/index.php\/produit\/biarritz-algamaris-lait-solaire-spf30-certifie-bio\/#primaryimage\",\"url\":\"https:\/\/paracherkaoui.ma\/wp-content\/uploads\/2025\/12\/biarritz-algamaris-lait-solaire-spf30-certifie-bio.jpg\",\"contentUrl\":\"https:\/\/paracherkaoui.ma\/wp-content\/uploads\/2025\/12\/biarritz-algamaris-lait-solaire-spf30-certifie-bio.jpg\",\"width\":700,\"height\":700},{\"@type\":\"BreadcrumbList\",\"@id\":\"https:\/\/paracherkaoui.ma\/index.php\/produit\/biarritz-algamaris-lait-solaire-spf30-certifie-bio\/#breadcrumb\",\"itemListElement\":[{\"@type\":\"ListItem\",\"position\":1,\"name\":\"Accueil\",\"item\":\"https:\/\/paracherkaoui.ma\/\"},{\"@type\":\"ListItem\",\"position\":2,\"name\":\"Boutique\",\"item\":\"https:\/\/paracherkaoui.ma\/index.php\/boutique\/\"},{\"@type\":\"ListItem\",\"position\":3,\"name\":\"BIARRITZ ALGAMARIS LAIT SOLAIRE SPF30 CERTIFIE BIO\"}]},{\"@type\":\"WebSite\",\"@id\":\"https:\/\/paracherkaoui.ma\/#website\",\"url\":\"https:\/\/paracherkaoui.ma\/\",\"name\":\"Paracherkaoui.ma\",\"description\":\"Achetez en ligne sur Paracherkaoui.ma\",\"potentialAction\":[{\"@type\":\"SearchAction\",\"target\":{\"@type\":\"EntryPoint\",\"urlTemplate\":\"https:\/\/paracherkaoui.ma\/?s={search_term_string}\"},\"query-input\":{\"@type\":\"PropertyValueSpecification\",\"valueRequired\":true,\"valueName\":\"search_term_string\"}}],\"inLanguage\":\"fr-FR\"}]}<\/script>\r\n<!-- \/ Yoast SEO plugin. -->","yoast_head_json":{"title":"BIARRITZ ALGAMARIS LAIT SOLAIRE SPF30 CERTIFIE BIO - Paracherkaoui.ma","robots":{"index":"index","follow":"follow","max-snippet":"max-snippet:-1","max-image-preview":"max-image-preview:large","max-video-preview":"max-video-preview:-1"},"canonical":"https:\/\/paracherkaoui.ma\/index.php\/produit\/biarritz-algamaris-lait-solaire-spf30-certifie-bio\/","og_locale":"fr_FR","og_type":"article","og_title":"BIARRITZ ALGAMARIS LAIT SOLAIRE SPF30 CERTIFIE BIO - Paracherkaoui.ma","og_description":"Description: Le lait solaire assure une haute protection naturelle gr\u00e2ce \u00e0 ses \u00e9crans min\u00e9raux anti-UVA\/UVB et \u00e0 son extrait brevet\u00e9","og_url":"https:\/\/paracherkaoui.ma\/index.php\/produit\/biarritz-algamaris-lait-solaire-spf30-certifie-bio\/","og_site_name":"Paracherkaoui.ma","article_modified_time":"2025-12-12T17:59:04+00:00","og_image":[{"width":700,"height":700,"url":"https:\/\/paracherkaoui.ma\/wp-content\/uploads\/2025\/12\/biarritz-algamaris-lait-solaire-spf30-certifie-bio.jpg","type":"image\/jpeg"}],"twitter_card":"summary_large_image","twitter_misc":{"Dur\u00e9e de lecture estim\u00e9e":"1 minute"},"schema":{"@context":"https:\/\/schema.org","@graph":[{"@type":"WebPage","@id":"https:\/\/paracherkaoui.ma\/index.php\/produit\/biarritz-algamaris-lait-solaire-spf30-certifie-bio\/","url":"https:\/\/paracherkaoui.ma\/index.php\/produit\/biarritz-algamaris-lait-solaire-spf30-certifie-bio\/","name":"BIARRITZ ALGAMARIS LAIT SOLAIRE SPF30 CERTIFIE BIO - Paracherkaoui.ma","isPartOf":{"@id":"https:\/\/paracherkaoui.ma\/#website"},"primaryImageOfPage":{"@id":"https:\/\/paracherkaoui.ma\/index.php\/produit\/biarritz-algamaris-lait-solaire-spf30-certifie-bio\/#primaryimage"},"image":{"@id":"https:\/\/paracherkaoui.ma\/index.php\/produit\/biarritz-algamaris-lait-solaire-spf30-certifie-bio\/#primaryimage"},"thumbnailUrl":"https:\/\/paracherkaoui.ma\/wp-content\/uploads\/2025\/12\/biarritz-algamaris-lait-solaire-spf30-certifie-bio.jpg","datePublished":"2025-12-12T17:59:01+00:00","dateModified":"2025-12-12T17:59:04+00:00","breadcrumb":{"@id":"https:\/\/paracherkaoui.ma\/index.php\/produit\/biarritz-algamaris-lait-solaire-spf30-certifie-bio\/#breadcrumb"},"inLanguage":"fr-FR","potentialAction":[{"@type":"ReadAction","target":["https:\/\/paracherkaoui.ma\/index.php\/produit\/biarritz-algamaris-lait-solaire-spf30-certifie-bio\/"]}]},{"@type":"ImageObject","inLanguage":"fr-FR","@id":"https:\/\/paracherkaoui.ma\/index.php\/produit\/biarritz-algamaris-lait-solaire-spf30-certifie-bio\/#primaryimage","url":"https:\/\/paracherkaoui.ma\/wp-content\/uploads\/2025\/12\/biarritz-algamaris-lait-solaire-spf30-certifie-bio.jpg","contentUrl":"https:\/\/paracherkaoui.ma\/wp-content\/uploads\/2025\/12\/biarritz-algamaris-lait-solaire-spf30-certifie-bio.jpg","width":700,"height":700},{"@type":"BreadcrumbList","@id":"https:\/\/paracherkaoui.ma\/index.php\/produit\/biarritz-algamaris-lait-solaire-spf30-certifie-bio\/#breadcrumb","itemListElement":[{"@type":"ListItem","position":1,"name":"Accueil","item":"https:\/\/paracherkaoui.ma\/"},{"@type":"ListItem","position":2,"name":"Boutique","item":"https:\/\/paracherkaoui.ma\/index.php\/boutique\/"},{"@type":"ListItem","position":3,"name":"BIARRITZ ALGAMARIS LAIT SOLAIRE SPF30 CERTIFIE BIO"}]},{"@type":"WebSite","@id":"https:\/\/paracherkaoui.ma\/#website","url":"https:\/\/paracherkaoui.ma\/","name":"Paracherkaoui.ma","description":"Achetez en ligne sur Paracherkaoui.ma","potentialAction":[{"@type":"SearchAction","target":{"@type":"EntryPoint","urlTemplate":"https:\/\/paracherkaoui.ma\/?s={search_term_string}"},"query-input":{"@type":"PropertyValueSpecification","valueRequired":true,"valueName":"search_term_string"}}],"inLanguage":"fr-FR"}]}},"_links":{"self":[{"href":"https:\/\/paracherkaoui.ma\/index.php\/wp-json\/wp\/v2\/product\/37849","targetHints":{"allow":["GET"]}}],"collection":[{"href":"https:\/\/paracherkaoui.ma\/index.php\/wp-json\/wp\/v2\/product"}],"about":[{"href":"https:\/\/paracherkaoui.ma\/index.php\/wp-json\/wp\/v2\/types\/product"}],"replies":[{"embeddable":true,"href":"https:\/\/paracherkaoui.ma\/index.php\/wp-json\/wp\/v2\/comments?post=37849"}],"version-history":[{"count":1,"href":"https:\/\/paracherkaoui.ma\/index.php\/wp-json\/wp\/v2\/product\/37849\/revisions"}],"predecessor-version":[{"id":37886,"href":"https:\/\/paracherkaoui.ma\/index.php\/wp-json\/wp\/v2\/product\/37849\/revisions\/37886"}],"wp:featuredmedia":[{"embeddable":true,"href":"https:\/\/paracherkaoui.ma\/index.php\/wp-json\/wp\/v2\/media\/37885"}],"wp:attachment":[{"href":"https:\/\/paracherkaoui.ma\/index.php\/wp-json\/wp\/v2\/media?parent=37849"}],"wp:term":[{"taxonomy":"product_brand","embeddable":true,"href":"https:\/\/paracherkaoui.ma\/index.php\/wp-json\/wp\/v2\/product_brand?post=37849"},{"taxonomy":"product_cat","embeddable":true,"href":"https:\/\/paracherkaoui.ma\/index.php\/wp-json\/wp\/v2\/product_cat?post=37849"},{"taxonomy":"product_tag","embeddable":true,"href":"https:\/\/paracherkaoui.ma\/index.php\/wp-json\/wp\/v2\/product_tag?post=37849"}],"curies":[{"name":"wp","href":"https:\/\/api.w.org\/{rel}","templated":true}]}}