{"id":37791,"date":"2025-12-12T18:58:48","date_gmt":"2025-12-12T17:58:48","guid":{"rendered":"https:\/\/test.ecbeaute.com\/?post_type=product&#038;p=37791"},"modified":"2025-12-12T18:58:50","modified_gmt":"2025-12-12T17:58:50","slug":"bella-aurora-cc-cream-anti-taches-oil-control-spf50-30-ml","status":"publish","type":"product","link":"https:\/\/paracherkaoui.ma\/index.php\/produit\/bella-aurora-cc-cream-anti-taches-oil-control-spf50-30-ml\/","title":{"rendered":"BELLA AURORA CC CREAM ANTI TACHES OIL CONTROL SPF50+ 30 ML"},"content":{"rendered":"<p>La Bella Aurora CC Cream Anti-Taches Oil Control SPF50+ en format 30 ml est bien plus qu&rsquo;une simple cr\u00e8me teint\u00e9e. Con\u00e7ue pour les peaux mixtes, grasses et sujettes \u00e0 l\u2019acn\u00e9, cette cr\u00e8me r\u00e9volutionnaire combine soin et maquillage. Gr\u00e2ce \u00e0 sa formule enrichie en pigments Colour-adapt System, elle unifie le teint tout en att\u00e9nuant l\u2019apparence des imperfections. La CC Cream s\u2019adapte parfaitement \u00e0 toutes les carnations, offrant ainsi un fini naturel et lumineux.<br \/>\nDot\u00e9e de filtres solaires \u00e0 large spectre SPF50+, elle prot\u00e8ge efficacement la peau contre les rayons UVA, UVB, infrarouges et la lumi\u00e8re bleue (HEV), indispensables pour pr\u00e9venir les taches et les signes du vieillissement cutan\u00e9. Sa texture l\u00e9g\u00e8re et sans huile garantit une absorption rapide, laissant la peau fra\u00eeche, matifi\u00e9e et sans brillance tout au long de la journ\u00e9e.<br \/>\nEn plus de r\u00e9guler la production de s\u00e9bum, la CC Cream aide \u00e0 purifier la peau en profondeur, ce qui en fait l&rsquo;alli\u00e9e parfaite pour les peaux sensibles aux imperfections. Que vous soyez \u00e0 la recherche d&rsquo;une solution pour corriger vos taches ou simplement d\u2019un soin protecteur au quotidien, cette cr\u00e8me r\u00e9pond \u00e0 vos attentes.<br \/>\nConseils d\u2019utilisation :<br \/>\nPr\u00e9parez votre peau en la nettoyant et en appliquant une cr\u00e8me hydratante l\u00e9g\u00e8re avant utilisation.<br \/>\nAppliquez la CC Cream uniform\u00e9ment sur le visage avec les doigts ou un pinceau, en insistant sur les zones \u00e0 imperfections.<\/p>\n","protected":false},"excerpt":{"rendered":"<p>La Bella Aurora CC Cream Anti-Taches Oil Control SPF50+ en format 30 ml est bien plus qu&rsquo;une simple cr\u00e8me teint\u00e9e.<\/p>\n","protected":false},"featured_media":37818,"comment_status":"open","ping_status":"closed","template":"","meta":[],"product_brand":[359],"product_cat":[666],"product_tag":[],"class_list":{"0":"post-37791","1":"product","2":"type-product","3":"status-publish","4":"has-post-thumbnail","6":"product_brand-bella-aurora","7":"product_cat-cremes-solaires","9":"first","10":"instock","11":"sale","12":"shipping-taxable","13":"purchasable","14":"product-type-simple"},"yoast_head":"<!-- This site is optimized with the Yoast SEO plugin v26.6 - https:\/\/yoast.com\/wordpress\/plugins\/seo\/ -->\r\n<title>BELLA AURORA CC CREAM ANTI TACHES OIL CONTROL SPF50+ 30 ML - Paracherkaoui.ma<\/title>\r\n<meta name=\"robots\" content=\"index, follow, max-snippet:-1, max-image-preview:large, max-video-preview:-1\" \/>\r\n<link rel=\"canonical\" href=\"https:\/\/paracherkaoui.ma\/index.php\/produit\/bella-aurora-cc-cream-anti-taches-oil-control-spf50-30-ml\/\" \/>\r\n<meta property=\"og:locale\" content=\"fr_FR\" \/>\r\n<meta property=\"og:type\" content=\"article\" \/>\r\n<meta property=\"og:title\" content=\"BELLA AURORA CC CREAM ANTI TACHES OIL CONTROL SPF50+ 30 ML - Paracherkaoui.ma\" \/>\r\n<meta property=\"og:description\" content=\"La Bella Aurora CC Cream Anti-Taches Oil Control SPF50+ en format 30 ml est bien plus qu&rsquo;une simple cr\u00e8me teint\u00e9e.\" \/>\r\n<meta property=\"og:url\" content=\"https:\/\/paracherkaoui.ma\/index.php\/produit\/bella-aurora-cc-cream-anti-taches-oil-control-spf50-30-ml\/\" \/>\r\n<meta property=\"og:site_name\" content=\"Paracherkaoui.ma\" \/>\r\n<meta property=\"article:modified_time\" content=\"2025-12-12T17:58:50+00:00\" \/>\r\n<meta property=\"og:image\" content=\"https:\/\/paracherkaoui.ma\/wp-content\/uploads\/2025\/12\/bella-aurora-cc-cream-anti-taches-oil-control-spf50-30-ml.jpg\" \/>\r\n\t<meta property=\"og:image:width\" content=\"700\" \/>\r\n\t<meta property=\"og:image:height\" content=\"700\" \/>\r\n\t<meta property=\"og:image:type\" content=\"image\/jpeg\" \/>\r\n<meta name=\"twitter:card\" content=\"summary_large_image\" \/>\r\n<meta name=\"twitter:label1\" content=\"Dur\u00e9e de lecture estim\u00e9e\" \/>\n\t<meta name=\"twitter:data1\" content=\"1 minute\" \/>\r\n<script type=\"application\/ld+json\" class=\"yoast-schema-graph\">{\"@context\":\"https:\/\/schema.org\",\"@graph\":[{\"@type\":\"WebPage\",\"@id\":\"https:\/\/paracherkaoui.ma\/index.php\/produit\/bella-aurora-cc-cream-anti-taches-oil-control-spf50-30-ml\/\",\"url\":\"https:\/\/paracherkaoui.ma\/index.php\/produit\/bella-aurora-cc-cream-anti-taches-oil-control-spf50-30-ml\/\",\"name\":\"BELLA AURORA CC CREAM ANTI TACHES OIL CONTROL SPF50+ 30 ML - Paracherkaoui.ma\",\"isPartOf\":{\"@id\":\"https:\/\/paracherkaoui.ma\/#website\"},\"primaryImageOfPage\":{\"@id\":\"https:\/\/paracherkaoui.ma\/index.php\/produit\/bella-aurora-cc-cream-anti-taches-oil-control-spf50-30-ml\/#primaryimage\"},\"image\":{\"@id\":\"https:\/\/paracherkaoui.ma\/index.php\/produit\/bella-aurora-cc-cream-anti-taches-oil-control-spf50-30-ml\/#primaryimage\"},\"thumbnailUrl\":\"https:\/\/paracherkaoui.ma\/wp-content\/uploads\/2025\/12\/bella-aurora-cc-cream-anti-taches-oil-control-spf50-30-ml.jpg\",\"datePublished\":\"2025-12-12T17:58:48+00:00\",\"dateModified\":\"2025-12-12T17:58:50+00:00\",\"breadcrumb\":{\"@id\":\"https:\/\/paracherkaoui.ma\/index.php\/produit\/bella-aurora-cc-cream-anti-taches-oil-control-spf50-30-ml\/#breadcrumb\"},\"inLanguage\":\"fr-FR\",\"potentialAction\":[{\"@type\":\"ReadAction\",\"target\":[\"https:\/\/paracherkaoui.ma\/index.php\/produit\/bella-aurora-cc-cream-anti-taches-oil-control-spf50-30-ml\/\"]}]},{\"@type\":\"ImageObject\",\"inLanguage\":\"fr-FR\",\"@id\":\"https:\/\/paracherkaoui.ma\/index.php\/produit\/bella-aurora-cc-cream-anti-taches-oil-control-spf50-30-ml\/#primaryimage\",\"url\":\"https:\/\/paracherkaoui.ma\/wp-content\/uploads\/2025\/12\/bella-aurora-cc-cream-anti-taches-oil-control-spf50-30-ml.jpg\",\"contentUrl\":\"https:\/\/paracherkaoui.ma\/wp-content\/uploads\/2025\/12\/bella-aurora-cc-cream-anti-taches-oil-control-spf50-30-ml.jpg\",\"width\":700,\"height\":700},{\"@type\":\"BreadcrumbList\",\"@id\":\"https:\/\/paracherkaoui.ma\/index.php\/produit\/bella-aurora-cc-cream-anti-taches-oil-control-spf50-30-ml\/#breadcrumb\",\"itemListElement\":[{\"@type\":\"ListItem\",\"position\":1,\"name\":\"Accueil\",\"item\":\"https:\/\/paracherkaoui.ma\/\"},{\"@type\":\"ListItem\",\"position\":2,\"name\":\"Boutique\",\"item\":\"https:\/\/paracherkaoui.ma\/index.php\/boutique\/\"},{\"@type\":\"ListItem\",\"position\":3,\"name\":\"BELLA AURORA CC CREAM ANTI TACHES OIL CONTROL SPF50+ 30 ML\"}]},{\"@type\":\"WebSite\",\"@id\":\"https:\/\/paracherkaoui.ma\/#website\",\"url\":\"https:\/\/paracherkaoui.ma\/\",\"name\":\"Paracherkaoui.ma\",\"description\":\"Achetez en ligne sur Paracherkaoui.ma\",\"potentialAction\":[{\"@type\":\"SearchAction\",\"target\":{\"@type\":\"EntryPoint\",\"urlTemplate\":\"https:\/\/paracherkaoui.ma\/?s={search_term_string}\"},\"query-input\":{\"@type\":\"PropertyValueSpecification\",\"valueRequired\":true,\"valueName\":\"search_term_string\"}}],\"inLanguage\":\"fr-FR\"}]}<\/script>\r\n<!-- \/ Yoast SEO plugin. -->","yoast_head_json":{"title":"BELLA AURORA CC CREAM ANTI TACHES OIL CONTROL SPF50+ 30 ML - Paracherkaoui.ma","robots":{"index":"index","follow":"follow","max-snippet":"max-snippet:-1","max-image-preview":"max-image-preview:large","max-video-preview":"max-video-preview:-1"},"canonical":"https:\/\/paracherkaoui.ma\/index.php\/produit\/bella-aurora-cc-cream-anti-taches-oil-control-spf50-30-ml\/","og_locale":"fr_FR","og_type":"article","og_title":"BELLA AURORA CC CREAM ANTI TACHES OIL CONTROL SPF50+ 30 ML - Paracherkaoui.ma","og_description":"La Bella Aurora CC Cream Anti-Taches Oil Control SPF50+ en format 30 ml est bien plus qu&rsquo;une simple cr\u00e8me teint\u00e9e.","og_url":"https:\/\/paracherkaoui.ma\/index.php\/produit\/bella-aurora-cc-cream-anti-taches-oil-control-spf50-30-ml\/","og_site_name":"Paracherkaoui.ma","article_modified_time":"2025-12-12T17:58:50+00:00","og_image":[{"width":700,"height":700,"url":"https:\/\/paracherkaoui.ma\/wp-content\/uploads\/2025\/12\/bella-aurora-cc-cream-anti-taches-oil-control-spf50-30-ml.jpg","type":"image\/jpeg"}],"twitter_card":"summary_large_image","twitter_misc":{"Dur\u00e9e de lecture estim\u00e9e":"1 minute"},"schema":{"@context":"https:\/\/schema.org","@graph":[{"@type":"WebPage","@id":"https:\/\/paracherkaoui.ma\/index.php\/produit\/bella-aurora-cc-cream-anti-taches-oil-control-spf50-30-ml\/","url":"https:\/\/paracherkaoui.ma\/index.php\/produit\/bella-aurora-cc-cream-anti-taches-oil-control-spf50-30-ml\/","name":"BELLA AURORA CC CREAM ANTI TACHES OIL CONTROL SPF50+ 30 ML - Paracherkaoui.ma","isPartOf":{"@id":"https:\/\/paracherkaoui.ma\/#website"},"primaryImageOfPage":{"@id":"https:\/\/paracherkaoui.ma\/index.php\/produit\/bella-aurora-cc-cream-anti-taches-oil-control-spf50-30-ml\/#primaryimage"},"image":{"@id":"https:\/\/paracherkaoui.ma\/index.php\/produit\/bella-aurora-cc-cream-anti-taches-oil-control-spf50-30-ml\/#primaryimage"},"thumbnailUrl":"https:\/\/paracherkaoui.ma\/wp-content\/uploads\/2025\/12\/bella-aurora-cc-cream-anti-taches-oil-control-spf50-30-ml.jpg","datePublished":"2025-12-12T17:58:48+00:00","dateModified":"2025-12-12T17:58:50+00:00","breadcrumb":{"@id":"https:\/\/paracherkaoui.ma\/index.php\/produit\/bella-aurora-cc-cream-anti-taches-oil-control-spf50-30-ml\/#breadcrumb"},"inLanguage":"fr-FR","potentialAction":[{"@type":"ReadAction","target":["https:\/\/paracherkaoui.ma\/index.php\/produit\/bella-aurora-cc-cream-anti-taches-oil-control-spf50-30-ml\/"]}]},{"@type":"ImageObject","inLanguage":"fr-FR","@id":"https:\/\/paracherkaoui.ma\/index.php\/produit\/bella-aurora-cc-cream-anti-taches-oil-control-spf50-30-ml\/#primaryimage","url":"https:\/\/paracherkaoui.ma\/wp-content\/uploads\/2025\/12\/bella-aurora-cc-cream-anti-taches-oil-control-spf50-30-ml.jpg","contentUrl":"https:\/\/paracherkaoui.ma\/wp-content\/uploads\/2025\/12\/bella-aurora-cc-cream-anti-taches-oil-control-spf50-30-ml.jpg","width":700,"height":700},{"@type":"BreadcrumbList","@id":"https:\/\/paracherkaoui.ma\/index.php\/produit\/bella-aurora-cc-cream-anti-taches-oil-control-spf50-30-ml\/#breadcrumb","itemListElement":[{"@type":"ListItem","position":1,"name":"Accueil","item":"https:\/\/paracherkaoui.ma\/"},{"@type":"ListItem","position":2,"name":"Boutique","item":"https:\/\/paracherkaoui.ma\/index.php\/boutique\/"},{"@type":"ListItem","position":3,"name":"BELLA AURORA CC CREAM ANTI TACHES OIL CONTROL SPF50+ 30 ML"}]},{"@type":"WebSite","@id":"https:\/\/paracherkaoui.ma\/#website","url":"https:\/\/paracherkaoui.ma\/","name":"Paracherkaoui.ma","description":"Achetez en ligne sur Paracherkaoui.ma","potentialAction":[{"@type":"SearchAction","target":{"@type":"EntryPoint","urlTemplate":"https:\/\/paracherkaoui.ma\/?s={search_term_string}"},"query-input":{"@type":"PropertyValueSpecification","valueRequired":true,"valueName":"search_term_string"}}],"inLanguage":"fr-FR"}]}},"_links":{"self":[{"href":"https:\/\/paracherkaoui.ma\/index.php\/wp-json\/wp\/v2\/product\/37791","targetHints":{"allow":["GET"]}}],"collection":[{"href":"https:\/\/paracherkaoui.ma\/index.php\/wp-json\/wp\/v2\/product"}],"about":[{"href":"https:\/\/paracherkaoui.ma\/index.php\/wp-json\/wp\/v2\/types\/product"}],"replies":[{"embeddable":true,"href":"https:\/\/paracherkaoui.ma\/index.php\/wp-json\/wp\/v2\/comments?post=37791"}],"version-history":[{"count":1,"href":"https:\/\/paracherkaoui.ma\/index.php\/wp-json\/wp\/v2\/product\/37791\/revisions"}],"predecessor-version":[{"id":37819,"href":"https:\/\/paracherkaoui.ma\/index.php\/wp-json\/wp\/v2\/product\/37791\/revisions\/37819"}],"wp:featuredmedia":[{"embeddable":true,"href":"https:\/\/paracherkaoui.ma\/index.php\/wp-json\/wp\/v2\/media\/37818"}],"wp:attachment":[{"href":"https:\/\/paracherkaoui.ma\/index.php\/wp-json\/wp\/v2\/media?parent=37791"}],"wp:term":[{"taxonomy":"product_brand","embeddable":true,"href":"https:\/\/paracherkaoui.ma\/index.php\/wp-json\/wp\/v2\/product_brand?post=37791"},{"taxonomy":"product_cat","embeddable":true,"href":"https:\/\/paracherkaoui.ma\/index.php\/wp-json\/wp\/v2\/product_cat?post=37791"},{"taxonomy":"product_tag","embeddable":true,"href":"https:\/\/paracherkaoui.ma\/index.php\/wp-json\/wp\/v2\/product_tag?post=37791"}],"curies":[{"name":"wp","href":"https:\/\/api.w.org\/{rel}","templated":true}]}}