{"id":37629,"date":"2025-12-12T18:58:29","date_gmt":"2025-12-12T17:58:29","guid":{"rendered":"https:\/\/test.ecbeaute.com\/?post_type=product&#038;p=37629"},"modified":"2025-12-12T18:58:32","modified_gmt":"2025-12-12T17:58:32","slug":"curaskin-curasun-creme-solaire-invisible-spf50-50-ml","status":"publish","type":"product","link":"https:\/\/paracherkaoui.ma\/index.php\/produit\/curaskin-curasun-creme-solaire-invisible-spf50-50-ml\/","title":{"rendered":"CURASKIN CURASUN CREME SOLAIRE INVISIBLE SPF50+ 50 ML"},"content":{"rendered":"<p>Une surexposition non prot\u00e9g\u00e9e au soleil peut causer des dommages \u00e0 votre peau tels que des coups de soleil, des taches pigmentaires, des rides pr\u00e9matur\u00e9es, une s\u00e9cheresse cutan\u00e9e et m\u00eame un risque accru de cancer de la peau. C&rsquo;est pourquoi l&rsquo;utilisation quotidienne d&rsquo;une cr\u00e8me solaire avec un SPF 50+ est essentielle pour prot\u00e9ger votre peau des rayons UV nocifs du soleil. CuraSun SPF50+ vous aidera \u00e0 pr\u00e9venir les dommages caus\u00e9s par le soleil et \u00e0 maintenir une peau saine et jeune. Sa texture est l\u00e9g\u00e8re, facile \u00e0 appliquer, non grasse et ne laisse pas de r\u00e9sidus, ce qui vous permettra de profiter de votre journ\u00e9e en toute confiance et confort. N&rsquo;oubliez pas que la protection solaire est importante tout au long de l&rsquo;ann\u00e9e, m\u00eame par temps nuageux ou en hiver.<br \/>\nConseils d&rsquo;utilisation:<br \/>\nAppliquez la protection au moins 15 minutes avant toute exposition solaire. Pour une protection optimale, renouvelez l\u2019application toutes les 2h. \u00c9vitez l\u2019exposition au soleil entre 12h et 16h.<\/p>\n","protected":false},"excerpt":{"rendered":"<p>Une surexposition non prot\u00e9g\u00e9e au soleil peut causer des dommages \u00e0 votre peau tels que des coups de soleil, des<\/p>\n","protected":false},"featured_media":37662,"comment_status":"open","ping_status":"closed","template":"","meta":[],"product_brand":[363],"product_cat":[666],"product_tag":[],"class_list":{"0":"post-37629","1":"product","2":"type-product","3":"status-publish","4":"has-post-thumbnail","6":"product_brand-curaskin","7":"product_cat-cremes-solaires","9":"first","10":"instock","11":"sale","12":"shipping-taxable","13":"purchasable","14":"product-type-simple"},"yoast_head":"<!-- This site is optimized with the Yoast SEO plugin v26.6 - https:\/\/yoast.com\/wordpress\/plugins\/seo\/ -->\r\n<title>CURASKIN CURASUN CREME SOLAIRE INVISIBLE SPF50+ 50 ML - Paracherkaoui.ma<\/title>\r\n<meta name=\"robots\" content=\"index, follow, max-snippet:-1, max-image-preview:large, max-video-preview:-1\" \/>\r\n<link rel=\"canonical\" href=\"https:\/\/paracherkaoui.ma\/index.php\/produit\/curaskin-curasun-creme-solaire-invisible-spf50-50-ml\/\" \/>\r\n<meta property=\"og:locale\" content=\"fr_FR\" \/>\r\n<meta property=\"og:type\" content=\"article\" \/>\r\n<meta property=\"og:title\" content=\"CURASKIN CURASUN CREME SOLAIRE INVISIBLE SPF50+ 50 ML - Paracherkaoui.ma\" \/>\r\n<meta property=\"og:description\" content=\"Une surexposition non prot\u00e9g\u00e9e au soleil peut causer des dommages \u00e0 votre peau tels que des coups de soleil, des\" \/>\r\n<meta property=\"og:url\" content=\"https:\/\/paracherkaoui.ma\/index.php\/produit\/curaskin-curasun-creme-solaire-invisible-spf50-50-ml\/\" \/>\r\n<meta property=\"og:site_name\" content=\"Paracherkaoui.ma\" \/>\r\n<meta property=\"article:modified_time\" content=\"2025-12-12T17:58:32+00:00\" \/>\r\n<meta property=\"og:image\" content=\"https:\/\/paracherkaoui.ma\/wp-content\/uploads\/2025\/12\/curaskin-curaskin-curasun-creme-solaire-invisible-spf50-50-ml-cremes.jpg\" \/>\r\n\t<meta property=\"og:image:width\" content=\"700\" \/>\r\n\t<meta property=\"og:image:height\" content=\"700\" \/>\r\n\t<meta property=\"og:image:type\" content=\"image\/jpeg\" \/>\r\n<meta name=\"twitter:card\" content=\"summary_large_image\" \/>\r\n<meta name=\"twitter:label1\" content=\"Dur\u00e9e de lecture estim\u00e9e\" \/>\n\t<meta name=\"twitter:data1\" content=\"1 minute\" \/>\r\n<script type=\"application\/ld+json\" class=\"yoast-schema-graph\">{\"@context\":\"https:\/\/schema.org\",\"@graph\":[{\"@type\":\"WebPage\",\"@id\":\"https:\/\/paracherkaoui.ma\/index.php\/produit\/curaskin-curasun-creme-solaire-invisible-spf50-50-ml\/\",\"url\":\"https:\/\/paracherkaoui.ma\/index.php\/produit\/curaskin-curasun-creme-solaire-invisible-spf50-50-ml\/\",\"name\":\"CURASKIN CURASUN CREME SOLAIRE INVISIBLE SPF50+ 50 ML - Paracherkaoui.ma\",\"isPartOf\":{\"@id\":\"https:\/\/paracherkaoui.ma\/#website\"},\"primaryImageOfPage\":{\"@id\":\"https:\/\/paracherkaoui.ma\/index.php\/produit\/curaskin-curasun-creme-solaire-invisible-spf50-50-ml\/#primaryimage\"},\"image\":{\"@id\":\"https:\/\/paracherkaoui.ma\/index.php\/produit\/curaskin-curasun-creme-solaire-invisible-spf50-50-ml\/#primaryimage\"},\"thumbnailUrl\":\"https:\/\/paracherkaoui.ma\/wp-content\/uploads\/2025\/12\/curaskin-curaskin-curasun-creme-solaire-invisible-spf50-50-ml-cremes.jpg\",\"datePublished\":\"2025-12-12T17:58:29+00:00\",\"dateModified\":\"2025-12-12T17:58:32+00:00\",\"breadcrumb\":{\"@id\":\"https:\/\/paracherkaoui.ma\/index.php\/produit\/curaskin-curasun-creme-solaire-invisible-spf50-50-ml\/#breadcrumb\"},\"inLanguage\":\"fr-FR\",\"potentialAction\":[{\"@type\":\"ReadAction\",\"target\":[\"https:\/\/paracherkaoui.ma\/index.php\/produit\/curaskin-curasun-creme-solaire-invisible-spf50-50-ml\/\"]}]},{\"@type\":\"ImageObject\",\"inLanguage\":\"fr-FR\",\"@id\":\"https:\/\/paracherkaoui.ma\/index.php\/produit\/curaskin-curasun-creme-solaire-invisible-spf50-50-ml\/#primaryimage\",\"url\":\"https:\/\/paracherkaoui.ma\/wp-content\/uploads\/2025\/12\/curaskin-curaskin-curasun-creme-solaire-invisible-spf50-50-ml-cremes.jpg\",\"contentUrl\":\"https:\/\/paracherkaoui.ma\/wp-content\/uploads\/2025\/12\/curaskin-curaskin-curasun-creme-solaire-invisible-spf50-50-ml-cremes.jpg\",\"width\":700,\"height\":700},{\"@type\":\"BreadcrumbList\",\"@id\":\"https:\/\/paracherkaoui.ma\/index.php\/produit\/curaskin-curasun-creme-solaire-invisible-spf50-50-ml\/#breadcrumb\",\"itemListElement\":[{\"@type\":\"ListItem\",\"position\":1,\"name\":\"Accueil\",\"item\":\"https:\/\/paracherkaoui.ma\/\"},{\"@type\":\"ListItem\",\"position\":2,\"name\":\"Boutique\",\"item\":\"https:\/\/paracherkaoui.ma\/index.php\/boutique\/\"},{\"@type\":\"ListItem\",\"position\":3,\"name\":\"CURASKIN CURASUN CREME SOLAIRE INVISIBLE SPF50+ 50 ML\"}]},{\"@type\":\"WebSite\",\"@id\":\"https:\/\/paracherkaoui.ma\/#website\",\"url\":\"https:\/\/paracherkaoui.ma\/\",\"name\":\"Paracherkaoui.ma\",\"description\":\"Achetez en ligne sur Paracherkaoui.ma\",\"potentialAction\":[{\"@type\":\"SearchAction\",\"target\":{\"@type\":\"EntryPoint\",\"urlTemplate\":\"https:\/\/paracherkaoui.ma\/?s={search_term_string}\"},\"query-input\":{\"@type\":\"PropertyValueSpecification\",\"valueRequired\":true,\"valueName\":\"search_term_string\"}}],\"inLanguage\":\"fr-FR\"}]}<\/script>\r\n<!-- \/ Yoast SEO plugin. -->","yoast_head_json":{"title":"CURASKIN CURASUN CREME SOLAIRE INVISIBLE SPF50+ 50 ML - Paracherkaoui.ma","robots":{"index":"index","follow":"follow","max-snippet":"max-snippet:-1","max-image-preview":"max-image-preview:large","max-video-preview":"max-video-preview:-1"},"canonical":"https:\/\/paracherkaoui.ma\/index.php\/produit\/curaskin-curasun-creme-solaire-invisible-spf50-50-ml\/","og_locale":"fr_FR","og_type":"article","og_title":"CURASKIN CURASUN CREME SOLAIRE INVISIBLE SPF50+ 50 ML - Paracherkaoui.ma","og_description":"Une surexposition non prot\u00e9g\u00e9e au soleil peut causer des dommages \u00e0 votre peau tels que des coups de soleil, des","og_url":"https:\/\/paracherkaoui.ma\/index.php\/produit\/curaskin-curasun-creme-solaire-invisible-spf50-50-ml\/","og_site_name":"Paracherkaoui.ma","article_modified_time":"2025-12-12T17:58:32+00:00","og_image":[{"width":700,"height":700,"url":"https:\/\/paracherkaoui.ma\/wp-content\/uploads\/2025\/12\/curaskin-curaskin-curasun-creme-solaire-invisible-spf50-50-ml-cremes.jpg","type":"image\/jpeg"}],"twitter_card":"summary_large_image","twitter_misc":{"Dur\u00e9e de lecture estim\u00e9e":"1 minute"},"schema":{"@context":"https:\/\/schema.org","@graph":[{"@type":"WebPage","@id":"https:\/\/paracherkaoui.ma\/index.php\/produit\/curaskin-curasun-creme-solaire-invisible-spf50-50-ml\/","url":"https:\/\/paracherkaoui.ma\/index.php\/produit\/curaskin-curasun-creme-solaire-invisible-spf50-50-ml\/","name":"CURASKIN CURASUN CREME SOLAIRE INVISIBLE SPF50+ 50 ML - Paracherkaoui.ma","isPartOf":{"@id":"https:\/\/paracherkaoui.ma\/#website"},"primaryImageOfPage":{"@id":"https:\/\/paracherkaoui.ma\/index.php\/produit\/curaskin-curasun-creme-solaire-invisible-spf50-50-ml\/#primaryimage"},"image":{"@id":"https:\/\/paracherkaoui.ma\/index.php\/produit\/curaskin-curasun-creme-solaire-invisible-spf50-50-ml\/#primaryimage"},"thumbnailUrl":"https:\/\/paracherkaoui.ma\/wp-content\/uploads\/2025\/12\/curaskin-curaskin-curasun-creme-solaire-invisible-spf50-50-ml-cremes.jpg","datePublished":"2025-12-12T17:58:29+00:00","dateModified":"2025-12-12T17:58:32+00:00","breadcrumb":{"@id":"https:\/\/paracherkaoui.ma\/index.php\/produit\/curaskin-curasun-creme-solaire-invisible-spf50-50-ml\/#breadcrumb"},"inLanguage":"fr-FR","potentialAction":[{"@type":"ReadAction","target":["https:\/\/paracherkaoui.ma\/index.php\/produit\/curaskin-curasun-creme-solaire-invisible-spf50-50-ml\/"]}]},{"@type":"ImageObject","inLanguage":"fr-FR","@id":"https:\/\/paracherkaoui.ma\/index.php\/produit\/curaskin-curasun-creme-solaire-invisible-spf50-50-ml\/#primaryimage","url":"https:\/\/paracherkaoui.ma\/wp-content\/uploads\/2025\/12\/curaskin-curaskin-curasun-creme-solaire-invisible-spf50-50-ml-cremes.jpg","contentUrl":"https:\/\/paracherkaoui.ma\/wp-content\/uploads\/2025\/12\/curaskin-curaskin-curasun-creme-solaire-invisible-spf50-50-ml-cremes.jpg","width":700,"height":700},{"@type":"BreadcrumbList","@id":"https:\/\/paracherkaoui.ma\/index.php\/produit\/curaskin-curasun-creme-solaire-invisible-spf50-50-ml\/#breadcrumb","itemListElement":[{"@type":"ListItem","position":1,"name":"Accueil","item":"https:\/\/paracherkaoui.ma\/"},{"@type":"ListItem","position":2,"name":"Boutique","item":"https:\/\/paracherkaoui.ma\/index.php\/boutique\/"},{"@type":"ListItem","position":3,"name":"CURASKIN CURASUN CREME SOLAIRE INVISIBLE SPF50+ 50 ML"}]},{"@type":"WebSite","@id":"https:\/\/paracherkaoui.ma\/#website","url":"https:\/\/paracherkaoui.ma\/","name":"Paracherkaoui.ma","description":"Achetez en ligne sur Paracherkaoui.ma","potentialAction":[{"@type":"SearchAction","target":{"@type":"EntryPoint","urlTemplate":"https:\/\/paracherkaoui.ma\/?s={search_term_string}"},"query-input":{"@type":"PropertyValueSpecification","valueRequired":true,"valueName":"search_term_string"}}],"inLanguage":"fr-FR"}]}},"_links":{"self":[{"href":"https:\/\/paracherkaoui.ma\/index.php\/wp-json\/wp\/v2\/product\/37629","targetHints":{"allow":["GET"]}}],"collection":[{"href":"https:\/\/paracherkaoui.ma\/index.php\/wp-json\/wp\/v2\/product"}],"about":[{"href":"https:\/\/paracherkaoui.ma\/index.php\/wp-json\/wp\/v2\/types\/product"}],"replies":[{"embeddable":true,"href":"https:\/\/paracherkaoui.ma\/index.php\/wp-json\/wp\/v2\/comments?post=37629"}],"version-history":[{"count":1,"href":"https:\/\/paracherkaoui.ma\/index.php\/wp-json\/wp\/v2\/product\/37629\/revisions"}],"predecessor-version":[{"id":37663,"href":"https:\/\/paracherkaoui.ma\/index.php\/wp-json\/wp\/v2\/product\/37629\/revisions\/37663"}],"wp:featuredmedia":[{"embeddable":true,"href":"https:\/\/paracherkaoui.ma\/index.php\/wp-json\/wp\/v2\/media\/37662"}],"wp:attachment":[{"href":"https:\/\/paracherkaoui.ma\/index.php\/wp-json\/wp\/v2\/media?parent=37629"}],"wp:term":[{"taxonomy":"product_brand","embeddable":true,"href":"https:\/\/paracherkaoui.ma\/index.php\/wp-json\/wp\/v2\/product_brand?post=37629"},{"taxonomy":"product_cat","embeddable":true,"href":"https:\/\/paracherkaoui.ma\/index.php\/wp-json\/wp\/v2\/product_cat?post=37629"},{"taxonomy":"product_tag","embeddable":true,"href":"https:\/\/paracherkaoui.ma\/index.php\/wp-json\/wp\/v2\/product_tag?post=37629"}],"curies":[{"name":"wp","href":"https:\/\/api.w.org\/{rel}","templated":true}]}}