{"id":37417,"date":"2025-12-12T18:58:09","date_gmt":"2025-12-12T17:58:09","guid":{"rendered":"https:\/\/test.ecbeaute.com\/?post_type=product&#038;p=37417"},"modified":"2025-12-12T18:58:13","modified_gmt":"2025-12-12T17:58:13","slug":"avene-ultra-fluid-perfecteur-spf-50-blue-light-50-ml-peau-sensible","status":"publish","type":"product","link":"https:\/\/paracherkaoui.ma\/index.php\/produit\/avene-ultra-fluid-perfecteur-spf-50-blue-light-50-ml-peau-sensible\/","title":{"rendered":"AVENE ULTRA FLUID PERFECTEUR SPF 50 BLUE LIGHT 50 ML PEAU SENSIBLE"},"content":{"rendered":"<p>AVENE ULTRA FLUID PERFECTEUR SPF 50 BLUE LIGHT : Sublimez votre peau tout en la prot\u00e9geant des agressions ext\u00e9rieures !<br \/>\nVous r\u00eavez d&rsquo;un teint parfait et d&rsquo;une peau prot\u00e9g\u00e9e des effets n\u00e9fastes du soleil et de la lumi\u00e8re bleue ? Ne cherchez plus ! AVENE ULTRA FLUID PERFECTEUR SPF 50 BLUE LIGHT est le soin solaire perfecteur qu&rsquo;il vous faut. Il offre une tr\u00e8s haute protection quotidienne contre les UVB, les UVA et la lumi\u00e8re bleue HEV, tout en sublimant votre teint et en affinant votre grain de peau.<br \/>\nUne tr\u00e8s haute protection pour une peau pr\u00e9serv\u00e9e du photovieillissement<br \/>\nCe soin solaire int\u00e8gre le TriasorB, un filtre solaire large spectre innovant qui prot\u00e8ge votre peau au-del\u00e0 des UVs, jusqu&rsquo;\u00e0 la lumi\u00e8re bleue. Il pr\u00e9vient ainsi l&rsquo;acc\u00e9l\u00e9ration du vieillissement cutan\u00e9, l&rsquo;apparition de taches pigmentaires et le vieillissement cutan\u00e9 pr\u00e9matur\u00e9.<br \/>\nUne texture ultra-fluide pour une sensation peau nue et un teint parfait<br \/>\nGr\u00e2ce \u00e0 sa technologie [waterlike], AVENE ULTRA FLUID PERFECTEUR SPF 50 BLUE LIGHT offre une texture aussi l\u00e9g\u00e8re que de l&rsquo;eau. Il p\u00e9n\u00e8tre instantan\u00e9ment dans la peau, laissant un fini imperceptible et une sensation peau nue. Sa teinte universelle s&rsquo;adapte \u00e0 la majorit\u00e9 des phototypes et unifie le teint de mani\u00e8re naturelle, constituant une excellente base de maquillage.<br \/>\nUn perfecteur de peau pour un teint uniforme et lumineux<br \/>\nCe soin perfecteur aide \u00e0 am\u00e9liorer l&rsquo;apparence de votre peau. Le grain de peau est affin\u00e9 et le teint est plus uniforme et sublim\u00e9. Vous retrouvez un teint lumineux et \u00e9clatant de sant\u00e9.<br \/>\nUne formule haute tol\u00e9rance pour les peaux sensibles<br \/>\nSp\u00e9cialement formul\u00e9e pour les peaux sensibles, cette protection solaire est sans parfum et r\u00e9sistante \u00e0 l&rsquo;eau. Elle respecte l&rsquo;\u00e9quilibre de votre peau et vous assure un confort optimal tout au long de la journ\u00e9e.<br \/>\nConseils d&rsquo;utilisation<br \/>\nAppliquez g\u00e9n\u00e9reusement le produit sur l&rsquo;ensemble du visage et du cou avant l&rsquo;exposition au soleil.<br \/>\nRenouvelez l&rsquo;application toutes les 2 heures, apr\u00e8s avoir transpir\u00e9, nag\u00e9 ou vous \u00eatre essuy\u00e9.<br \/>\n\u00c9vitez l&rsquo;exposition prolong\u00e9e au soleil, m\u00eame avec une protection solaire.<br \/>\nN&rsquo;exposez pas les b\u00e9b\u00e9s et les jeunes enfants directement au soleil.<br \/>\nComposition :<br \/>\nAVENE THERMAL SPRING WATER (AVENE AQUA). C12-15 ALKYL BENZOATE. DIETHYLAMINO HYDROXYBENZOYL HEXYL BENZOATE. WATER (AQUA). ETHYLHEXYL TRIAZONE. ORYZA SATIVA (RICE) STARCH (ORYZA SATIVA STARCH). PHENYLENE BIS-DIPHENYLTRIAZINE. BIS-ETHYLHEXYLOXYPHENOL METHOXYPHENYL TRIAZINE. POTASSIUM CETYL PHOSPHATE. LAURYL GLUCOSIDE. POLYGLYCERYL-2 DIPOLYHYDROXYSTEARATE. GLYCERIN. TAPIOCA STARCH. TRIMETHYLPENTANEDIOL\/ADIPIC ACID\/GLYCERIN CROSSPOLYMER. ALUMINA. BENZOIC ACID. CAPRYLIC\/CAPRIC TRIGLYCERIDE. CAPRYLYL GLYCOL. CITRIC ACID. ETHYLHEXYLGLYCERIN. GLYCERYL LAURATE. IRON OXIDES (CI 77492). IRON OXIDES (CI 77491). IRON OXIDES (CI 77499). ISONONYL ISONONANOATE. ISOPROPYL MYRISTATE. ISOPROPYL TITANIUM TRIISOSTEARATE. LENS ESCULENTA (LENTIL) SEED EXTRACT (LENS ESCULENTA SEED EXTRACT). PENTYLENE GLYCOL. POLYHYDROXYSTEARIC ACID. PPG-1-PEG-9 LAURYL GLYCOL ETHER. PROPYLENE CARBONATE. SODIUM BENZOATE. SODIUM PHYTATE. STEARALKONIUM HECTORITE. TITANIUM DIOXIDE (CI 77891). TOCOPHEROL. TOCOPHERYL GLUCOSIDE. XANTHAN GUM<\/p>\n","protected":false},"excerpt":{"rendered":"<p>AVENE ULTRA FLUID PERFECTEUR SPF 50 BLUE LIGHT : Sublimez votre peau tout en la prot\u00e9geant des agressions ext\u00e9rieures !<\/p>\n","protected":false},"featured_media":37453,"comment_status":"open","ping_status":"closed","template":"","meta":[],"product_brand":[136],"product_cat":[666],"product_tag":[],"class_list":{"0":"post-37417","1":"product","2":"type-product","3":"status-publish","4":"has-post-thumbnail","6":"product_brand-avene","7":"product_cat-cremes-solaires","9":"first","10":"instock","11":"sale","12":"shipping-taxable","13":"purchasable","14":"product-type-simple"},"yoast_head":"<!-- This site is optimized with the Yoast SEO plugin v26.6 - https:\/\/yoast.com\/wordpress\/plugins\/seo\/ -->\r\n<title>AVENE ULTRA FLUID PERFECTEUR SPF 50 BLUE LIGHT 50 ML PEAU SENSIBLE - Paracherkaoui.ma<\/title>\r\n<meta name=\"robots\" content=\"index, follow, max-snippet:-1, max-image-preview:large, max-video-preview:-1\" \/>\r\n<link rel=\"canonical\" href=\"https:\/\/paracherkaoui.ma\/index.php\/produit\/avene-ultra-fluid-perfecteur-spf-50-blue-light-50-ml-peau-sensible\/\" \/>\r\n<meta property=\"og:locale\" content=\"fr_FR\" \/>\r\n<meta property=\"og:type\" content=\"article\" \/>\r\n<meta property=\"og:title\" content=\"AVENE ULTRA FLUID PERFECTEUR SPF 50 BLUE LIGHT 50 ML PEAU SENSIBLE - Paracherkaoui.ma\" \/>\r\n<meta property=\"og:description\" content=\"AVENE ULTRA FLUID PERFECTEUR SPF 50 BLUE LIGHT : Sublimez votre peau tout en la prot\u00e9geant des agressions ext\u00e9rieures !\" \/>\r\n<meta property=\"og:url\" content=\"https:\/\/paracherkaoui.ma\/index.php\/produit\/avene-ultra-fluid-perfecteur-spf-50-blue-light-50-ml-peau-sensible\/\" \/>\r\n<meta property=\"og:site_name\" content=\"Paracherkaoui.ma\" \/>\r\n<meta property=\"article:modified_time\" content=\"2025-12-12T17:58:13+00:00\" \/>\r\n<meta property=\"og:image\" content=\"https:\/\/paracherkaoui.ma\/wp-content\/uploads\/2025\/12\/avene-ultra-fluid-perfecteur-spf-50-blue-light-50-ml-peau-sensible.jpg\" \/>\r\n\t<meta property=\"og:image:width\" content=\"700\" \/>\r\n\t<meta property=\"og:image:height\" content=\"700\" \/>\r\n\t<meta property=\"og:image:type\" content=\"image\/jpeg\" \/>\r\n<meta name=\"twitter:card\" content=\"summary_large_image\" \/>\r\n<meta name=\"twitter:label1\" content=\"Dur\u00e9e de lecture estim\u00e9e\" \/>\n\t<meta name=\"twitter:data1\" content=\"2 minutes\" \/>\r\n<script type=\"application\/ld+json\" class=\"yoast-schema-graph\">{\"@context\":\"https:\/\/schema.org\",\"@graph\":[{\"@type\":\"WebPage\",\"@id\":\"https:\/\/paracherkaoui.ma\/index.php\/produit\/avene-ultra-fluid-perfecteur-spf-50-blue-light-50-ml-peau-sensible\/\",\"url\":\"https:\/\/paracherkaoui.ma\/index.php\/produit\/avene-ultra-fluid-perfecteur-spf-50-blue-light-50-ml-peau-sensible\/\",\"name\":\"AVENE ULTRA FLUID PERFECTEUR SPF 50 BLUE LIGHT 50 ML PEAU SENSIBLE - Paracherkaoui.ma\",\"isPartOf\":{\"@id\":\"https:\/\/paracherkaoui.ma\/#website\"},\"primaryImageOfPage\":{\"@id\":\"https:\/\/paracherkaoui.ma\/index.php\/produit\/avene-ultra-fluid-perfecteur-spf-50-blue-light-50-ml-peau-sensible\/#primaryimage\"},\"image\":{\"@id\":\"https:\/\/paracherkaoui.ma\/index.php\/produit\/avene-ultra-fluid-perfecteur-spf-50-blue-light-50-ml-peau-sensible\/#primaryimage\"},\"thumbnailUrl\":\"https:\/\/paracherkaoui.ma\/wp-content\/uploads\/2025\/12\/avene-ultra-fluid-perfecteur-spf-50-blue-light-50-ml-peau-sensible.jpg\",\"datePublished\":\"2025-12-12T17:58:09+00:00\",\"dateModified\":\"2025-12-12T17:58:13+00:00\",\"breadcrumb\":{\"@id\":\"https:\/\/paracherkaoui.ma\/index.php\/produit\/avene-ultra-fluid-perfecteur-spf-50-blue-light-50-ml-peau-sensible\/#breadcrumb\"},\"inLanguage\":\"fr-FR\",\"potentialAction\":[{\"@type\":\"ReadAction\",\"target\":[\"https:\/\/paracherkaoui.ma\/index.php\/produit\/avene-ultra-fluid-perfecteur-spf-50-blue-light-50-ml-peau-sensible\/\"]}]},{\"@type\":\"ImageObject\",\"inLanguage\":\"fr-FR\",\"@id\":\"https:\/\/paracherkaoui.ma\/index.php\/produit\/avene-ultra-fluid-perfecteur-spf-50-blue-light-50-ml-peau-sensible\/#primaryimage\",\"url\":\"https:\/\/paracherkaoui.ma\/wp-content\/uploads\/2025\/12\/avene-ultra-fluid-perfecteur-spf-50-blue-light-50-ml-peau-sensible.jpg\",\"contentUrl\":\"https:\/\/paracherkaoui.ma\/wp-content\/uploads\/2025\/12\/avene-ultra-fluid-perfecteur-spf-50-blue-light-50-ml-peau-sensible.jpg\",\"width\":700,\"height\":700},{\"@type\":\"BreadcrumbList\",\"@id\":\"https:\/\/paracherkaoui.ma\/index.php\/produit\/avene-ultra-fluid-perfecteur-spf-50-blue-light-50-ml-peau-sensible\/#breadcrumb\",\"itemListElement\":[{\"@type\":\"ListItem\",\"position\":1,\"name\":\"Accueil\",\"item\":\"https:\/\/paracherkaoui.ma\/\"},{\"@type\":\"ListItem\",\"position\":2,\"name\":\"Boutique\",\"item\":\"https:\/\/paracherkaoui.ma\/index.php\/boutique\/\"},{\"@type\":\"ListItem\",\"position\":3,\"name\":\"AVENE ULTRA FLUID PERFECTEUR SPF 50 BLUE LIGHT 50 ML PEAU SENSIBLE\"}]},{\"@type\":\"WebSite\",\"@id\":\"https:\/\/paracherkaoui.ma\/#website\",\"url\":\"https:\/\/paracherkaoui.ma\/\",\"name\":\"Paracherkaoui.ma\",\"description\":\"Achetez en ligne sur Paracherkaoui.ma\",\"potentialAction\":[{\"@type\":\"SearchAction\",\"target\":{\"@type\":\"EntryPoint\",\"urlTemplate\":\"https:\/\/paracherkaoui.ma\/?s={search_term_string}\"},\"query-input\":{\"@type\":\"PropertyValueSpecification\",\"valueRequired\":true,\"valueName\":\"search_term_string\"}}],\"inLanguage\":\"fr-FR\"}]}<\/script>\r\n<!-- \/ Yoast SEO plugin. -->","yoast_head_json":{"title":"AVENE ULTRA FLUID PERFECTEUR SPF 50 BLUE LIGHT 50 ML PEAU SENSIBLE - Paracherkaoui.ma","robots":{"index":"index","follow":"follow","max-snippet":"max-snippet:-1","max-image-preview":"max-image-preview:large","max-video-preview":"max-video-preview:-1"},"canonical":"https:\/\/paracherkaoui.ma\/index.php\/produit\/avene-ultra-fluid-perfecteur-spf-50-blue-light-50-ml-peau-sensible\/","og_locale":"fr_FR","og_type":"article","og_title":"AVENE ULTRA FLUID PERFECTEUR SPF 50 BLUE LIGHT 50 ML PEAU SENSIBLE - Paracherkaoui.ma","og_description":"AVENE ULTRA FLUID PERFECTEUR SPF 50 BLUE LIGHT : Sublimez votre peau tout en la prot\u00e9geant des agressions ext\u00e9rieures !","og_url":"https:\/\/paracherkaoui.ma\/index.php\/produit\/avene-ultra-fluid-perfecteur-spf-50-blue-light-50-ml-peau-sensible\/","og_site_name":"Paracherkaoui.ma","article_modified_time":"2025-12-12T17:58:13+00:00","og_image":[{"width":700,"height":700,"url":"https:\/\/paracherkaoui.ma\/wp-content\/uploads\/2025\/12\/avene-ultra-fluid-perfecteur-spf-50-blue-light-50-ml-peau-sensible.jpg","type":"image\/jpeg"}],"twitter_card":"summary_large_image","twitter_misc":{"Dur\u00e9e de lecture estim\u00e9e":"2 minutes"},"schema":{"@context":"https:\/\/schema.org","@graph":[{"@type":"WebPage","@id":"https:\/\/paracherkaoui.ma\/index.php\/produit\/avene-ultra-fluid-perfecteur-spf-50-blue-light-50-ml-peau-sensible\/","url":"https:\/\/paracherkaoui.ma\/index.php\/produit\/avene-ultra-fluid-perfecteur-spf-50-blue-light-50-ml-peau-sensible\/","name":"AVENE ULTRA FLUID PERFECTEUR SPF 50 BLUE LIGHT 50 ML PEAU SENSIBLE - Paracherkaoui.ma","isPartOf":{"@id":"https:\/\/paracherkaoui.ma\/#website"},"primaryImageOfPage":{"@id":"https:\/\/paracherkaoui.ma\/index.php\/produit\/avene-ultra-fluid-perfecteur-spf-50-blue-light-50-ml-peau-sensible\/#primaryimage"},"image":{"@id":"https:\/\/paracherkaoui.ma\/index.php\/produit\/avene-ultra-fluid-perfecteur-spf-50-blue-light-50-ml-peau-sensible\/#primaryimage"},"thumbnailUrl":"https:\/\/paracherkaoui.ma\/wp-content\/uploads\/2025\/12\/avene-ultra-fluid-perfecteur-spf-50-blue-light-50-ml-peau-sensible.jpg","datePublished":"2025-12-12T17:58:09+00:00","dateModified":"2025-12-12T17:58:13+00:00","breadcrumb":{"@id":"https:\/\/paracherkaoui.ma\/index.php\/produit\/avene-ultra-fluid-perfecteur-spf-50-blue-light-50-ml-peau-sensible\/#breadcrumb"},"inLanguage":"fr-FR","potentialAction":[{"@type":"ReadAction","target":["https:\/\/paracherkaoui.ma\/index.php\/produit\/avene-ultra-fluid-perfecteur-spf-50-blue-light-50-ml-peau-sensible\/"]}]},{"@type":"ImageObject","inLanguage":"fr-FR","@id":"https:\/\/paracherkaoui.ma\/index.php\/produit\/avene-ultra-fluid-perfecteur-spf-50-blue-light-50-ml-peau-sensible\/#primaryimage","url":"https:\/\/paracherkaoui.ma\/wp-content\/uploads\/2025\/12\/avene-ultra-fluid-perfecteur-spf-50-blue-light-50-ml-peau-sensible.jpg","contentUrl":"https:\/\/paracherkaoui.ma\/wp-content\/uploads\/2025\/12\/avene-ultra-fluid-perfecteur-spf-50-blue-light-50-ml-peau-sensible.jpg","width":700,"height":700},{"@type":"BreadcrumbList","@id":"https:\/\/paracherkaoui.ma\/index.php\/produit\/avene-ultra-fluid-perfecteur-spf-50-blue-light-50-ml-peau-sensible\/#breadcrumb","itemListElement":[{"@type":"ListItem","position":1,"name":"Accueil","item":"https:\/\/paracherkaoui.ma\/"},{"@type":"ListItem","position":2,"name":"Boutique","item":"https:\/\/paracherkaoui.ma\/index.php\/boutique\/"},{"@type":"ListItem","position":3,"name":"AVENE ULTRA FLUID PERFECTEUR SPF 50 BLUE LIGHT 50 ML PEAU SENSIBLE"}]},{"@type":"WebSite","@id":"https:\/\/paracherkaoui.ma\/#website","url":"https:\/\/paracherkaoui.ma\/","name":"Paracherkaoui.ma","description":"Achetez en ligne sur Paracherkaoui.ma","potentialAction":[{"@type":"SearchAction","target":{"@type":"EntryPoint","urlTemplate":"https:\/\/paracherkaoui.ma\/?s={search_term_string}"},"query-input":{"@type":"PropertyValueSpecification","valueRequired":true,"valueName":"search_term_string"}}],"inLanguage":"fr-FR"}]}},"_links":{"self":[{"href":"https:\/\/paracherkaoui.ma\/index.php\/wp-json\/wp\/v2\/product\/37417","targetHints":{"allow":["GET"]}}],"collection":[{"href":"https:\/\/paracherkaoui.ma\/index.php\/wp-json\/wp\/v2\/product"}],"about":[{"href":"https:\/\/paracherkaoui.ma\/index.php\/wp-json\/wp\/v2\/types\/product"}],"replies":[{"embeddable":true,"href":"https:\/\/paracherkaoui.ma\/index.php\/wp-json\/wp\/v2\/comments?post=37417"}],"version-history":[{"count":1,"href":"https:\/\/paracherkaoui.ma\/index.php\/wp-json\/wp\/v2\/product\/37417\/revisions"}],"predecessor-version":[{"id":37454,"href":"https:\/\/paracherkaoui.ma\/index.php\/wp-json\/wp\/v2\/product\/37417\/revisions\/37454"}],"wp:featuredmedia":[{"embeddable":true,"href":"https:\/\/paracherkaoui.ma\/index.php\/wp-json\/wp\/v2\/media\/37453"}],"wp:attachment":[{"href":"https:\/\/paracherkaoui.ma\/index.php\/wp-json\/wp\/v2\/media?parent=37417"}],"wp:term":[{"taxonomy":"product_brand","embeddable":true,"href":"https:\/\/paracherkaoui.ma\/index.php\/wp-json\/wp\/v2\/product_brand?post=37417"},{"taxonomy":"product_cat","embeddable":true,"href":"https:\/\/paracherkaoui.ma\/index.php\/wp-json\/wp\/v2\/product_cat?post=37417"},{"taxonomy":"product_tag","embeddable":true,"href":"https:\/\/paracherkaoui.ma\/index.php\/wp-json\/wp\/v2\/product_tag?post=37417"}],"curies":[{"name":"wp","href":"https:\/\/api.w.org\/{rel}","templated":true}]}}