{"id":37088,"date":"2025-12-12T18:57:26","date_gmt":"2025-12-12T17:57:26","guid":{"rendered":"https:\/\/test.ecbeaute.com\/?post_type=product&#038;p=37088"},"modified":"2025-12-12T18:57:29","modified_gmt":"2025-12-12T17:57:29","slug":"roge-cavailles-creme-intime-apaisante-mycolea-50ml-2","status":"publish","type":"product","link":"https:\/\/paracherkaoui.ma\/index.php\/produit\/roge-cavailles-creme-intime-apaisante-mycolea-50ml-2\/","title":{"rendered":"ROGE CAVAILLES CREME INTIME APAISANTE MYCOLEA+ 50ML"},"content":{"rendered":"<p>Un soulagement imm\u00e9diat et jusqu\u2019\u00e0 24 heures des d\u00e9mangeaisons intimes !<br \/>\nD\u00e9velopp\u00e9e avec des gyn\u00e9cologues, la cr\u00e8me intime Mycolea+TM procure une action imm\u00e9diate et durable jusqu\u2019\u00e0 24 heures* pour soulager des d\u00e9mangeaisons intimes.<br \/>\nAvec son complexe exclusif (anti-fongique d\u2019origine naturelle et calendula encapsul\u00e9), cette cr\u00e8me aide \u00e0 calmer efficacement les muqueuses irrit\u00e9es et \u00e0 r\u00e9tablir le bien-\u00eatre intime.<br \/>\nEtude clinique, r\u00e9alis\u00e9e sur 22 femmes ayant les muqueuses irrit\u00e9es : *auto-\u00e9valuation, d\u00e9clarant un soulagement imm\u00e9diat et jusqu\u2019\u00e0 24 heures apr\u00e8s application, apr\u00e8s 7 jours d\u2019utilisation. **R\u00e9sultats gyn\u00e9cologiques.<br \/>\nCONSEILS D&rsquo;UTILISATION :<br \/>\nElle s\u2019applique pendant une semaine, apr\u00e8s la toilette ou \u00e0 tout moment de la journ\u00e9e, sur peau s\u00e8che. Massez jusqu\u2019\u00e0 absorption compl\u00e8te. Elle n\u2019est pas compatible avec l\u2019emploi de pr\u00e9servatifs. Elle ne doit pas \u00eatre appliqu\u00e9e sur une peau l\u00e9s\u00e9e. En cas de rougeurs persistantes, consultez un m\u00e9decin.<\/p>\n","protected":false},"excerpt":{"rendered":"<p>Un soulagement imm\u00e9diat et jusqu\u2019\u00e0 24 heures des d\u00e9mangeaisons intimes ! D\u00e9velopp\u00e9e avec des gyn\u00e9cologues, la cr\u00e8me intime Mycolea+TM procure<\/p>\n","protected":false},"featured_media":36509,"comment_status":"open","ping_status":"closed","template":"","meta":[],"product_brand":[411],"product_cat":[656],"product_tag":[],"class_list":{"0":"post-37088","1":"product","2":"type-product","3":"status-publish","4":"has-post-thumbnail","6":"product_brand-roge-cavailles","7":"product_cat-toilette-intime","9":"first","10":"instock","11":"sale","12":"shipping-taxable","13":"purchasable","14":"product-type-simple"},"yoast_head":"<!-- This site is optimized with the Yoast SEO plugin v26.6 - https:\/\/yoast.com\/wordpress\/plugins\/seo\/ -->\r\n<title>ROGE CAVAILLES CREME INTIME APAISANTE MYCOLEA+ 50ML - Paracherkaoui.ma<\/title>\r\n<meta name=\"robots\" content=\"index, follow, max-snippet:-1, max-image-preview:large, max-video-preview:-1\" \/>\r\n<link rel=\"canonical\" href=\"https:\/\/paracherkaoui.ma\/index.php\/produit\/roge-cavailles-creme-intime-apaisante-mycolea-50ml-2\/\" \/>\r\n<meta property=\"og:locale\" content=\"fr_FR\" \/>\r\n<meta property=\"og:type\" content=\"article\" \/>\r\n<meta property=\"og:title\" content=\"ROGE CAVAILLES CREME INTIME APAISANTE MYCOLEA+ 50ML - Paracherkaoui.ma\" \/>\r\n<meta property=\"og:description\" content=\"Un soulagement imm\u00e9diat et jusqu\u2019\u00e0 24 heures des d\u00e9mangeaisons intimes ! D\u00e9velopp\u00e9e avec des gyn\u00e9cologues, la cr\u00e8me intime Mycolea+TM procure\" \/>\r\n<meta property=\"og:url\" content=\"https:\/\/paracherkaoui.ma\/index.php\/produit\/roge-cavailles-creme-intime-apaisante-mycolea-50ml-2\/\" \/>\r\n<meta property=\"og:site_name\" content=\"Paracherkaoui.ma\" \/>\r\n<meta property=\"article:modified_time\" content=\"2025-12-12T17:57:29+00:00\" \/>\r\n<meta property=\"og:image\" content=\"https:\/\/paracherkaoui.ma\/wp-content\/uploads\/2025\/12\/roge-cavailles-creme-intime-apaisante-mycolea-50ml.jpg\" \/>\r\n\t<meta property=\"og:image:width\" content=\"700\" \/>\r\n\t<meta property=\"og:image:height\" content=\"700\" \/>\r\n\t<meta property=\"og:image:type\" content=\"image\/jpeg\" \/>\r\n<meta name=\"twitter:card\" content=\"summary_large_image\" \/>\r\n<meta name=\"twitter:label1\" content=\"Dur\u00e9e de lecture estim\u00e9e\" \/>\n\t<meta name=\"twitter:data1\" content=\"1 minute\" \/>\r\n<script type=\"application\/ld+json\" class=\"yoast-schema-graph\">{\"@context\":\"https:\/\/schema.org\",\"@graph\":[{\"@type\":\"WebPage\",\"@id\":\"https:\/\/paracherkaoui.ma\/index.php\/produit\/roge-cavailles-creme-intime-apaisante-mycolea-50ml-2\/\",\"url\":\"https:\/\/paracherkaoui.ma\/index.php\/produit\/roge-cavailles-creme-intime-apaisante-mycolea-50ml-2\/\",\"name\":\"ROGE CAVAILLES CREME INTIME APAISANTE MYCOLEA+ 50ML - Paracherkaoui.ma\",\"isPartOf\":{\"@id\":\"https:\/\/paracherkaoui.ma\/#website\"},\"primaryImageOfPage\":{\"@id\":\"https:\/\/paracherkaoui.ma\/index.php\/produit\/roge-cavailles-creme-intime-apaisante-mycolea-50ml-2\/#primaryimage\"},\"image\":{\"@id\":\"https:\/\/paracherkaoui.ma\/index.php\/produit\/roge-cavailles-creme-intime-apaisante-mycolea-50ml-2\/#primaryimage\"},\"thumbnailUrl\":\"https:\/\/paracherkaoui.ma\/wp-content\/uploads\/2025\/12\/roge-cavailles-creme-intime-apaisante-mycolea-50ml.jpg\",\"datePublished\":\"2025-12-12T17:57:26+00:00\",\"dateModified\":\"2025-12-12T17:57:29+00:00\",\"breadcrumb\":{\"@id\":\"https:\/\/paracherkaoui.ma\/index.php\/produit\/roge-cavailles-creme-intime-apaisante-mycolea-50ml-2\/#breadcrumb\"},\"inLanguage\":\"fr-FR\",\"potentialAction\":[{\"@type\":\"ReadAction\",\"target\":[\"https:\/\/paracherkaoui.ma\/index.php\/produit\/roge-cavailles-creme-intime-apaisante-mycolea-50ml-2\/\"]}]},{\"@type\":\"ImageObject\",\"inLanguage\":\"fr-FR\",\"@id\":\"https:\/\/paracherkaoui.ma\/index.php\/produit\/roge-cavailles-creme-intime-apaisante-mycolea-50ml-2\/#primaryimage\",\"url\":\"https:\/\/paracherkaoui.ma\/wp-content\/uploads\/2025\/12\/roge-cavailles-creme-intime-apaisante-mycolea-50ml.jpg\",\"contentUrl\":\"https:\/\/paracherkaoui.ma\/wp-content\/uploads\/2025\/12\/roge-cavailles-creme-intime-apaisante-mycolea-50ml.jpg\",\"width\":700,\"height\":700},{\"@type\":\"BreadcrumbList\",\"@id\":\"https:\/\/paracherkaoui.ma\/index.php\/produit\/roge-cavailles-creme-intime-apaisante-mycolea-50ml-2\/#breadcrumb\",\"itemListElement\":[{\"@type\":\"ListItem\",\"position\":1,\"name\":\"Accueil\",\"item\":\"https:\/\/paracherkaoui.ma\/\"},{\"@type\":\"ListItem\",\"position\":2,\"name\":\"Boutique\",\"item\":\"https:\/\/paracherkaoui.ma\/index.php\/boutique\/\"},{\"@type\":\"ListItem\",\"position\":3,\"name\":\"ROGE CAVAILLES CREME INTIME APAISANTE MYCOLEA+ 50ML\"}]},{\"@type\":\"WebSite\",\"@id\":\"https:\/\/paracherkaoui.ma\/#website\",\"url\":\"https:\/\/paracherkaoui.ma\/\",\"name\":\"Paracherkaoui.ma\",\"description\":\"Achetez en ligne sur Paracherkaoui.ma\",\"potentialAction\":[{\"@type\":\"SearchAction\",\"target\":{\"@type\":\"EntryPoint\",\"urlTemplate\":\"https:\/\/paracherkaoui.ma\/?s={search_term_string}\"},\"query-input\":{\"@type\":\"PropertyValueSpecification\",\"valueRequired\":true,\"valueName\":\"search_term_string\"}}],\"inLanguage\":\"fr-FR\"}]}<\/script>\r\n<!-- \/ Yoast SEO plugin. -->","yoast_head_json":{"title":"ROGE CAVAILLES CREME INTIME APAISANTE MYCOLEA+ 50ML - Paracherkaoui.ma","robots":{"index":"index","follow":"follow","max-snippet":"max-snippet:-1","max-image-preview":"max-image-preview:large","max-video-preview":"max-video-preview:-1"},"canonical":"https:\/\/paracherkaoui.ma\/index.php\/produit\/roge-cavailles-creme-intime-apaisante-mycolea-50ml-2\/","og_locale":"fr_FR","og_type":"article","og_title":"ROGE CAVAILLES CREME INTIME APAISANTE MYCOLEA+ 50ML - Paracherkaoui.ma","og_description":"Un soulagement imm\u00e9diat et jusqu\u2019\u00e0 24 heures des d\u00e9mangeaisons intimes ! D\u00e9velopp\u00e9e avec des gyn\u00e9cologues, la cr\u00e8me intime Mycolea+TM procure","og_url":"https:\/\/paracherkaoui.ma\/index.php\/produit\/roge-cavailles-creme-intime-apaisante-mycolea-50ml-2\/","og_site_name":"Paracherkaoui.ma","article_modified_time":"2025-12-12T17:57:29+00:00","og_image":[{"width":700,"height":700,"url":"https:\/\/paracherkaoui.ma\/wp-content\/uploads\/2025\/12\/roge-cavailles-creme-intime-apaisante-mycolea-50ml.jpg","type":"image\/jpeg"}],"twitter_card":"summary_large_image","twitter_misc":{"Dur\u00e9e de lecture estim\u00e9e":"1 minute"},"schema":{"@context":"https:\/\/schema.org","@graph":[{"@type":"WebPage","@id":"https:\/\/paracherkaoui.ma\/index.php\/produit\/roge-cavailles-creme-intime-apaisante-mycolea-50ml-2\/","url":"https:\/\/paracherkaoui.ma\/index.php\/produit\/roge-cavailles-creme-intime-apaisante-mycolea-50ml-2\/","name":"ROGE CAVAILLES CREME INTIME APAISANTE MYCOLEA+ 50ML - Paracherkaoui.ma","isPartOf":{"@id":"https:\/\/paracherkaoui.ma\/#website"},"primaryImageOfPage":{"@id":"https:\/\/paracherkaoui.ma\/index.php\/produit\/roge-cavailles-creme-intime-apaisante-mycolea-50ml-2\/#primaryimage"},"image":{"@id":"https:\/\/paracherkaoui.ma\/index.php\/produit\/roge-cavailles-creme-intime-apaisante-mycolea-50ml-2\/#primaryimage"},"thumbnailUrl":"https:\/\/paracherkaoui.ma\/wp-content\/uploads\/2025\/12\/roge-cavailles-creme-intime-apaisante-mycolea-50ml.jpg","datePublished":"2025-12-12T17:57:26+00:00","dateModified":"2025-12-12T17:57:29+00:00","breadcrumb":{"@id":"https:\/\/paracherkaoui.ma\/index.php\/produit\/roge-cavailles-creme-intime-apaisante-mycolea-50ml-2\/#breadcrumb"},"inLanguage":"fr-FR","potentialAction":[{"@type":"ReadAction","target":["https:\/\/paracherkaoui.ma\/index.php\/produit\/roge-cavailles-creme-intime-apaisante-mycolea-50ml-2\/"]}]},{"@type":"ImageObject","inLanguage":"fr-FR","@id":"https:\/\/paracherkaoui.ma\/index.php\/produit\/roge-cavailles-creme-intime-apaisante-mycolea-50ml-2\/#primaryimage","url":"https:\/\/paracherkaoui.ma\/wp-content\/uploads\/2025\/12\/roge-cavailles-creme-intime-apaisante-mycolea-50ml.jpg","contentUrl":"https:\/\/paracherkaoui.ma\/wp-content\/uploads\/2025\/12\/roge-cavailles-creme-intime-apaisante-mycolea-50ml.jpg","width":700,"height":700},{"@type":"BreadcrumbList","@id":"https:\/\/paracherkaoui.ma\/index.php\/produit\/roge-cavailles-creme-intime-apaisante-mycolea-50ml-2\/#breadcrumb","itemListElement":[{"@type":"ListItem","position":1,"name":"Accueil","item":"https:\/\/paracherkaoui.ma\/"},{"@type":"ListItem","position":2,"name":"Boutique","item":"https:\/\/paracherkaoui.ma\/index.php\/boutique\/"},{"@type":"ListItem","position":3,"name":"ROGE CAVAILLES CREME INTIME APAISANTE MYCOLEA+ 50ML"}]},{"@type":"WebSite","@id":"https:\/\/paracherkaoui.ma\/#website","url":"https:\/\/paracherkaoui.ma\/","name":"Paracherkaoui.ma","description":"Achetez en ligne sur Paracherkaoui.ma","potentialAction":[{"@type":"SearchAction","target":{"@type":"EntryPoint","urlTemplate":"https:\/\/paracherkaoui.ma\/?s={search_term_string}"},"query-input":{"@type":"PropertyValueSpecification","valueRequired":true,"valueName":"search_term_string"}}],"inLanguage":"fr-FR"}]}},"_links":{"self":[{"href":"https:\/\/paracherkaoui.ma\/index.php\/wp-json\/wp\/v2\/product\/37088","targetHints":{"allow":["GET"]}}],"collection":[{"href":"https:\/\/paracherkaoui.ma\/index.php\/wp-json\/wp\/v2\/product"}],"about":[{"href":"https:\/\/paracherkaoui.ma\/index.php\/wp-json\/wp\/v2\/types\/product"}],"replies":[{"embeddable":true,"href":"https:\/\/paracherkaoui.ma\/index.php\/wp-json\/wp\/v2\/comments?post=37088"}],"version-history":[{"count":1,"href":"https:\/\/paracherkaoui.ma\/index.php\/wp-json\/wp\/v2\/product\/37088\/revisions"}],"predecessor-version":[{"id":37120,"href":"https:\/\/paracherkaoui.ma\/index.php\/wp-json\/wp\/v2\/product\/37088\/revisions\/37120"}],"wp:featuredmedia":[{"embeddable":true,"href":"https:\/\/paracherkaoui.ma\/index.php\/wp-json\/wp\/v2\/media\/36509"}],"wp:attachment":[{"href":"https:\/\/paracherkaoui.ma\/index.php\/wp-json\/wp\/v2\/media?parent=37088"}],"wp:term":[{"taxonomy":"product_brand","embeddable":true,"href":"https:\/\/paracherkaoui.ma\/index.php\/wp-json\/wp\/v2\/product_brand?post=37088"},{"taxonomy":"product_cat","embeddable":true,"href":"https:\/\/paracherkaoui.ma\/index.php\/wp-json\/wp\/v2\/product_cat?post=37088"},{"taxonomy":"product_tag","embeddable":true,"href":"https:\/\/paracherkaoui.ma\/index.php\/wp-json\/wp\/v2\/product_tag?post=37088"}],"curies":[{"name":"wp","href":"https:\/\/api.w.org\/{rel}","templated":true}]}}