{"id":37078,"date":"2025-12-12T18:57:25","date_gmt":"2025-12-12T17:57:25","guid":{"rendered":"https:\/\/test.ecbeaute.com\/?post_type=product&#038;p=37078"},"modified":"2025-12-12T18:57:28","modified_gmt":"2025-12-12T17:57:28","slug":"dcp-depi-plus-intimate-lait-eclaircissant-200-ml-2","status":"publish","type":"product","link":"https:\/\/paracherkaoui.ma\/index.php\/produit\/dcp-depi-plus-intimate-lait-eclaircissant-200-ml-2\/","title":{"rendered":"DCP DEPI PLUS INTIMATE LAIT ECLAIRCISSANT 200 ML"},"content":{"rendered":"<p>DCP DEP-PLUS INTIME est un con\u00e7u pour \u00e9claircir la peau des zones intimes. Soigneusement formul\u00e9 avec des principes actifs de haute tol\u00e9rance pour les parties les plus sensibles du corps. DCP DEPHPLUS INTIME type d\u2019am\u00e9liore la d\u00e9pigmentation de la zone intime et r\u00e9duite la m\u00e9ta synth\u00e8se efficace de la m\u00e9lanine. Gr\u00e2ce \u00e0 sa formule riche il \u00e9claircit efficacement et assure un confort et une hydratation tout au long de la journ\u00e9e.Les zones concern\u00e9es : Entre jambes \u2013 aisselles<br \/>\nCONSEILS D&rsquo;UTILISATION :<br \/>\nAppliquez une fine couche de DCP DEP PLUS INTIME su la zone et convenablement nettoy\u00e9e et s\u00e9ch\u00e9e une \u00e0 deux fois par jour<\/p>\n","protected":false},"excerpt":{"rendered":"<p>DCP DEP-PLUS INTIME est un con\u00e7u pour \u00e9claircir la peau des zones intimes. Soigneusement formul\u00e9 avec des principes actifs de<\/p>\n","protected":false},"featured_media":36428,"comment_status":"open","ping_status":"closed","template":"","meta":[],"product_brand":[257],"product_cat":[656],"product_tag":[],"class_list":{"0":"post-37078","1":"product","2":"type-product","3":"status-publish","4":"has-post-thumbnail","6":"product_brand-dcpderm","7":"product_cat-toilette-intime","9":"first","10":"instock","11":"sale","12":"shipping-taxable","13":"purchasable","14":"product-type-simple"},"yoast_head":"<!-- This site is optimized with the Yoast SEO plugin v26.6 - https:\/\/yoast.com\/wordpress\/plugins\/seo\/ -->\r\n<title>DCP DEPI PLUS INTIMATE LAIT ECLAIRCISSANT 200 ML - Paracherkaoui.ma<\/title>\r\n<meta name=\"robots\" content=\"index, follow, max-snippet:-1, max-image-preview:large, max-video-preview:-1\" \/>\r\n<link rel=\"canonical\" href=\"https:\/\/paracherkaoui.ma\/index.php\/produit\/dcp-depi-plus-intimate-lait-eclaircissant-200-ml-2\/\" \/>\r\n<meta property=\"og:locale\" content=\"fr_FR\" \/>\r\n<meta property=\"og:type\" content=\"article\" \/>\r\n<meta property=\"og:title\" content=\"DCP DEPI PLUS INTIMATE LAIT ECLAIRCISSANT 200 ML - Paracherkaoui.ma\" \/>\r\n<meta property=\"og:description\" content=\"DCP DEP-PLUS INTIME est un con\u00e7u pour \u00e9claircir la peau des zones intimes. Soigneusement formul\u00e9 avec des principes actifs de\" \/>\r\n<meta property=\"og:url\" content=\"https:\/\/paracherkaoui.ma\/index.php\/produit\/dcp-depi-plus-intimate-lait-eclaircissant-200-ml-2\/\" \/>\r\n<meta property=\"og:site_name\" content=\"Paracherkaoui.ma\" \/>\r\n<meta property=\"article:modified_time\" content=\"2025-12-12T17:57:28+00:00\" \/>\r\n<meta property=\"og:image\" content=\"https:\/\/paracherkaoui.ma\/wp-content\/uploads\/2025\/12\/dcpderm-dcp-depi-plus-intimate-lait-eclaircissant-200-ml-protections-hygieniques-et-toilette-intime.jpg\" \/>\r\n\t<meta property=\"og:image:width\" content=\"700\" \/>\r\n\t<meta property=\"og:image:height\" content=\"700\" \/>\r\n\t<meta property=\"og:image:type\" content=\"image\/jpeg\" \/>\r\n<meta name=\"twitter:card\" content=\"summary_large_image\" \/>\r\n<meta name=\"twitter:label1\" content=\"Dur\u00e9e de lecture estim\u00e9e\" \/>\n\t<meta name=\"twitter:data1\" content=\"1 minute\" \/>\r\n<script type=\"application\/ld+json\" class=\"yoast-schema-graph\">{\"@context\":\"https:\/\/schema.org\",\"@graph\":[{\"@type\":\"WebPage\",\"@id\":\"https:\/\/paracherkaoui.ma\/index.php\/produit\/dcp-depi-plus-intimate-lait-eclaircissant-200-ml-2\/\",\"url\":\"https:\/\/paracherkaoui.ma\/index.php\/produit\/dcp-depi-plus-intimate-lait-eclaircissant-200-ml-2\/\",\"name\":\"DCP DEPI PLUS INTIMATE LAIT ECLAIRCISSANT 200 ML - Paracherkaoui.ma\",\"isPartOf\":{\"@id\":\"https:\/\/paracherkaoui.ma\/#website\"},\"primaryImageOfPage\":{\"@id\":\"https:\/\/paracherkaoui.ma\/index.php\/produit\/dcp-depi-plus-intimate-lait-eclaircissant-200-ml-2\/#primaryimage\"},\"image\":{\"@id\":\"https:\/\/paracherkaoui.ma\/index.php\/produit\/dcp-depi-plus-intimate-lait-eclaircissant-200-ml-2\/#primaryimage\"},\"thumbnailUrl\":\"https:\/\/paracherkaoui.ma\/wp-content\/uploads\/2025\/12\/dcpderm-dcp-depi-plus-intimate-lait-eclaircissant-200-ml-protections-hygieniques-et-toilette-intime.jpg\",\"datePublished\":\"2025-12-12T17:57:25+00:00\",\"dateModified\":\"2025-12-12T17:57:28+00:00\",\"breadcrumb\":{\"@id\":\"https:\/\/paracherkaoui.ma\/index.php\/produit\/dcp-depi-plus-intimate-lait-eclaircissant-200-ml-2\/#breadcrumb\"},\"inLanguage\":\"fr-FR\",\"potentialAction\":[{\"@type\":\"ReadAction\",\"target\":[\"https:\/\/paracherkaoui.ma\/index.php\/produit\/dcp-depi-plus-intimate-lait-eclaircissant-200-ml-2\/\"]}]},{\"@type\":\"ImageObject\",\"inLanguage\":\"fr-FR\",\"@id\":\"https:\/\/paracherkaoui.ma\/index.php\/produit\/dcp-depi-plus-intimate-lait-eclaircissant-200-ml-2\/#primaryimage\",\"url\":\"https:\/\/paracherkaoui.ma\/wp-content\/uploads\/2025\/12\/dcpderm-dcp-depi-plus-intimate-lait-eclaircissant-200-ml-protections-hygieniques-et-toilette-intime.jpg\",\"contentUrl\":\"https:\/\/paracherkaoui.ma\/wp-content\/uploads\/2025\/12\/dcpderm-dcp-depi-plus-intimate-lait-eclaircissant-200-ml-protections-hygieniques-et-toilette-intime.jpg\",\"width\":700,\"height\":700},{\"@type\":\"BreadcrumbList\",\"@id\":\"https:\/\/paracherkaoui.ma\/index.php\/produit\/dcp-depi-plus-intimate-lait-eclaircissant-200-ml-2\/#breadcrumb\",\"itemListElement\":[{\"@type\":\"ListItem\",\"position\":1,\"name\":\"Accueil\",\"item\":\"https:\/\/paracherkaoui.ma\/\"},{\"@type\":\"ListItem\",\"position\":2,\"name\":\"Boutique\",\"item\":\"https:\/\/paracherkaoui.ma\/index.php\/boutique\/\"},{\"@type\":\"ListItem\",\"position\":3,\"name\":\"DCP DEPI PLUS INTIMATE LAIT ECLAIRCISSANT 200 ML\"}]},{\"@type\":\"WebSite\",\"@id\":\"https:\/\/paracherkaoui.ma\/#website\",\"url\":\"https:\/\/paracherkaoui.ma\/\",\"name\":\"Paracherkaoui.ma\",\"description\":\"Achetez en ligne sur Paracherkaoui.ma\",\"potentialAction\":[{\"@type\":\"SearchAction\",\"target\":{\"@type\":\"EntryPoint\",\"urlTemplate\":\"https:\/\/paracherkaoui.ma\/?s={search_term_string}\"},\"query-input\":{\"@type\":\"PropertyValueSpecification\",\"valueRequired\":true,\"valueName\":\"search_term_string\"}}],\"inLanguage\":\"fr-FR\"}]}<\/script>\r\n<!-- \/ Yoast SEO plugin. -->","yoast_head_json":{"title":"DCP DEPI PLUS INTIMATE LAIT ECLAIRCISSANT 200 ML - Paracherkaoui.ma","robots":{"index":"index","follow":"follow","max-snippet":"max-snippet:-1","max-image-preview":"max-image-preview:large","max-video-preview":"max-video-preview:-1"},"canonical":"https:\/\/paracherkaoui.ma\/index.php\/produit\/dcp-depi-plus-intimate-lait-eclaircissant-200-ml-2\/","og_locale":"fr_FR","og_type":"article","og_title":"DCP DEPI PLUS INTIMATE LAIT ECLAIRCISSANT 200 ML - Paracherkaoui.ma","og_description":"DCP DEP-PLUS INTIME est un con\u00e7u pour \u00e9claircir la peau des zones intimes. Soigneusement formul\u00e9 avec des principes actifs de","og_url":"https:\/\/paracherkaoui.ma\/index.php\/produit\/dcp-depi-plus-intimate-lait-eclaircissant-200-ml-2\/","og_site_name":"Paracherkaoui.ma","article_modified_time":"2025-12-12T17:57:28+00:00","og_image":[{"width":700,"height":700,"url":"https:\/\/paracherkaoui.ma\/wp-content\/uploads\/2025\/12\/dcpderm-dcp-depi-plus-intimate-lait-eclaircissant-200-ml-protections-hygieniques-et-toilette-intime.jpg","type":"image\/jpeg"}],"twitter_card":"summary_large_image","twitter_misc":{"Dur\u00e9e de lecture estim\u00e9e":"1 minute"},"schema":{"@context":"https:\/\/schema.org","@graph":[{"@type":"WebPage","@id":"https:\/\/paracherkaoui.ma\/index.php\/produit\/dcp-depi-plus-intimate-lait-eclaircissant-200-ml-2\/","url":"https:\/\/paracherkaoui.ma\/index.php\/produit\/dcp-depi-plus-intimate-lait-eclaircissant-200-ml-2\/","name":"DCP DEPI PLUS INTIMATE LAIT ECLAIRCISSANT 200 ML - Paracherkaoui.ma","isPartOf":{"@id":"https:\/\/paracherkaoui.ma\/#website"},"primaryImageOfPage":{"@id":"https:\/\/paracherkaoui.ma\/index.php\/produit\/dcp-depi-plus-intimate-lait-eclaircissant-200-ml-2\/#primaryimage"},"image":{"@id":"https:\/\/paracherkaoui.ma\/index.php\/produit\/dcp-depi-plus-intimate-lait-eclaircissant-200-ml-2\/#primaryimage"},"thumbnailUrl":"https:\/\/paracherkaoui.ma\/wp-content\/uploads\/2025\/12\/dcpderm-dcp-depi-plus-intimate-lait-eclaircissant-200-ml-protections-hygieniques-et-toilette-intime.jpg","datePublished":"2025-12-12T17:57:25+00:00","dateModified":"2025-12-12T17:57:28+00:00","breadcrumb":{"@id":"https:\/\/paracherkaoui.ma\/index.php\/produit\/dcp-depi-plus-intimate-lait-eclaircissant-200-ml-2\/#breadcrumb"},"inLanguage":"fr-FR","potentialAction":[{"@type":"ReadAction","target":["https:\/\/paracherkaoui.ma\/index.php\/produit\/dcp-depi-plus-intimate-lait-eclaircissant-200-ml-2\/"]}]},{"@type":"ImageObject","inLanguage":"fr-FR","@id":"https:\/\/paracherkaoui.ma\/index.php\/produit\/dcp-depi-plus-intimate-lait-eclaircissant-200-ml-2\/#primaryimage","url":"https:\/\/paracherkaoui.ma\/wp-content\/uploads\/2025\/12\/dcpderm-dcp-depi-plus-intimate-lait-eclaircissant-200-ml-protections-hygieniques-et-toilette-intime.jpg","contentUrl":"https:\/\/paracherkaoui.ma\/wp-content\/uploads\/2025\/12\/dcpderm-dcp-depi-plus-intimate-lait-eclaircissant-200-ml-protections-hygieniques-et-toilette-intime.jpg","width":700,"height":700},{"@type":"BreadcrumbList","@id":"https:\/\/paracherkaoui.ma\/index.php\/produit\/dcp-depi-plus-intimate-lait-eclaircissant-200-ml-2\/#breadcrumb","itemListElement":[{"@type":"ListItem","position":1,"name":"Accueil","item":"https:\/\/paracherkaoui.ma\/"},{"@type":"ListItem","position":2,"name":"Boutique","item":"https:\/\/paracherkaoui.ma\/index.php\/boutique\/"},{"@type":"ListItem","position":3,"name":"DCP DEPI PLUS INTIMATE LAIT ECLAIRCISSANT 200 ML"}]},{"@type":"WebSite","@id":"https:\/\/paracherkaoui.ma\/#website","url":"https:\/\/paracherkaoui.ma\/","name":"Paracherkaoui.ma","description":"Achetez en ligne sur Paracherkaoui.ma","potentialAction":[{"@type":"SearchAction","target":{"@type":"EntryPoint","urlTemplate":"https:\/\/paracherkaoui.ma\/?s={search_term_string}"},"query-input":{"@type":"PropertyValueSpecification","valueRequired":true,"valueName":"search_term_string"}}],"inLanguage":"fr-FR"}]}},"_links":{"self":[{"href":"https:\/\/paracherkaoui.ma\/index.php\/wp-json\/wp\/v2\/product\/37078","targetHints":{"allow":["GET"]}}],"collection":[{"href":"https:\/\/paracherkaoui.ma\/index.php\/wp-json\/wp\/v2\/product"}],"about":[{"href":"https:\/\/paracherkaoui.ma\/index.php\/wp-json\/wp\/v2\/types\/product"}],"replies":[{"embeddable":true,"href":"https:\/\/paracherkaoui.ma\/index.php\/wp-json\/wp\/v2\/comments?post=37078"}],"version-history":[{"count":1,"href":"https:\/\/paracherkaoui.ma\/index.php\/wp-json\/wp\/v2\/product\/37078\/revisions"}],"predecessor-version":[{"id":37110,"href":"https:\/\/paracherkaoui.ma\/index.php\/wp-json\/wp\/v2\/product\/37078\/revisions\/37110"}],"wp:featuredmedia":[{"embeddable":true,"href":"https:\/\/paracherkaoui.ma\/index.php\/wp-json\/wp\/v2\/media\/36428"}],"wp:attachment":[{"href":"https:\/\/paracherkaoui.ma\/index.php\/wp-json\/wp\/v2\/media?parent=37078"}],"wp:term":[{"taxonomy":"product_brand","embeddable":true,"href":"https:\/\/paracherkaoui.ma\/index.php\/wp-json\/wp\/v2\/product_brand?post=37078"},{"taxonomy":"product_cat","embeddable":true,"href":"https:\/\/paracherkaoui.ma\/index.php\/wp-json\/wp\/v2\/product_cat?post=37078"},{"taxonomy":"product_tag","embeddable":true,"href":"https:\/\/paracherkaoui.ma\/index.php\/wp-json\/wp\/v2\/product_tag?post=37078"}],"curies":[{"name":"wp","href":"https:\/\/api.w.org\/{rel}","templated":true}]}}