{"id":36556,"date":"2025-12-12T18:56:18","date_gmt":"2025-12-12T17:56:18","guid":{"rendered":"https:\/\/test.ecbeaute.com\/?post_type=product&#038;p=36556"},"modified":"2025-12-12T18:56:24","modified_gmt":"2025-12-12T17:56:24","slug":"kaline-k-intime-hygiene-intime-250ml","status":"publish","type":"product","link":"https:\/\/paracherkaoui.ma\/index.php\/produit\/kaline-k-intime-hygiene-intime-250ml\/","title":{"rendered":"KALINE K INTIME HYGIENE INTIME 250ML"},"content":{"rendered":"<p>KALINE K-INTIM Hygi\u00e8ne intime 250ml\u00a0apaise et nettoie en douceur les muqueuses et peaux sensibles ou irrit\u00e9es, tout en respectant l\u2019\u00e9quilibre fragile de la flore intime, gr\u00e2ce \u00e0 son pH acide et sa formule riche en extrait de bardane et en calendula. Naturellement parfum\u00e9 \u00e0 l\u2019huile essentielle de lavande.<br \/>\nConseils d\u2019utilisation<br \/>\nUtiliser comme un savon liquide, faire mousser puis rincer \u00e0 l\u2019eau claire.<br \/>\nideal pour la toilette quotidienne, m\u00eame pendant la p\u00e9riode de usage externe uniquement.<br \/>\nK-INTIM Hygi\u00e8ne intime est aussi recommand\u00e9 en cas de d\u00e9sagr\u00e9ments intimes (irritations, sensations d\u2019inconfort\u2026)<\/p>\n","protected":false},"excerpt":{"rendered":"<p>KALINE K-INTIM Hygi\u00e8ne intime 250ml\u00a0apaise et nettoie en douceur les muqueuses et peaux sensibles ou irrit\u00e9es, tout en respectant l\u2019\u00e9quilibre<\/p>\n","protected":false},"featured_media":36609,"comment_status":"open","ping_status":"closed","template":"","meta":[],"product_brand":[431],"product_cat":[642],"product_tag":[],"class_list":{"0":"post-36556","1":"product","2":"type-product","3":"status-publish","4":"has-post-thumbnail","6":"product_brand-kaline","7":"product_cat-hygiene-intime","9":"first","10":"instock","11":"sale","12":"shipping-taxable","13":"purchasable","14":"product-type-simple"},"yoast_head":"<!-- This site is optimized with the Yoast SEO plugin v26.6 - https:\/\/yoast.com\/wordpress\/plugins\/seo\/ -->\r\n<title>KALINE K INTIME HYGIENE INTIME 250ML - Paracherkaoui.ma<\/title>\r\n<meta name=\"robots\" content=\"index, follow, max-snippet:-1, max-image-preview:large, max-video-preview:-1\" \/>\r\n<link rel=\"canonical\" href=\"https:\/\/paracherkaoui.ma\/index.php\/produit\/kaline-k-intime-hygiene-intime-250ml\/\" \/>\r\n<meta property=\"og:locale\" content=\"fr_FR\" \/>\r\n<meta property=\"og:type\" content=\"article\" \/>\r\n<meta property=\"og:title\" content=\"KALINE K INTIME HYGIENE INTIME 250ML - Paracherkaoui.ma\" \/>\r\n<meta property=\"og:description\" content=\"KALINE K-INTIM Hygi\u00e8ne intime 250ml\u00a0apaise et nettoie en douceur les muqueuses et peaux sensibles ou irrit\u00e9es, tout en respectant l\u2019\u00e9quilibre\" \/>\r\n<meta property=\"og:url\" content=\"https:\/\/paracherkaoui.ma\/index.php\/produit\/kaline-k-intime-hygiene-intime-250ml\/\" \/>\r\n<meta property=\"og:site_name\" content=\"Paracherkaoui.ma\" \/>\r\n<meta property=\"article:modified_time\" content=\"2025-12-12T17:56:24+00:00\" \/>\r\n<meta property=\"og:image\" content=\"https:\/\/paracherkaoui.ma\/wp-content\/uploads\/2025\/12\/kaline-kaline-k-intime-hygiene-intime-250ml-toilette-intime.jpg\" \/>\r\n\t<meta property=\"og:image:width\" content=\"700\" \/>\r\n\t<meta property=\"og:image:height\" content=\"700\" \/>\r\n\t<meta property=\"og:image:type\" content=\"image\/jpeg\" \/>\r\n<meta name=\"twitter:card\" content=\"summary_large_image\" \/>\r\n<meta name=\"twitter:label1\" content=\"Dur\u00e9e de lecture estim\u00e9e\" \/>\n\t<meta name=\"twitter:data1\" content=\"1 minute\" \/>\r\n<script type=\"application\/ld+json\" class=\"yoast-schema-graph\">{\"@context\":\"https:\/\/schema.org\",\"@graph\":[{\"@type\":\"WebPage\",\"@id\":\"https:\/\/paracherkaoui.ma\/index.php\/produit\/kaline-k-intime-hygiene-intime-250ml\/\",\"url\":\"https:\/\/paracherkaoui.ma\/index.php\/produit\/kaline-k-intime-hygiene-intime-250ml\/\",\"name\":\"KALINE K INTIME HYGIENE INTIME 250ML - Paracherkaoui.ma\",\"isPartOf\":{\"@id\":\"https:\/\/paracherkaoui.ma\/#website\"},\"primaryImageOfPage\":{\"@id\":\"https:\/\/paracherkaoui.ma\/index.php\/produit\/kaline-k-intime-hygiene-intime-250ml\/#primaryimage\"},\"image\":{\"@id\":\"https:\/\/paracherkaoui.ma\/index.php\/produit\/kaline-k-intime-hygiene-intime-250ml\/#primaryimage\"},\"thumbnailUrl\":\"https:\/\/paracherkaoui.ma\/wp-content\/uploads\/2025\/12\/kaline-kaline-k-intime-hygiene-intime-250ml-toilette-intime.jpg\",\"datePublished\":\"2025-12-12T17:56:18+00:00\",\"dateModified\":\"2025-12-12T17:56:24+00:00\",\"breadcrumb\":{\"@id\":\"https:\/\/paracherkaoui.ma\/index.php\/produit\/kaline-k-intime-hygiene-intime-250ml\/#breadcrumb\"},\"inLanguage\":\"fr-FR\",\"potentialAction\":[{\"@type\":\"ReadAction\",\"target\":[\"https:\/\/paracherkaoui.ma\/index.php\/produit\/kaline-k-intime-hygiene-intime-250ml\/\"]}]},{\"@type\":\"ImageObject\",\"inLanguage\":\"fr-FR\",\"@id\":\"https:\/\/paracherkaoui.ma\/index.php\/produit\/kaline-k-intime-hygiene-intime-250ml\/#primaryimage\",\"url\":\"https:\/\/paracherkaoui.ma\/wp-content\/uploads\/2025\/12\/kaline-kaline-k-intime-hygiene-intime-250ml-toilette-intime.jpg\",\"contentUrl\":\"https:\/\/paracherkaoui.ma\/wp-content\/uploads\/2025\/12\/kaline-kaline-k-intime-hygiene-intime-250ml-toilette-intime.jpg\",\"width\":700,\"height\":700},{\"@type\":\"BreadcrumbList\",\"@id\":\"https:\/\/paracherkaoui.ma\/index.php\/produit\/kaline-k-intime-hygiene-intime-250ml\/#breadcrumb\",\"itemListElement\":[{\"@type\":\"ListItem\",\"position\":1,\"name\":\"Accueil\",\"item\":\"https:\/\/paracherkaoui.ma\/\"},{\"@type\":\"ListItem\",\"position\":2,\"name\":\"Boutique\",\"item\":\"https:\/\/paracherkaoui.ma\/index.php\/boutique\/\"},{\"@type\":\"ListItem\",\"position\":3,\"name\":\"KALINE K INTIME HYGIENE INTIME 250ML\"}]},{\"@type\":\"WebSite\",\"@id\":\"https:\/\/paracherkaoui.ma\/#website\",\"url\":\"https:\/\/paracherkaoui.ma\/\",\"name\":\"Paracherkaoui.ma\",\"description\":\"Achetez en ligne sur Paracherkaoui.ma\",\"potentialAction\":[{\"@type\":\"SearchAction\",\"target\":{\"@type\":\"EntryPoint\",\"urlTemplate\":\"https:\/\/paracherkaoui.ma\/?s={search_term_string}\"},\"query-input\":{\"@type\":\"PropertyValueSpecification\",\"valueRequired\":true,\"valueName\":\"search_term_string\"}}],\"inLanguage\":\"fr-FR\"}]}<\/script>\r\n<!-- \/ Yoast SEO plugin. -->","yoast_head_json":{"title":"KALINE K INTIME HYGIENE INTIME 250ML - Paracherkaoui.ma","robots":{"index":"index","follow":"follow","max-snippet":"max-snippet:-1","max-image-preview":"max-image-preview:large","max-video-preview":"max-video-preview:-1"},"canonical":"https:\/\/paracherkaoui.ma\/index.php\/produit\/kaline-k-intime-hygiene-intime-250ml\/","og_locale":"fr_FR","og_type":"article","og_title":"KALINE K INTIME HYGIENE INTIME 250ML - Paracherkaoui.ma","og_description":"KALINE K-INTIM Hygi\u00e8ne intime 250ml\u00a0apaise et nettoie en douceur les muqueuses et peaux sensibles ou irrit\u00e9es, tout en respectant l\u2019\u00e9quilibre","og_url":"https:\/\/paracherkaoui.ma\/index.php\/produit\/kaline-k-intime-hygiene-intime-250ml\/","og_site_name":"Paracherkaoui.ma","article_modified_time":"2025-12-12T17:56:24+00:00","og_image":[{"width":700,"height":700,"url":"https:\/\/paracherkaoui.ma\/wp-content\/uploads\/2025\/12\/kaline-kaline-k-intime-hygiene-intime-250ml-toilette-intime.jpg","type":"image\/jpeg"}],"twitter_card":"summary_large_image","twitter_misc":{"Dur\u00e9e de lecture estim\u00e9e":"1 minute"},"schema":{"@context":"https:\/\/schema.org","@graph":[{"@type":"WebPage","@id":"https:\/\/paracherkaoui.ma\/index.php\/produit\/kaline-k-intime-hygiene-intime-250ml\/","url":"https:\/\/paracherkaoui.ma\/index.php\/produit\/kaline-k-intime-hygiene-intime-250ml\/","name":"KALINE K INTIME HYGIENE INTIME 250ML - Paracherkaoui.ma","isPartOf":{"@id":"https:\/\/paracherkaoui.ma\/#website"},"primaryImageOfPage":{"@id":"https:\/\/paracherkaoui.ma\/index.php\/produit\/kaline-k-intime-hygiene-intime-250ml\/#primaryimage"},"image":{"@id":"https:\/\/paracherkaoui.ma\/index.php\/produit\/kaline-k-intime-hygiene-intime-250ml\/#primaryimage"},"thumbnailUrl":"https:\/\/paracherkaoui.ma\/wp-content\/uploads\/2025\/12\/kaline-kaline-k-intime-hygiene-intime-250ml-toilette-intime.jpg","datePublished":"2025-12-12T17:56:18+00:00","dateModified":"2025-12-12T17:56:24+00:00","breadcrumb":{"@id":"https:\/\/paracherkaoui.ma\/index.php\/produit\/kaline-k-intime-hygiene-intime-250ml\/#breadcrumb"},"inLanguage":"fr-FR","potentialAction":[{"@type":"ReadAction","target":["https:\/\/paracherkaoui.ma\/index.php\/produit\/kaline-k-intime-hygiene-intime-250ml\/"]}]},{"@type":"ImageObject","inLanguage":"fr-FR","@id":"https:\/\/paracherkaoui.ma\/index.php\/produit\/kaline-k-intime-hygiene-intime-250ml\/#primaryimage","url":"https:\/\/paracherkaoui.ma\/wp-content\/uploads\/2025\/12\/kaline-kaline-k-intime-hygiene-intime-250ml-toilette-intime.jpg","contentUrl":"https:\/\/paracherkaoui.ma\/wp-content\/uploads\/2025\/12\/kaline-kaline-k-intime-hygiene-intime-250ml-toilette-intime.jpg","width":700,"height":700},{"@type":"BreadcrumbList","@id":"https:\/\/paracherkaoui.ma\/index.php\/produit\/kaline-k-intime-hygiene-intime-250ml\/#breadcrumb","itemListElement":[{"@type":"ListItem","position":1,"name":"Accueil","item":"https:\/\/paracherkaoui.ma\/"},{"@type":"ListItem","position":2,"name":"Boutique","item":"https:\/\/paracherkaoui.ma\/index.php\/boutique\/"},{"@type":"ListItem","position":3,"name":"KALINE K INTIME HYGIENE INTIME 250ML"}]},{"@type":"WebSite","@id":"https:\/\/paracherkaoui.ma\/#website","url":"https:\/\/paracherkaoui.ma\/","name":"Paracherkaoui.ma","description":"Achetez en ligne sur Paracherkaoui.ma","potentialAction":[{"@type":"SearchAction","target":{"@type":"EntryPoint","urlTemplate":"https:\/\/paracherkaoui.ma\/?s={search_term_string}"},"query-input":{"@type":"PropertyValueSpecification","valueRequired":true,"valueName":"search_term_string"}}],"inLanguage":"fr-FR"}]}},"_links":{"self":[{"href":"https:\/\/paracherkaoui.ma\/index.php\/wp-json\/wp\/v2\/product\/36556","targetHints":{"allow":["GET"]}}],"collection":[{"href":"https:\/\/paracherkaoui.ma\/index.php\/wp-json\/wp\/v2\/product"}],"about":[{"href":"https:\/\/paracherkaoui.ma\/index.php\/wp-json\/wp\/v2\/types\/product"}],"replies":[{"embeddable":true,"href":"https:\/\/paracherkaoui.ma\/index.php\/wp-json\/wp\/v2\/comments?post=36556"}],"version-history":[{"count":1,"href":"https:\/\/paracherkaoui.ma\/index.php\/wp-json\/wp\/v2\/product\/36556\/revisions"}],"predecessor-version":[{"id":36610,"href":"https:\/\/paracherkaoui.ma\/index.php\/wp-json\/wp\/v2\/product\/36556\/revisions\/36610"}],"wp:featuredmedia":[{"embeddable":true,"href":"https:\/\/paracherkaoui.ma\/index.php\/wp-json\/wp\/v2\/media\/36609"}],"wp:attachment":[{"href":"https:\/\/paracherkaoui.ma\/index.php\/wp-json\/wp\/v2\/media?parent=36556"}],"wp:term":[{"taxonomy":"product_brand","embeddable":true,"href":"https:\/\/paracherkaoui.ma\/index.php\/wp-json\/wp\/v2\/product_brand?post=36556"},{"taxonomy":"product_cat","embeddable":true,"href":"https:\/\/paracherkaoui.ma\/index.php\/wp-json\/wp\/v2\/product_cat?post=36556"},{"taxonomy":"product_tag","embeddable":true,"href":"https:\/\/paracherkaoui.ma\/index.php\/wp-json\/wp\/v2\/product_tag?post=36556"}],"curies":[{"name":"wp","href":"https:\/\/api.w.org\/{rel}","templated":true}]}}