{"id":36206,"date":"2025-12-12T18:55:38","date_gmt":"2025-12-12T17:55:38","guid":{"rendered":"https:\/\/test.ecbeaute.com\/?post_type=product&#038;p=36206"},"modified":"2025-12-12T18:55:40","modified_gmt":"2025-12-12T17:55:40","slug":"aromessence-huile-de-massage-drainante-amincissante-250ml-3","status":"publish","type":"product","link":"https:\/\/paracherkaoui.ma\/index.php\/produit\/aromessence-huile-de-massage-drainante-amincissante-250ml-3\/","title":{"rendered":"AROMESSENCE HUILE DE MASSAGE DRAINANTE AMINCISSANTE 250ML"},"content":{"rendered":"<p>V\u00e9ritable concentr\u00e9 de nature, cette huile associe les bienfaits nourrissants de l\u2019huile d\u2019olive \u00e0 une synergie puissante d\u2019huiles essentielles actives pour une silhouette tonifi\u00e9e et une peau visiblement plus lisse. Compos\u00e9e d\u2019huiles essentielles de Sauge, de C\u00e8dre de l\u2019Atlas, de Cypr\u00e8s et de Jasmin, cette huile est un alli\u00e9 de choix dans votre routine minceur : La Sauge stimule la circulation et favorise l\u2019\u00e9limination des toxines. Le C\u00e8dre de l\u2019Atlas est reconnu pour ses propri\u00e9t\u00e9s drainantes et tonifiantes. Le Cypr\u00e8s agit comme un excellent d\u00e9toxifiant et raffermissant. Le Jasmin, en plus de son parfum d\u00e9licat, apporte d\u00e9tente et souplesse \u00e0 la peau. Sa texture fluide p\u00e9n\u00e8tre rapidement sans laisser de film gras, facilitant un massage profond sur les zones concern\u00e9es : cuisses, hanches, ventre, bras. Utilis\u00e9e r\u00e9guli\u00e8rement, cette huile contribue \u00e0 r\u00e9duire l\u2019aspect de la peau d\u2019orange, \u00e0 raffermir les tissus cutan\u00e9s et \u00e0 hydrater intens\u00e9ment la peau. Conseils d\u2019utilisation : Appliquez l\u2019huile sur une peau propre et s\u00e8che. Effectuez un massage circulaire tonique sur les zones cibl\u00e9es (cuisses, ventre, fesses). Pour des r\u00e9sultats optimaux, utilisez matin et\/ou soir pendant plusieurs semaines. Associez \u00e0 une activit\u00e9 physique r\u00e9guli\u00e8re et une alimentation \u00e9quilibr\u00e9e.<\/p>\n","protected":false},"excerpt":{"rendered":"<p>V\u00e9ritable concentr\u00e9 de nature, cette huile associe les bienfaits nourrissants de l\u2019huile d\u2019olive \u00e0 une synergie puissante d\u2019huiles essentielles actives<\/p>\n","protected":false},"featured_media":31871,"comment_status":"open","ping_status":"closed","template":"","meta":[],"product_brand":[588],"product_cat":[587],"product_tag":[],"class_list":{"0":"post-36206","1":"product","2":"type-product","3":"status-publish","4":"has-post-thumbnail","6":"product_brand-aromessence","7":"product_cat-huiles-et-cremes-minceur","9":"first","10":"instock","11":"shipping-taxable","12":"purchasable","13":"product-type-simple"},"yoast_head":"<!-- This site is optimized with the Yoast SEO plugin v26.6 - https:\/\/yoast.com\/wordpress\/plugins\/seo\/ -->\r\n<title>AROMESSENCE HUILE DE MASSAGE DRAINANTE AMINCISSANTE 250ML - Paracherkaoui.ma<\/title>\r\n<meta name=\"robots\" content=\"index, follow, max-snippet:-1, max-image-preview:large, max-video-preview:-1\" \/>\r\n<link rel=\"canonical\" href=\"https:\/\/paracherkaoui.ma\/index.php\/produit\/aromessence-huile-de-massage-drainante-amincissante-250ml-3\/\" \/>\r\n<meta property=\"og:locale\" content=\"fr_FR\" \/>\r\n<meta property=\"og:type\" content=\"article\" \/>\r\n<meta property=\"og:title\" content=\"AROMESSENCE HUILE DE MASSAGE DRAINANTE AMINCISSANTE 250ML - Paracherkaoui.ma\" \/>\r\n<meta property=\"og:description\" content=\"V\u00e9ritable concentr\u00e9 de nature, cette huile associe les bienfaits nourrissants de l\u2019huile d\u2019olive \u00e0 une synergie puissante d\u2019huiles essentielles actives\" \/>\r\n<meta property=\"og:url\" content=\"https:\/\/paracherkaoui.ma\/index.php\/produit\/aromessence-huile-de-massage-drainante-amincissante-250ml-3\/\" \/>\r\n<meta property=\"og:site_name\" content=\"Paracherkaoui.ma\" \/>\r\n<meta property=\"article:modified_time\" content=\"2025-12-12T17:55:40+00:00\" \/>\r\n<meta property=\"og:image\" content=\"https:\/\/paracherkaoui.ma\/wp-content\/uploads\/2025\/12\/aromessence-aromessence-huile-de-massage-drainante-amincissante-250ml-huiles-et-cremes-minceur.jpg\" \/>\r\n\t<meta property=\"og:image:width\" content=\"700\" \/>\r\n\t<meta property=\"og:image:height\" content=\"700\" \/>\r\n\t<meta property=\"og:image:type\" content=\"image\/jpeg\" \/>\r\n<meta name=\"twitter:card\" content=\"summary_large_image\" \/>\r\n<meta name=\"twitter:label1\" content=\"Dur\u00e9e de lecture estim\u00e9e\" \/>\n\t<meta name=\"twitter:data1\" content=\"1 minute\" \/>\r\n<script type=\"application\/ld+json\" class=\"yoast-schema-graph\">{\"@context\":\"https:\/\/schema.org\",\"@graph\":[{\"@type\":\"WebPage\",\"@id\":\"https:\/\/paracherkaoui.ma\/index.php\/produit\/aromessence-huile-de-massage-drainante-amincissante-250ml-3\/\",\"url\":\"https:\/\/paracherkaoui.ma\/index.php\/produit\/aromessence-huile-de-massage-drainante-amincissante-250ml-3\/\",\"name\":\"AROMESSENCE HUILE DE MASSAGE DRAINANTE AMINCISSANTE 250ML - Paracherkaoui.ma\",\"isPartOf\":{\"@id\":\"https:\/\/paracherkaoui.ma\/#website\"},\"primaryImageOfPage\":{\"@id\":\"https:\/\/paracherkaoui.ma\/index.php\/produit\/aromessence-huile-de-massage-drainante-amincissante-250ml-3\/#primaryimage\"},\"image\":{\"@id\":\"https:\/\/paracherkaoui.ma\/index.php\/produit\/aromessence-huile-de-massage-drainante-amincissante-250ml-3\/#primaryimage\"},\"thumbnailUrl\":\"https:\/\/paracherkaoui.ma\/wp-content\/uploads\/2025\/12\/aromessence-aromessence-huile-de-massage-drainante-amincissante-250ml-huiles-et-cremes-minceur.jpg\",\"datePublished\":\"2025-12-12T17:55:38+00:00\",\"dateModified\":\"2025-12-12T17:55:40+00:00\",\"breadcrumb\":{\"@id\":\"https:\/\/paracherkaoui.ma\/index.php\/produit\/aromessence-huile-de-massage-drainante-amincissante-250ml-3\/#breadcrumb\"},\"inLanguage\":\"fr-FR\",\"potentialAction\":[{\"@type\":\"ReadAction\",\"target\":[\"https:\/\/paracherkaoui.ma\/index.php\/produit\/aromessence-huile-de-massage-drainante-amincissante-250ml-3\/\"]}]},{\"@type\":\"ImageObject\",\"inLanguage\":\"fr-FR\",\"@id\":\"https:\/\/paracherkaoui.ma\/index.php\/produit\/aromessence-huile-de-massage-drainante-amincissante-250ml-3\/#primaryimage\",\"url\":\"https:\/\/paracherkaoui.ma\/wp-content\/uploads\/2025\/12\/aromessence-aromessence-huile-de-massage-drainante-amincissante-250ml-huiles-et-cremes-minceur.jpg\",\"contentUrl\":\"https:\/\/paracherkaoui.ma\/wp-content\/uploads\/2025\/12\/aromessence-aromessence-huile-de-massage-drainante-amincissante-250ml-huiles-et-cremes-minceur.jpg\",\"width\":700,\"height\":700},{\"@type\":\"BreadcrumbList\",\"@id\":\"https:\/\/paracherkaoui.ma\/index.php\/produit\/aromessence-huile-de-massage-drainante-amincissante-250ml-3\/#breadcrumb\",\"itemListElement\":[{\"@type\":\"ListItem\",\"position\":1,\"name\":\"Accueil\",\"item\":\"https:\/\/paracherkaoui.ma\/\"},{\"@type\":\"ListItem\",\"position\":2,\"name\":\"Boutique\",\"item\":\"https:\/\/paracherkaoui.ma\/index.php\/boutique\/\"},{\"@type\":\"ListItem\",\"position\":3,\"name\":\"AROMESSENCE HUILE DE MASSAGE DRAINANTE AMINCISSANTE 250ML\"}]},{\"@type\":\"WebSite\",\"@id\":\"https:\/\/paracherkaoui.ma\/#website\",\"url\":\"https:\/\/paracherkaoui.ma\/\",\"name\":\"Paracherkaoui.ma\",\"description\":\"Achetez en ligne sur Paracherkaoui.ma\",\"potentialAction\":[{\"@type\":\"SearchAction\",\"target\":{\"@type\":\"EntryPoint\",\"urlTemplate\":\"https:\/\/paracherkaoui.ma\/?s={search_term_string}\"},\"query-input\":{\"@type\":\"PropertyValueSpecification\",\"valueRequired\":true,\"valueName\":\"search_term_string\"}}],\"inLanguage\":\"fr-FR\"}]}<\/script>\r\n<!-- \/ Yoast SEO plugin. -->","yoast_head_json":{"title":"AROMESSENCE HUILE DE MASSAGE DRAINANTE AMINCISSANTE 250ML - Paracherkaoui.ma","robots":{"index":"index","follow":"follow","max-snippet":"max-snippet:-1","max-image-preview":"max-image-preview:large","max-video-preview":"max-video-preview:-1"},"canonical":"https:\/\/paracherkaoui.ma\/index.php\/produit\/aromessence-huile-de-massage-drainante-amincissante-250ml-3\/","og_locale":"fr_FR","og_type":"article","og_title":"AROMESSENCE HUILE DE MASSAGE DRAINANTE AMINCISSANTE 250ML - Paracherkaoui.ma","og_description":"V\u00e9ritable concentr\u00e9 de nature, cette huile associe les bienfaits nourrissants de l\u2019huile d\u2019olive \u00e0 une synergie puissante d\u2019huiles essentielles actives","og_url":"https:\/\/paracherkaoui.ma\/index.php\/produit\/aromessence-huile-de-massage-drainante-amincissante-250ml-3\/","og_site_name":"Paracherkaoui.ma","article_modified_time":"2025-12-12T17:55:40+00:00","og_image":[{"width":700,"height":700,"url":"https:\/\/paracherkaoui.ma\/wp-content\/uploads\/2025\/12\/aromessence-aromessence-huile-de-massage-drainante-amincissante-250ml-huiles-et-cremes-minceur.jpg","type":"image\/jpeg"}],"twitter_card":"summary_large_image","twitter_misc":{"Dur\u00e9e de lecture estim\u00e9e":"1 minute"},"schema":{"@context":"https:\/\/schema.org","@graph":[{"@type":"WebPage","@id":"https:\/\/paracherkaoui.ma\/index.php\/produit\/aromessence-huile-de-massage-drainante-amincissante-250ml-3\/","url":"https:\/\/paracherkaoui.ma\/index.php\/produit\/aromessence-huile-de-massage-drainante-amincissante-250ml-3\/","name":"AROMESSENCE HUILE DE MASSAGE DRAINANTE AMINCISSANTE 250ML - Paracherkaoui.ma","isPartOf":{"@id":"https:\/\/paracherkaoui.ma\/#website"},"primaryImageOfPage":{"@id":"https:\/\/paracherkaoui.ma\/index.php\/produit\/aromessence-huile-de-massage-drainante-amincissante-250ml-3\/#primaryimage"},"image":{"@id":"https:\/\/paracherkaoui.ma\/index.php\/produit\/aromessence-huile-de-massage-drainante-amincissante-250ml-3\/#primaryimage"},"thumbnailUrl":"https:\/\/paracherkaoui.ma\/wp-content\/uploads\/2025\/12\/aromessence-aromessence-huile-de-massage-drainante-amincissante-250ml-huiles-et-cremes-minceur.jpg","datePublished":"2025-12-12T17:55:38+00:00","dateModified":"2025-12-12T17:55:40+00:00","breadcrumb":{"@id":"https:\/\/paracherkaoui.ma\/index.php\/produit\/aromessence-huile-de-massage-drainante-amincissante-250ml-3\/#breadcrumb"},"inLanguage":"fr-FR","potentialAction":[{"@type":"ReadAction","target":["https:\/\/paracherkaoui.ma\/index.php\/produit\/aromessence-huile-de-massage-drainante-amincissante-250ml-3\/"]}]},{"@type":"ImageObject","inLanguage":"fr-FR","@id":"https:\/\/paracherkaoui.ma\/index.php\/produit\/aromessence-huile-de-massage-drainante-amincissante-250ml-3\/#primaryimage","url":"https:\/\/paracherkaoui.ma\/wp-content\/uploads\/2025\/12\/aromessence-aromessence-huile-de-massage-drainante-amincissante-250ml-huiles-et-cremes-minceur.jpg","contentUrl":"https:\/\/paracherkaoui.ma\/wp-content\/uploads\/2025\/12\/aromessence-aromessence-huile-de-massage-drainante-amincissante-250ml-huiles-et-cremes-minceur.jpg","width":700,"height":700},{"@type":"BreadcrumbList","@id":"https:\/\/paracherkaoui.ma\/index.php\/produit\/aromessence-huile-de-massage-drainante-amincissante-250ml-3\/#breadcrumb","itemListElement":[{"@type":"ListItem","position":1,"name":"Accueil","item":"https:\/\/paracherkaoui.ma\/"},{"@type":"ListItem","position":2,"name":"Boutique","item":"https:\/\/paracherkaoui.ma\/index.php\/boutique\/"},{"@type":"ListItem","position":3,"name":"AROMESSENCE HUILE DE MASSAGE DRAINANTE AMINCISSANTE 250ML"}]},{"@type":"WebSite","@id":"https:\/\/paracherkaoui.ma\/#website","url":"https:\/\/paracherkaoui.ma\/","name":"Paracherkaoui.ma","description":"Achetez en ligne sur Paracherkaoui.ma","potentialAction":[{"@type":"SearchAction","target":{"@type":"EntryPoint","urlTemplate":"https:\/\/paracherkaoui.ma\/?s={search_term_string}"},"query-input":{"@type":"PropertyValueSpecification","valueRequired":true,"valueName":"search_term_string"}}],"inLanguage":"fr-FR"}]}},"_links":{"self":[{"href":"https:\/\/paracherkaoui.ma\/index.php\/wp-json\/wp\/v2\/product\/36206","targetHints":{"allow":["GET"]}}],"collection":[{"href":"https:\/\/paracherkaoui.ma\/index.php\/wp-json\/wp\/v2\/product"}],"about":[{"href":"https:\/\/paracherkaoui.ma\/index.php\/wp-json\/wp\/v2\/types\/product"}],"replies":[{"embeddable":true,"href":"https:\/\/paracherkaoui.ma\/index.php\/wp-json\/wp\/v2\/comments?post=36206"}],"version-history":[{"count":1,"href":"https:\/\/paracherkaoui.ma\/index.php\/wp-json\/wp\/v2\/product\/36206\/revisions"}],"predecessor-version":[{"id":36236,"href":"https:\/\/paracherkaoui.ma\/index.php\/wp-json\/wp\/v2\/product\/36206\/revisions\/36236"}],"wp:featuredmedia":[{"embeddable":true,"href":"https:\/\/paracherkaoui.ma\/index.php\/wp-json\/wp\/v2\/media\/31871"}],"wp:attachment":[{"href":"https:\/\/paracherkaoui.ma\/index.php\/wp-json\/wp\/v2\/media?parent=36206"}],"wp:term":[{"taxonomy":"product_brand","embeddable":true,"href":"https:\/\/paracherkaoui.ma\/index.php\/wp-json\/wp\/v2\/product_brand?post=36206"},{"taxonomy":"product_cat","embeddable":true,"href":"https:\/\/paracherkaoui.ma\/index.php\/wp-json\/wp\/v2\/product_cat?post=36206"},{"taxonomy":"product_tag","embeddable":true,"href":"https:\/\/paracherkaoui.ma\/index.php\/wp-json\/wp\/v2\/product_tag?post=36206"}],"curies":[{"name":"wp","href":"https:\/\/api.w.org\/{rel}","templated":true}]}}