{"id":35912,"date":"2025-12-12T18:55:11","date_gmt":"2025-12-12T17:55:11","guid":{"rendered":"https:\/\/test.ecbeaute.com\/?post_type=product&#038;p=35912"},"modified":"2025-12-12T18:55:15","modified_gmt":"2025-12-12T17:55:15","slug":"dermagor-atopicalm-savon-surgras","status":"publish","type":"product","link":"https:\/\/paracherkaoui.ma\/index.php\/produit\/dermagor-atopicalm-savon-surgras\/","title":{"rendered":"DERMAGOR ATOPICALM SAVON SURGRAS"},"content":{"rendered":"<p>DESCRIPTTIF &#038; INDICATIONS:<br \/>\nNettoyage en douceur des peaux fragilis\u00e9es \u00e0 tendance grasse<br \/>\nL\u00e9g\u00e8rement parfum\u00e9 aux senteurs d\u2019agrumes, sa mousse douce et fine, son pH physiologique et sa haute rin\u00e7abilit\u00e9 respectent totalement l\u2019int\u00e9grit\u00e9 de l\u2019\u00e9piderme.<br \/>\nAction\u00a0: Enrichi en actifs \u00e9mollients et humectants, il assainit l\u2019\u00e9piderme et favorise l\u2019\u00e9limination du s\u00e9bum en exc\u00e8s tout en respectant le film hydrolipidique. Il laisse un l\u00e9ger film protecteur sur la peau qui participe \u00e0 l\u2019am\u00e9lioration du confort cutan\u00e9.<br \/>\nHygi\u00e8ne quotidienne pour tous types de peau, plus particuli\u00e8rement les peaux sensibles, ou fragilis\u00e9es par certains traitements dermatologiques et les peaux mixtes.<br \/>\nConseill\u00e9 en adjuvant des traitements des dermites irritatives.<\/p>\n<p>CONSEILS D&rsquo;UTILISATION:<br \/>\nA utiliser comme un savon ordinaire. Bien rincer. Le temps de rin\u00e7age doit \u00eatre toujours sup\u00e9rieur au temps de lavage.<\/p>\n","protected":false},"excerpt":{"rendered":"<p>DESCRIPTTIF &#038; INDICATIONS: Nettoyage en douceur des peaux fragilis\u00e9es \u00e0 tendance grasse L\u00e9g\u00e8rement parfum\u00e9 aux senteurs d\u2019agrumes, sa mousse douce<\/p>\n","protected":false},"featured_media":35949,"comment_status":"open","ping_status":"closed","template":"","meta":[],"product_brand":[388],"product_cat":[639],"product_tag":[],"class_list":{"0":"post-35912","1":"product","2":"type-product","3":"status-publish","4":"has-post-thumbnail","6":"product_brand-dermagor","7":"product_cat-savon-et-pain-dermatologique","9":"first","10":"instock","11":"sale","12":"shipping-taxable","13":"purchasable","14":"product-type-simple"},"yoast_head":"<!-- This site is optimized with the Yoast SEO plugin v26.6 - https:\/\/yoast.com\/wordpress\/plugins\/seo\/ -->\r\n<title>DERMAGOR ATOPICALM SAVON SURGRAS - Paracherkaoui.ma<\/title>\r\n<meta name=\"robots\" content=\"index, follow, max-snippet:-1, max-image-preview:large, max-video-preview:-1\" \/>\r\n<link rel=\"canonical\" href=\"https:\/\/paracherkaoui.ma\/index.php\/produit\/dermagor-atopicalm-savon-surgras\/\" \/>\r\n<meta property=\"og:locale\" content=\"fr_FR\" \/>\r\n<meta property=\"og:type\" content=\"article\" \/>\r\n<meta property=\"og:title\" content=\"DERMAGOR ATOPICALM SAVON SURGRAS - Paracherkaoui.ma\" \/>\r\n<meta property=\"og:description\" content=\"DESCRIPTTIF &#038; INDICATIONS: Nettoyage en douceur des peaux fragilis\u00e9es \u00e0 tendance grasse L\u00e9g\u00e8rement parfum\u00e9 aux senteurs d\u2019agrumes, sa mousse douce\" \/>\r\n<meta property=\"og:url\" content=\"https:\/\/paracherkaoui.ma\/index.php\/produit\/dermagor-atopicalm-savon-surgras\/\" \/>\r\n<meta property=\"og:site_name\" content=\"Paracherkaoui.ma\" \/>\r\n<meta property=\"article:modified_time\" content=\"2025-12-12T17:55:15+00:00\" \/>\r\n<meta property=\"og:image\" content=\"https:\/\/paracherkaoui.ma\/wp-content\/uploads\/2025\/12\/dermagor-dermagor-atopicalm-savon-surgras-savon-et-pain-dermatologique.jpg\" \/>\r\n\t<meta property=\"og:image:width\" content=\"700\" \/>\r\n\t<meta property=\"og:image:height\" content=\"700\" \/>\r\n\t<meta property=\"og:image:type\" content=\"image\/jpeg\" \/>\r\n<meta name=\"twitter:card\" content=\"summary_large_image\" \/>\r\n<meta name=\"twitter:label1\" content=\"Dur\u00e9e de lecture estim\u00e9e\" \/>\n\t<meta name=\"twitter:data1\" content=\"1 minute\" \/>\r\n<script type=\"application\/ld+json\" class=\"yoast-schema-graph\">{\"@context\":\"https:\/\/schema.org\",\"@graph\":[{\"@type\":\"WebPage\",\"@id\":\"https:\/\/paracherkaoui.ma\/index.php\/produit\/dermagor-atopicalm-savon-surgras\/\",\"url\":\"https:\/\/paracherkaoui.ma\/index.php\/produit\/dermagor-atopicalm-savon-surgras\/\",\"name\":\"DERMAGOR ATOPICALM SAVON SURGRAS - Paracherkaoui.ma\",\"isPartOf\":{\"@id\":\"https:\/\/paracherkaoui.ma\/#website\"},\"primaryImageOfPage\":{\"@id\":\"https:\/\/paracherkaoui.ma\/index.php\/produit\/dermagor-atopicalm-savon-surgras\/#primaryimage\"},\"image\":{\"@id\":\"https:\/\/paracherkaoui.ma\/index.php\/produit\/dermagor-atopicalm-savon-surgras\/#primaryimage\"},\"thumbnailUrl\":\"https:\/\/paracherkaoui.ma\/wp-content\/uploads\/2025\/12\/dermagor-dermagor-atopicalm-savon-surgras-savon-et-pain-dermatologique.jpg\",\"datePublished\":\"2025-12-12T17:55:11+00:00\",\"dateModified\":\"2025-12-12T17:55:15+00:00\",\"breadcrumb\":{\"@id\":\"https:\/\/paracherkaoui.ma\/index.php\/produit\/dermagor-atopicalm-savon-surgras\/#breadcrumb\"},\"inLanguage\":\"fr-FR\",\"potentialAction\":[{\"@type\":\"ReadAction\",\"target\":[\"https:\/\/paracherkaoui.ma\/index.php\/produit\/dermagor-atopicalm-savon-surgras\/\"]}]},{\"@type\":\"ImageObject\",\"inLanguage\":\"fr-FR\",\"@id\":\"https:\/\/paracherkaoui.ma\/index.php\/produit\/dermagor-atopicalm-savon-surgras\/#primaryimage\",\"url\":\"https:\/\/paracherkaoui.ma\/wp-content\/uploads\/2025\/12\/dermagor-dermagor-atopicalm-savon-surgras-savon-et-pain-dermatologique.jpg\",\"contentUrl\":\"https:\/\/paracherkaoui.ma\/wp-content\/uploads\/2025\/12\/dermagor-dermagor-atopicalm-savon-surgras-savon-et-pain-dermatologique.jpg\",\"width\":700,\"height\":700},{\"@type\":\"BreadcrumbList\",\"@id\":\"https:\/\/paracherkaoui.ma\/index.php\/produit\/dermagor-atopicalm-savon-surgras\/#breadcrumb\",\"itemListElement\":[{\"@type\":\"ListItem\",\"position\":1,\"name\":\"Accueil\",\"item\":\"https:\/\/paracherkaoui.ma\/\"},{\"@type\":\"ListItem\",\"position\":2,\"name\":\"Boutique\",\"item\":\"https:\/\/paracherkaoui.ma\/index.php\/boutique\/\"},{\"@type\":\"ListItem\",\"position\":3,\"name\":\"DERMAGOR ATOPICALM SAVON SURGRAS\"}]},{\"@type\":\"WebSite\",\"@id\":\"https:\/\/paracherkaoui.ma\/#website\",\"url\":\"https:\/\/paracherkaoui.ma\/\",\"name\":\"Paracherkaoui.ma\",\"description\":\"Achetez en ligne sur Paracherkaoui.ma\",\"potentialAction\":[{\"@type\":\"SearchAction\",\"target\":{\"@type\":\"EntryPoint\",\"urlTemplate\":\"https:\/\/paracherkaoui.ma\/?s={search_term_string}\"},\"query-input\":{\"@type\":\"PropertyValueSpecification\",\"valueRequired\":true,\"valueName\":\"search_term_string\"}}],\"inLanguage\":\"fr-FR\"}]}<\/script>\r\n<!-- \/ Yoast SEO plugin. -->","yoast_head_json":{"title":"DERMAGOR ATOPICALM SAVON SURGRAS - Paracherkaoui.ma","robots":{"index":"index","follow":"follow","max-snippet":"max-snippet:-1","max-image-preview":"max-image-preview:large","max-video-preview":"max-video-preview:-1"},"canonical":"https:\/\/paracherkaoui.ma\/index.php\/produit\/dermagor-atopicalm-savon-surgras\/","og_locale":"fr_FR","og_type":"article","og_title":"DERMAGOR ATOPICALM SAVON SURGRAS - Paracherkaoui.ma","og_description":"DESCRIPTTIF &#038; INDICATIONS: Nettoyage en douceur des peaux fragilis\u00e9es \u00e0 tendance grasse L\u00e9g\u00e8rement parfum\u00e9 aux senteurs d\u2019agrumes, sa mousse douce","og_url":"https:\/\/paracherkaoui.ma\/index.php\/produit\/dermagor-atopicalm-savon-surgras\/","og_site_name":"Paracherkaoui.ma","article_modified_time":"2025-12-12T17:55:15+00:00","og_image":[{"width":700,"height":700,"url":"https:\/\/paracherkaoui.ma\/wp-content\/uploads\/2025\/12\/dermagor-dermagor-atopicalm-savon-surgras-savon-et-pain-dermatologique.jpg","type":"image\/jpeg"}],"twitter_card":"summary_large_image","twitter_misc":{"Dur\u00e9e de lecture estim\u00e9e":"1 minute"},"schema":{"@context":"https:\/\/schema.org","@graph":[{"@type":"WebPage","@id":"https:\/\/paracherkaoui.ma\/index.php\/produit\/dermagor-atopicalm-savon-surgras\/","url":"https:\/\/paracherkaoui.ma\/index.php\/produit\/dermagor-atopicalm-savon-surgras\/","name":"DERMAGOR ATOPICALM SAVON SURGRAS - Paracherkaoui.ma","isPartOf":{"@id":"https:\/\/paracherkaoui.ma\/#website"},"primaryImageOfPage":{"@id":"https:\/\/paracherkaoui.ma\/index.php\/produit\/dermagor-atopicalm-savon-surgras\/#primaryimage"},"image":{"@id":"https:\/\/paracherkaoui.ma\/index.php\/produit\/dermagor-atopicalm-savon-surgras\/#primaryimage"},"thumbnailUrl":"https:\/\/paracherkaoui.ma\/wp-content\/uploads\/2025\/12\/dermagor-dermagor-atopicalm-savon-surgras-savon-et-pain-dermatologique.jpg","datePublished":"2025-12-12T17:55:11+00:00","dateModified":"2025-12-12T17:55:15+00:00","breadcrumb":{"@id":"https:\/\/paracherkaoui.ma\/index.php\/produit\/dermagor-atopicalm-savon-surgras\/#breadcrumb"},"inLanguage":"fr-FR","potentialAction":[{"@type":"ReadAction","target":["https:\/\/paracherkaoui.ma\/index.php\/produit\/dermagor-atopicalm-savon-surgras\/"]}]},{"@type":"ImageObject","inLanguage":"fr-FR","@id":"https:\/\/paracherkaoui.ma\/index.php\/produit\/dermagor-atopicalm-savon-surgras\/#primaryimage","url":"https:\/\/paracherkaoui.ma\/wp-content\/uploads\/2025\/12\/dermagor-dermagor-atopicalm-savon-surgras-savon-et-pain-dermatologique.jpg","contentUrl":"https:\/\/paracherkaoui.ma\/wp-content\/uploads\/2025\/12\/dermagor-dermagor-atopicalm-savon-surgras-savon-et-pain-dermatologique.jpg","width":700,"height":700},{"@type":"BreadcrumbList","@id":"https:\/\/paracherkaoui.ma\/index.php\/produit\/dermagor-atopicalm-savon-surgras\/#breadcrumb","itemListElement":[{"@type":"ListItem","position":1,"name":"Accueil","item":"https:\/\/paracherkaoui.ma\/"},{"@type":"ListItem","position":2,"name":"Boutique","item":"https:\/\/paracherkaoui.ma\/index.php\/boutique\/"},{"@type":"ListItem","position":3,"name":"DERMAGOR ATOPICALM SAVON SURGRAS"}]},{"@type":"WebSite","@id":"https:\/\/paracherkaoui.ma\/#website","url":"https:\/\/paracherkaoui.ma\/","name":"Paracherkaoui.ma","description":"Achetez en ligne sur Paracherkaoui.ma","potentialAction":[{"@type":"SearchAction","target":{"@type":"EntryPoint","urlTemplate":"https:\/\/paracherkaoui.ma\/?s={search_term_string}"},"query-input":{"@type":"PropertyValueSpecification","valueRequired":true,"valueName":"search_term_string"}}],"inLanguage":"fr-FR"}]}},"_links":{"self":[{"href":"https:\/\/paracherkaoui.ma\/index.php\/wp-json\/wp\/v2\/product\/35912","targetHints":{"allow":["GET"]}}],"collection":[{"href":"https:\/\/paracherkaoui.ma\/index.php\/wp-json\/wp\/v2\/product"}],"about":[{"href":"https:\/\/paracherkaoui.ma\/index.php\/wp-json\/wp\/v2\/types\/product"}],"replies":[{"embeddable":true,"href":"https:\/\/paracherkaoui.ma\/index.php\/wp-json\/wp\/v2\/comments?post=35912"}],"version-history":[{"count":1,"href":"https:\/\/paracherkaoui.ma\/index.php\/wp-json\/wp\/v2\/product\/35912\/revisions"}],"predecessor-version":[{"id":35950,"href":"https:\/\/paracherkaoui.ma\/index.php\/wp-json\/wp\/v2\/product\/35912\/revisions\/35950"}],"wp:featuredmedia":[{"embeddable":true,"href":"https:\/\/paracherkaoui.ma\/index.php\/wp-json\/wp\/v2\/media\/35949"}],"wp:attachment":[{"href":"https:\/\/paracherkaoui.ma\/index.php\/wp-json\/wp\/v2\/media?parent=35912"}],"wp:term":[{"taxonomy":"product_brand","embeddable":true,"href":"https:\/\/paracherkaoui.ma\/index.php\/wp-json\/wp\/v2\/product_brand?post=35912"},{"taxonomy":"product_cat","embeddable":true,"href":"https:\/\/paracherkaoui.ma\/index.php\/wp-json\/wp\/v2\/product_cat?post=35912"},{"taxonomy":"product_tag","embeddable":true,"href":"https:\/\/paracherkaoui.ma\/index.php\/wp-json\/wp\/v2\/product_tag?post=35912"}],"curies":[{"name":"wp","href":"https:\/\/api.w.org\/{rel}","templated":true}]}}