{"id":35820,"date":"2025-12-12T18:55:00","date_gmt":"2025-12-12T17:55:00","guid":{"rendered":"https:\/\/test.ecbeaute.com\/?post_type=product&#038;p=35820"},"modified":"2025-12-12T18:55:03","modified_gmt":"2025-12-12T17:55:03","slug":"manix-sensation-max-10-preservatifs","status":"publish","type":"product","link":"https:\/\/paracherkaoui.ma\/index.php\/produit\/manix-sensation-max-10-preservatifs\/","title":{"rendered":"MANIX SENSATION MAX 10 PRESERVATIFS"},"content":{"rendered":"<p>Le Manix Sensation Max est le pr\u00e9servatif le plus perl\u00e9 au Monde, une innovation audacieuse de la technologie Manix. D\u00e8s le premier contact, vous serez surpris par sa texture intens\u00e9ment perl\u00e9e. Ces petites perles strat\u00e9giquement plac\u00e9es sur la surface du pr\u00e9servatif sont con\u00e7ues pour maximiser les frottements doux et stimulants, offrant des sensations tactiles que vous n&rsquo;avez jamais exp\u00e9riment\u00e9es auparavant. Chaque mouvement devient une caresse excitante, \u00e9veillant les terminaisons nerveuses pour un plaisir accru et une excitation d\u00e9multipli\u00e9e.<br \/>\nMais Manix ne s&rsquo;est pas arr\u00eat\u00e9 l\u00e0. Pour compl\u00e9ter cette texture unique, ce pr\u00e9servatif est dot\u00e9 d&rsquo;un lubrifiant premium Ultraglide. Ce lubrifiant de haute qualit\u00e9 assure une glisse parfaite et un confort optimal tout au long de l&rsquo;acte. Sa formule avanc\u00e9e r\u00e9duit les frictions ind\u00e9sirables, permettant aux perles de glisser en douceur et de d\u00e9livrer leur plein potentiel stimulant, sans aucune g\u00eane. Le lubrifiant Ultraglide est la touche finale qui rend l&rsquo;exp\u00e9rience fluide, naturelle et incroyablement agr\u00e9able.<br \/>\nCe pr\u00e9servatif a \u00e9t\u00e9 m\u00e9ticuleusement con\u00e7u pour procurer des sensations incomparables. L&rsquo;objectif est clair : intensifier le plaisir et l&rsquo;excitation pour les deux partenaires, transformant chaque rapport en un moment d&rsquo;union profonde et de d\u00e9couverte mutuelle. La combinaison de la texture perl\u00e9e et du lubrifiant premium cr\u00e9e une synergie sensorielle qui promet des sommets de plaisir.<br \/>\nConseils d&rsquo;utilisation :<br \/>\nMettez le pr\u00e9servatif avant tout contact intime. Pressez le r\u00e9servoir situ\u00e9 \u00e0 l&rsquo;extr\u00e9mit\u00e9 pour chasser l&rsquo;air et d\u00e9roulez-le enti\u00e8rement sur le p\u00e9nis en \u00e9rection.<\/p>\n","protected":false},"excerpt":{"rendered":"<p>Le Manix Sensation Max est le pr\u00e9servatif le plus perl\u00e9 au Monde, une innovation audacieuse de la technologie Manix. D\u00e8s<\/p>\n","protected":false},"featured_media":35853,"comment_status":"open","ping_status":"closed","template":"","meta":[],"product_brand":[635],"product_cat":[638],"product_tag":[],"class_list":{"0":"post-35820","1":"product","2":"type-product","3":"status-publish","4":"has-post-thumbnail","6":"product_brand-manix","7":"product_cat-preservatifs","9":"first","10":"instock","11":"sale","12":"shipping-taxable","13":"purchasable","14":"product-type-simple"},"yoast_head":"<!-- This site is optimized with the Yoast SEO plugin v26.6 - https:\/\/yoast.com\/wordpress\/plugins\/seo\/ -->\r\n<title>MANIX SENSATION MAX 10 PRESERVATIFS - Paracherkaoui.ma<\/title>\r\n<meta name=\"robots\" content=\"index, follow, max-snippet:-1, max-image-preview:large, max-video-preview:-1\" \/>\r\n<link rel=\"canonical\" href=\"https:\/\/paracherkaoui.ma\/index.php\/produit\/manix-sensation-max-10-preservatifs\/\" \/>\r\n<meta property=\"og:locale\" content=\"fr_FR\" \/>\r\n<meta property=\"og:type\" content=\"article\" \/>\r\n<meta property=\"og:title\" content=\"MANIX SENSATION MAX 10 PRESERVATIFS - Paracherkaoui.ma\" \/>\r\n<meta property=\"og:description\" content=\"Le Manix Sensation Max est le pr\u00e9servatif le plus perl\u00e9 au Monde, une innovation audacieuse de la technologie Manix. D\u00e8s\" \/>\r\n<meta property=\"og:url\" content=\"https:\/\/paracherkaoui.ma\/index.php\/produit\/manix-sensation-max-10-preservatifs\/\" \/>\r\n<meta property=\"og:site_name\" content=\"Paracherkaoui.ma\" \/>\r\n<meta property=\"article:modified_time\" content=\"2025-12-12T17:55:03+00:00\" \/>\r\n<meta property=\"og:image\" content=\"https:\/\/paracherkaoui.ma\/wp-content\/uploads\/2025\/12\/manix-sensation-max-10-preservatifs.jpg\" \/>\r\n\t<meta property=\"og:image:width\" content=\"700\" \/>\r\n\t<meta property=\"og:image:height\" content=\"700\" \/>\r\n\t<meta property=\"og:image:type\" content=\"image\/jpeg\" \/>\r\n<meta name=\"twitter:card\" content=\"summary_large_image\" \/>\r\n<meta name=\"twitter:label1\" content=\"Dur\u00e9e de lecture estim\u00e9e\" \/>\n\t<meta name=\"twitter:data1\" content=\"1 minute\" \/>\r\n<script type=\"application\/ld+json\" class=\"yoast-schema-graph\">{\"@context\":\"https:\/\/schema.org\",\"@graph\":[{\"@type\":\"WebPage\",\"@id\":\"https:\/\/paracherkaoui.ma\/index.php\/produit\/manix-sensation-max-10-preservatifs\/\",\"url\":\"https:\/\/paracherkaoui.ma\/index.php\/produit\/manix-sensation-max-10-preservatifs\/\",\"name\":\"MANIX SENSATION MAX 10 PRESERVATIFS - Paracherkaoui.ma\",\"isPartOf\":{\"@id\":\"https:\/\/paracherkaoui.ma\/#website\"},\"primaryImageOfPage\":{\"@id\":\"https:\/\/paracherkaoui.ma\/index.php\/produit\/manix-sensation-max-10-preservatifs\/#primaryimage\"},\"image\":{\"@id\":\"https:\/\/paracherkaoui.ma\/index.php\/produit\/manix-sensation-max-10-preservatifs\/#primaryimage\"},\"thumbnailUrl\":\"https:\/\/paracherkaoui.ma\/wp-content\/uploads\/2025\/12\/manix-sensation-max-10-preservatifs.jpg\",\"datePublished\":\"2025-12-12T17:55:00+00:00\",\"dateModified\":\"2025-12-12T17:55:03+00:00\",\"breadcrumb\":{\"@id\":\"https:\/\/paracherkaoui.ma\/index.php\/produit\/manix-sensation-max-10-preservatifs\/#breadcrumb\"},\"inLanguage\":\"fr-FR\",\"potentialAction\":[{\"@type\":\"ReadAction\",\"target\":[\"https:\/\/paracherkaoui.ma\/index.php\/produit\/manix-sensation-max-10-preservatifs\/\"]}]},{\"@type\":\"ImageObject\",\"inLanguage\":\"fr-FR\",\"@id\":\"https:\/\/paracherkaoui.ma\/index.php\/produit\/manix-sensation-max-10-preservatifs\/#primaryimage\",\"url\":\"https:\/\/paracherkaoui.ma\/wp-content\/uploads\/2025\/12\/manix-sensation-max-10-preservatifs.jpg\",\"contentUrl\":\"https:\/\/paracherkaoui.ma\/wp-content\/uploads\/2025\/12\/manix-sensation-max-10-preservatifs.jpg\",\"width\":700,\"height\":700},{\"@type\":\"BreadcrumbList\",\"@id\":\"https:\/\/paracherkaoui.ma\/index.php\/produit\/manix-sensation-max-10-preservatifs\/#breadcrumb\",\"itemListElement\":[{\"@type\":\"ListItem\",\"position\":1,\"name\":\"Accueil\",\"item\":\"https:\/\/paracherkaoui.ma\/\"},{\"@type\":\"ListItem\",\"position\":2,\"name\":\"Boutique\",\"item\":\"https:\/\/paracherkaoui.ma\/index.php\/boutique\/\"},{\"@type\":\"ListItem\",\"position\":3,\"name\":\"MANIX SENSATION MAX 10 PRESERVATIFS\"}]},{\"@type\":\"WebSite\",\"@id\":\"https:\/\/paracherkaoui.ma\/#website\",\"url\":\"https:\/\/paracherkaoui.ma\/\",\"name\":\"Paracherkaoui.ma\",\"description\":\"Achetez en ligne sur Paracherkaoui.ma\",\"potentialAction\":[{\"@type\":\"SearchAction\",\"target\":{\"@type\":\"EntryPoint\",\"urlTemplate\":\"https:\/\/paracherkaoui.ma\/?s={search_term_string}\"},\"query-input\":{\"@type\":\"PropertyValueSpecification\",\"valueRequired\":true,\"valueName\":\"search_term_string\"}}],\"inLanguage\":\"fr-FR\"}]}<\/script>\r\n<!-- \/ Yoast SEO plugin. -->","yoast_head_json":{"title":"MANIX SENSATION MAX 10 PRESERVATIFS - Paracherkaoui.ma","robots":{"index":"index","follow":"follow","max-snippet":"max-snippet:-1","max-image-preview":"max-image-preview:large","max-video-preview":"max-video-preview:-1"},"canonical":"https:\/\/paracherkaoui.ma\/index.php\/produit\/manix-sensation-max-10-preservatifs\/","og_locale":"fr_FR","og_type":"article","og_title":"MANIX SENSATION MAX 10 PRESERVATIFS - Paracherkaoui.ma","og_description":"Le Manix Sensation Max est le pr\u00e9servatif le plus perl\u00e9 au Monde, une innovation audacieuse de la technologie Manix. D\u00e8s","og_url":"https:\/\/paracherkaoui.ma\/index.php\/produit\/manix-sensation-max-10-preservatifs\/","og_site_name":"Paracherkaoui.ma","article_modified_time":"2025-12-12T17:55:03+00:00","og_image":[{"width":700,"height":700,"url":"https:\/\/paracherkaoui.ma\/wp-content\/uploads\/2025\/12\/manix-sensation-max-10-preservatifs.jpg","type":"image\/jpeg"}],"twitter_card":"summary_large_image","twitter_misc":{"Dur\u00e9e de lecture estim\u00e9e":"1 minute"},"schema":{"@context":"https:\/\/schema.org","@graph":[{"@type":"WebPage","@id":"https:\/\/paracherkaoui.ma\/index.php\/produit\/manix-sensation-max-10-preservatifs\/","url":"https:\/\/paracherkaoui.ma\/index.php\/produit\/manix-sensation-max-10-preservatifs\/","name":"MANIX SENSATION MAX 10 PRESERVATIFS - Paracherkaoui.ma","isPartOf":{"@id":"https:\/\/paracherkaoui.ma\/#website"},"primaryImageOfPage":{"@id":"https:\/\/paracherkaoui.ma\/index.php\/produit\/manix-sensation-max-10-preservatifs\/#primaryimage"},"image":{"@id":"https:\/\/paracherkaoui.ma\/index.php\/produit\/manix-sensation-max-10-preservatifs\/#primaryimage"},"thumbnailUrl":"https:\/\/paracherkaoui.ma\/wp-content\/uploads\/2025\/12\/manix-sensation-max-10-preservatifs.jpg","datePublished":"2025-12-12T17:55:00+00:00","dateModified":"2025-12-12T17:55:03+00:00","breadcrumb":{"@id":"https:\/\/paracherkaoui.ma\/index.php\/produit\/manix-sensation-max-10-preservatifs\/#breadcrumb"},"inLanguage":"fr-FR","potentialAction":[{"@type":"ReadAction","target":["https:\/\/paracherkaoui.ma\/index.php\/produit\/manix-sensation-max-10-preservatifs\/"]}]},{"@type":"ImageObject","inLanguage":"fr-FR","@id":"https:\/\/paracherkaoui.ma\/index.php\/produit\/manix-sensation-max-10-preservatifs\/#primaryimage","url":"https:\/\/paracherkaoui.ma\/wp-content\/uploads\/2025\/12\/manix-sensation-max-10-preservatifs.jpg","contentUrl":"https:\/\/paracherkaoui.ma\/wp-content\/uploads\/2025\/12\/manix-sensation-max-10-preservatifs.jpg","width":700,"height":700},{"@type":"BreadcrumbList","@id":"https:\/\/paracherkaoui.ma\/index.php\/produit\/manix-sensation-max-10-preservatifs\/#breadcrumb","itemListElement":[{"@type":"ListItem","position":1,"name":"Accueil","item":"https:\/\/paracherkaoui.ma\/"},{"@type":"ListItem","position":2,"name":"Boutique","item":"https:\/\/paracherkaoui.ma\/index.php\/boutique\/"},{"@type":"ListItem","position":3,"name":"MANIX SENSATION MAX 10 PRESERVATIFS"}]},{"@type":"WebSite","@id":"https:\/\/paracherkaoui.ma\/#website","url":"https:\/\/paracherkaoui.ma\/","name":"Paracherkaoui.ma","description":"Achetez en ligne sur Paracherkaoui.ma","potentialAction":[{"@type":"SearchAction","target":{"@type":"EntryPoint","urlTemplate":"https:\/\/paracherkaoui.ma\/?s={search_term_string}"},"query-input":{"@type":"PropertyValueSpecification","valueRequired":true,"valueName":"search_term_string"}}],"inLanguage":"fr-FR"}]}},"_links":{"self":[{"href":"https:\/\/paracherkaoui.ma\/index.php\/wp-json\/wp\/v2\/product\/35820","targetHints":{"allow":["GET"]}}],"collection":[{"href":"https:\/\/paracherkaoui.ma\/index.php\/wp-json\/wp\/v2\/product"}],"about":[{"href":"https:\/\/paracherkaoui.ma\/index.php\/wp-json\/wp\/v2\/types\/product"}],"replies":[{"embeddable":true,"href":"https:\/\/paracherkaoui.ma\/index.php\/wp-json\/wp\/v2\/comments?post=35820"}],"version-history":[{"count":1,"href":"https:\/\/paracherkaoui.ma\/index.php\/wp-json\/wp\/v2\/product\/35820\/revisions"}],"predecessor-version":[{"id":35854,"href":"https:\/\/paracherkaoui.ma\/index.php\/wp-json\/wp\/v2\/product\/35820\/revisions\/35854"}],"wp:featuredmedia":[{"embeddable":true,"href":"https:\/\/paracherkaoui.ma\/index.php\/wp-json\/wp\/v2\/media\/35853"}],"wp:attachment":[{"href":"https:\/\/paracherkaoui.ma\/index.php\/wp-json\/wp\/v2\/media?parent=35820"}],"wp:term":[{"taxonomy":"product_brand","embeddable":true,"href":"https:\/\/paracherkaoui.ma\/index.php\/wp-json\/wp\/v2\/product_brand?post=35820"},{"taxonomy":"product_cat","embeddable":true,"href":"https:\/\/paracherkaoui.ma\/index.php\/wp-json\/wp\/v2\/product_cat?post=35820"},{"taxonomy":"product_tag","embeddable":true,"href":"https:\/\/paracherkaoui.ma\/index.php\/wp-json\/wp\/v2\/product_tag?post=35820"}],"curies":[{"name":"wp","href":"https:\/\/api.w.org\/{rel}","templated":true}]}}