{"id":35594,"date":"2025-12-12T18:54:25","date_gmt":"2025-12-12T17:54:25","guid":{"rendered":"https:\/\/test.ecbeaute.com\/?post_type=product&#038;p=35594"},"modified":"2025-12-12T18:54:30","modified_gmt":"2025-12-12T17:54:30","slug":"neutraderm-gel-douche-micellaire-dermo-apaisant-200ml","status":"publish","type":"product","link":"https:\/\/paracherkaoui.ma\/index.php\/produit\/neutraderm-gel-douche-micellaire-dermo-apaisant-200ml\/","title":{"rendered":"NEUTRADERM gel douche micellaire dermo-apaisant 200ml"},"content":{"rendered":"<p>Description:<br \/>\nLe Gel Douche Micellaire Dermo-Protecteur nettoie dans le plus grand respect les peaux r\u00e9actives et sensibles de toute la famille d\u00e8s la naissance.Gr\u00e2ce \u00e0 sa formule hautement concentr\u00e9e en complexe surgraissant, il apaise les sensations d&rsquo;\u00e9chauffement et de tiraillement, prot\u00e8ge le film hydrolipidique et pr\u00e9serve la barri\u00e8re cutan\u00e9e.<br \/>\nConseils d&rsquo;utilisation:<br \/>\nAppliquer sur la peau humide. Faire mousser puis rincer<\/p>\n","protected":false},"excerpt":{"rendered":"<p>Description: Le Gel Douche Micellaire Dermo-Protecteur nettoie dans le plus grand respect les peaux r\u00e9actives et sensibles de toute la<\/p>\n","protected":false},"featured_media":35635,"comment_status":"open","ping_status":"closed","template":"","meta":[],"product_brand":[325],"product_cat":[631],"product_tag":[],"class_list":{"0":"post-35594","1":"product","2":"type-product","3":"status-publish","4":"has-post-thumbnail","6":"product_brand-neutraderm","7":"product_cat-gels-et-huiles-lavants","9":"first","10":"instock","11":"sale","12":"shipping-taxable","13":"purchasable","14":"product-type-simple"},"yoast_head":"<!-- This site is optimized with the Yoast SEO plugin v26.6 - https:\/\/yoast.com\/wordpress\/plugins\/seo\/ -->\r\n<title>NEUTRADERM gel douche micellaire dermo-apaisant 200ml - Paracherkaoui.ma<\/title>\r\n<meta name=\"robots\" content=\"index, follow, max-snippet:-1, max-image-preview:large, max-video-preview:-1\" \/>\r\n<link rel=\"canonical\" href=\"https:\/\/paracherkaoui.ma\/index.php\/produit\/neutraderm-gel-douche-micellaire-dermo-apaisant-200ml\/\" \/>\r\n<meta property=\"og:locale\" content=\"fr_FR\" \/>\r\n<meta property=\"og:type\" content=\"article\" \/>\r\n<meta property=\"og:title\" content=\"NEUTRADERM gel douche micellaire dermo-apaisant 200ml - Paracherkaoui.ma\" \/>\r\n<meta property=\"og:description\" content=\"Description: Le Gel Douche Micellaire Dermo-Protecteur nettoie dans le plus grand respect les peaux r\u00e9actives et sensibles de toute la\" \/>\r\n<meta property=\"og:url\" content=\"https:\/\/paracherkaoui.ma\/index.php\/produit\/neutraderm-gel-douche-micellaire-dermo-apaisant-200ml\/\" \/>\r\n<meta property=\"og:site_name\" content=\"Paracherkaoui.ma\" \/>\r\n<meta property=\"article:modified_time\" content=\"2025-12-12T17:54:30+00:00\" \/>\r\n<meta property=\"og:image\" content=\"https:\/\/paracherkaoui.ma\/wp-content\/uploads\/2025\/12\/neutraderm-neutraderm-gel-douche-micellaire-dermo-apaisant-200ml-gel-douche-et-savon-liquide.jpg\" \/>\r\n\t<meta property=\"og:image:width\" content=\"700\" \/>\r\n\t<meta property=\"og:image:height\" content=\"700\" \/>\r\n\t<meta property=\"og:image:type\" content=\"image\/jpeg\" \/>\r\n<meta name=\"twitter:card\" content=\"summary_large_image\" \/>\r\n<script type=\"application\/ld+json\" class=\"yoast-schema-graph\">{\"@context\":\"https:\/\/schema.org\",\"@graph\":[{\"@type\":\"WebPage\",\"@id\":\"https:\/\/paracherkaoui.ma\/index.php\/produit\/neutraderm-gel-douche-micellaire-dermo-apaisant-200ml\/\",\"url\":\"https:\/\/paracherkaoui.ma\/index.php\/produit\/neutraderm-gel-douche-micellaire-dermo-apaisant-200ml\/\",\"name\":\"NEUTRADERM gel douche micellaire dermo-apaisant 200ml - Paracherkaoui.ma\",\"isPartOf\":{\"@id\":\"https:\/\/paracherkaoui.ma\/#website\"},\"primaryImageOfPage\":{\"@id\":\"https:\/\/paracherkaoui.ma\/index.php\/produit\/neutraderm-gel-douche-micellaire-dermo-apaisant-200ml\/#primaryimage\"},\"image\":{\"@id\":\"https:\/\/paracherkaoui.ma\/index.php\/produit\/neutraderm-gel-douche-micellaire-dermo-apaisant-200ml\/#primaryimage\"},\"thumbnailUrl\":\"https:\/\/paracherkaoui.ma\/wp-content\/uploads\/2025\/12\/neutraderm-neutraderm-gel-douche-micellaire-dermo-apaisant-200ml-gel-douche-et-savon-liquide.jpg\",\"datePublished\":\"2025-12-12T17:54:25+00:00\",\"dateModified\":\"2025-12-12T17:54:30+00:00\",\"breadcrumb\":{\"@id\":\"https:\/\/paracherkaoui.ma\/index.php\/produit\/neutraderm-gel-douche-micellaire-dermo-apaisant-200ml\/#breadcrumb\"},\"inLanguage\":\"fr-FR\",\"potentialAction\":[{\"@type\":\"ReadAction\",\"target\":[\"https:\/\/paracherkaoui.ma\/index.php\/produit\/neutraderm-gel-douche-micellaire-dermo-apaisant-200ml\/\"]}]},{\"@type\":\"ImageObject\",\"inLanguage\":\"fr-FR\",\"@id\":\"https:\/\/paracherkaoui.ma\/index.php\/produit\/neutraderm-gel-douche-micellaire-dermo-apaisant-200ml\/#primaryimage\",\"url\":\"https:\/\/paracherkaoui.ma\/wp-content\/uploads\/2025\/12\/neutraderm-neutraderm-gel-douche-micellaire-dermo-apaisant-200ml-gel-douche-et-savon-liquide.jpg\",\"contentUrl\":\"https:\/\/paracherkaoui.ma\/wp-content\/uploads\/2025\/12\/neutraderm-neutraderm-gel-douche-micellaire-dermo-apaisant-200ml-gel-douche-et-savon-liquide.jpg\",\"width\":700,\"height\":700},{\"@type\":\"BreadcrumbList\",\"@id\":\"https:\/\/paracherkaoui.ma\/index.php\/produit\/neutraderm-gel-douche-micellaire-dermo-apaisant-200ml\/#breadcrumb\",\"itemListElement\":[{\"@type\":\"ListItem\",\"position\":1,\"name\":\"Accueil\",\"item\":\"https:\/\/paracherkaoui.ma\/\"},{\"@type\":\"ListItem\",\"position\":2,\"name\":\"Boutique\",\"item\":\"https:\/\/paracherkaoui.ma\/index.php\/boutique\/\"},{\"@type\":\"ListItem\",\"position\":3,\"name\":\"NEUTRADERM gel douche micellaire dermo-apaisant 200ml\"}]},{\"@type\":\"WebSite\",\"@id\":\"https:\/\/paracherkaoui.ma\/#website\",\"url\":\"https:\/\/paracherkaoui.ma\/\",\"name\":\"Paracherkaoui.ma\",\"description\":\"Achetez en ligne sur Paracherkaoui.ma\",\"potentialAction\":[{\"@type\":\"SearchAction\",\"target\":{\"@type\":\"EntryPoint\",\"urlTemplate\":\"https:\/\/paracherkaoui.ma\/?s={search_term_string}\"},\"query-input\":{\"@type\":\"PropertyValueSpecification\",\"valueRequired\":true,\"valueName\":\"search_term_string\"}}],\"inLanguage\":\"fr-FR\"}]}<\/script>\r\n<!-- \/ Yoast SEO plugin. -->","yoast_head_json":{"title":"NEUTRADERM gel douche micellaire dermo-apaisant 200ml - Paracherkaoui.ma","robots":{"index":"index","follow":"follow","max-snippet":"max-snippet:-1","max-image-preview":"max-image-preview:large","max-video-preview":"max-video-preview:-1"},"canonical":"https:\/\/paracherkaoui.ma\/index.php\/produit\/neutraderm-gel-douche-micellaire-dermo-apaisant-200ml\/","og_locale":"fr_FR","og_type":"article","og_title":"NEUTRADERM gel douche micellaire dermo-apaisant 200ml - Paracherkaoui.ma","og_description":"Description: Le Gel Douche Micellaire Dermo-Protecteur nettoie dans le plus grand respect les peaux r\u00e9actives et sensibles de toute la","og_url":"https:\/\/paracherkaoui.ma\/index.php\/produit\/neutraderm-gel-douche-micellaire-dermo-apaisant-200ml\/","og_site_name":"Paracherkaoui.ma","article_modified_time":"2025-12-12T17:54:30+00:00","og_image":[{"width":700,"height":700,"url":"https:\/\/paracherkaoui.ma\/wp-content\/uploads\/2025\/12\/neutraderm-neutraderm-gel-douche-micellaire-dermo-apaisant-200ml-gel-douche-et-savon-liquide.jpg","type":"image\/jpeg"}],"twitter_card":"summary_large_image","schema":{"@context":"https:\/\/schema.org","@graph":[{"@type":"WebPage","@id":"https:\/\/paracherkaoui.ma\/index.php\/produit\/neutraderm-gel-douche-micellaire-dermo-apaisant-200ml\/","url":"https:\/\/paracherkaoui.ma\/index.php\/produit\/neutraderm-gel-douche-micellaire-dermo-apaisant-200ml\/","name":"NEUTRADERM gel douche micellaire dermo-apaisant 200ml - Paracherkaoui.ma","isPartOf":{"@id":"https:\/\/paracherkaoui.ma\/#website"},"primaryImageOfPage":{"@id":"https:\/\/paracherkaoui.ma\/index.php\/produit\/neutraderm-gel-douche-micellaire-dermo-apaisant-200ml\/#primaryimage"},"image":{"@id":"https:\/\/paracherkaoui.ma\/index.php\/produit\/neutraderm-gel-douche-micellaire-dermo-apaisant-200ml\/#primaryimage"},"thumbnailUrl":"https:\/\/paracherkaoui.ma\/wp-content\/uploads\/2025\/12\/neutraderm-neutraderm-gel-douche-micellaire-dermo-apaisant-200ml-gel-douche-et-savon-liquide.jpg","datePublished":"2025-12-12T17:54:25+00:00","dateModified":"2025-12-12T17:54:30+00:00","breadcrumb":{"@id":"https:\/\/paracherkaoui.ma\/index.php\/produit\/neutraderm-gel-douche-micellaire-dermo-apaisant-200ml\/#breadcrumb"},"inLanguage":"fr-FR","potentialAction":[{"@type":"ReadAction","target":["https:\/\/paracherkaoui.ma\/index.php\/produit\/neutraderm-gel-douche-micellaire-dermo-apaisant-200ml\/"]}]},{"@type":"ImageObject","inLanguage":"fr-FR","@id":"https:\/\/paracherkaoui.ma\/index.php\/produit\/neutraderm-gel-douche-micellaire-dermo-apaisant-200ml\/#primaryimage","url":"https:\/\/paracherkaoui.ma\/wp-content\/uploads\/2025\/12\/neutraderm-neutraderm-gel-douche-micellaire-dermo-apaisant-200ml-gel-douche-et-savon-liquide.jpg","contentUrl":"https:\/\/paracherkaoui.ma\/wp-content\/uploads\/2025\/12\/neutraderm-neutraderm-gel-douche-micellaire-dermo-apaisant-200ml-gel-douche-et-savon-liquide.jpg","width":700,"height":700},{"@type":"BreadcrumbList","@id":"https:\/\/paracherkaoui.ma\/index.php\/produit\/neutraderm-gel-douche-micellaire-dermo-apaisant-200ml\/#breadcrumb","itemListElement":[{"@type":"ListItem","position":1,"name":"Accueil","item":"https:\/\/paracherkaoui.ma\/"},{"@type":"ListItem","position":2,"name":"Boutique","item":"https:\/\/paracherkaoui.ma\/index.php\/boutique\/"},{"@type":"ListItem","position":3,"name":"NEUTRADERM gel douche micellaire dermo-apaisant 200ml"}]},{"@type":"WebSite","@id":"https:\/\/paracherkaoui.ma\/#website","url":"https:\/\/paracherkaoui.ma\/","name":"Paracherkaoui.ma","description":"Achetez en ligne sur Paracherkaoui.ma","potentialAction":[{"@type":"SearchAction","target":{"@type":"EntryPoint","urlTemplate":"https:\/\/paracherkaoui.ma\/?s={search_term_string}"},"query-input":{"@type":"PropertyValueSpecification","valueRequired":true,"valueName":"search_term_string"}}],"inLanguage":"fr-FR"}]}},"_links":{"self":[{"href":"https:\/\/paracherkaoui.ma\/index.php\/wp-json\/wp\/v2\/product\/35594","targetHints":{"allow":["GET"]}}],"collection":[{"href":"https:\/\/paracherkaoui.ma\/index.php\/wp-json\/wp\/v2\/product"}],"about":[{"href":"https:\/\/paracherkaoui.ma\/index.php\/wp-json\/wp\/v2\/types\/product"}],"replies":[{"embeddable":true,"href":"https:\/\/paracherkaoui.ma\/index.php\/wp-json\/wp\/v2\/comments?post=35594"}],"version-history":[{"count":1,"href":"https:\/\/paracherkaoui.ma\/index.php\/wp-json\/wp\/v2\/product\/35594\/revisions"}],"predecessor-version":[{"id":35636,"href":"https:\/\/paracherkaoui.ma\/index.php\/wp-json\/wp\/v2\/product\/35594\/revisions\/35636"}],"wp:featuredmedia":[{"embeddable":true,"href":"https:\/\/paracherkaoui.ma\/index.php\/wp-json\/wp\/v2\/media\/35635"}],"wp:attachment":[{"href":"https:\/\/paracherkaoui.ma\/index.php\/wp-json\/wp\/v2\/media?parent=35594"}],"wp:term":[{"taxonomy":"product_brand","embeddable":true,"href":"https:\/\/paracherkaoui.ma\/index.php\/wp-json\/wp\/v2\/product_brand?post=35594"},{"taxonomy":"product_cat","embeddable":true,"href":"https:\/\/paracherkaoui.ma\/index.php\/wp-json\/wp\/v2\/product_cat?post=35594"},{"taxonomy":"product_tag","embeddable":true,"href":"https:\/\/paracherkaoui.ma\/index.php\/wp-json\/wp\/v2\/product_tag?post=35594"}],"curies":[{"name":"wp","href":"https:\/\/api.w.org\/{rel}","templated":true}]}}