{"id":34522,"date":"2025-12-12T18:52:11","date_gmt":"2025-12-12T17:52:11","guid":{"rendered":"https:\/\/test.ecbeaute.com\/?post_type=product&#038;p=34522"},"modified":"2025-12-12T18:52:16","modified_gmt":"2025-12-12T17:52:16","slug":"vichy-deodorant-mineral-roll-on-48h-2","status":"publish","type":"product","link":"https:\/\/paracherkaoui.ma\/index.php\/produit\/vichy-deodorant-mineral-roll-on-48h-2\/","title":{"rendered":"VICHY DEODORANT MINERAL ROLL ON 48H"},"content":{"rendered":"<p>Gr\u00e2ce \u00e0 sa formule enrichie en eau thermale de Vichy, connue pour ses propri\u00e9t\u00e9s apaisantes et fortifiantes, il hydrate et renforce la barri\u00e8re cutan\u00e9e. Le gluconate de zinc agit comme antibact\u00e9rien et purifiant, limitant la prolif\u00e9ration des bact\u00e9ries responsables des mauvaises odeurs. La provitamine B5 (panth\u00e9nol) calme les irritations et favorise la r\u00e9g\u00e9n\u00e9ration des tissus, tandis que l\u2019acide citrique contribue \u00e0 stabiliser le pH cutan\u00e9 pour une meilleure tol\u00e9rance.<br \/>\nSa texture fluide s\u00e8che rapidement, ne laisse pas de r\u00e9sidus sur les v\u00eatements et diffuse un parfum doux et frais qui vous accompagne tout au long de la journ\u00e9e. Con\u00e7u pour r\u00e9guler la transpiration et neutraliser les odeurs, ce soin quotidien s\u2019adresse particuli\u00e8rement aux personnes allergiques ou intol\u00e9rantes aux sels d\u2019aluminium.<br \/>\nHypoallerg\u00e9nique et test\u00e9 dermatologiquement, il convient \u00e0 un usage quotidien et garantit un confort optimal, m\u00eame apr\u00e8s \u00e9pilation ou sur peau irrit\u00e9e.<br \/>\nConseils d&rsquo;utilisation<br \/>\nAppliquez le d\u00e9odorant tous les matins sur une peau propre et s\u00e8che.<br \/>\nFaites rouler la bille 2 \u00e0 3 fois sous chaque aisselle pour une couverture optimale.<br \/>\nLaissez s\u00e9cher quelques secondes avant de vous habiller.<br \/>\nComposition<br \/>\nAQUA \/ WATER, PROPYLENE GLYCOL, PPG-26-BUTETH-26, STEARETH-100\/PEG-136\/HDI COPOLYMER, PARFUM \/ FRAGRANCE, PEG-40 HYDROGENATED CASTOR OIL, ZINC GLUCONATE, CITRIC ACID, PHENOXYETHANOL, CAPRYLYL GLYCOL, PANTHENOL, CALCIUM CARBONATE, SODIUM CHLORIDE, MAGNESIUM GLUCONATE<\/p>\n","protected":false},"excerpt":{"rendered":"<p>Gr\u00e2ce \u00e0 sa formule enrichie en eau thermale de Vichy, connue pour ses propri\u00e9t\u00e9s apaisantes et fortifiantes, il hydrate et<\/p>\n","protected":false},"featured_media":14240,"comment_status":"open","ping_status":"closed","template":"","meta":[],"product_brand":[139],"product_cat":[623],"product_tag":[],"class_list":{"0":"post-34522","1":"product","2":"type-product","3":"status-publish","4":"has-post-thumbnail","6":"product_brand-vichy","7":"product_cat-anti-transpirants-et-traitements-anti-transpirants","9":"first","10":"instock","11":"sale","12":"shipping-taxable","13":"purchasable","14":"product-type-simple"},"yoast_head":"<!-- This site is optimized with the Yoast SEO plugin v26.6 - https:\/\/yoast.com\/wordpress\/plugins\/seo\/ -->\r\n<title>VICHY DEODORANT MINERAL ROLL ON 48H - Paracherkaoui.ma<\/title>\r\n<meta name=\"robots\" content=\"index, follow, max-snippet:-1, max-image-preview:large, max-video-preview:-1\" \/>\r\n<link rel=\"canonical\" href=\"https:\/\/paracherkaoui.ma\/index.php\/produit\/vichy-deodorant-mineral-roll-on-48h-2\/\" \/>\r\n<meta property=\"og:locale\" content=\"fr_FR\" \/>\r\n<meta property=\"og:type\" content=\"article\" \/>\r\n<meta property=\"og:title\" content=\"VICHY DEODORANT MINERAL ROLL ON 48H - Paracherkaoui.ma\" \/>\r\n<meta property=\"og:description\" content=\"Gr\u00e2ce \u00e0 sa formule enrichie en eau thermale de Vichy, connue pour ses propri\u00e9t\u00e9s apaisantes et fortifiantes, il hydrate et\" \/>\r\n<meta property=\"og:url\" content=\"https:\/\/paracherkaoui.ma\/index.php\/produit\/vichy-deodorant-mineral-roll-on-48h-2\/\" \/>\r\n<meta property=\"og:site_name\" content=\"Paracherkaoui.ma\" \/>\r\n<meta property=\"article:modified_time\" content=\"2025-12-12T17:52:16+00:00\" \/>\r\n<meta property=\"og:image\" content=\"https:\/\/paracherkaoui.ma\/wp-content\/uploads\/2025\/12\/vichy-vichy-deodorant-mineral-roll-on-48h-deodorants.jpg\" \/>\r\n\t<meta property=\"og:image:width\" content=\"700\" \/>\r\n\t<meta property=\"og:image:height\" content=\"700\" \/>\r\n\t<meta property=\"og:image:type\" content=\"image\/jpeg\" \/>\r\n<meta name=\"twitter:card\" content=\"summary_large_image\" \/>\r\n<meta name=\"twitter:label1\" content=\"Dur\u00e9e de lecture estim\u00e9e\" \/>\n\t<meta name=\"twitter:data1\" content=\"1 minute\" \/>\r\n<script type=\"application\/ld+json\" class=\"yoast-schema-graph\">{\"@context\":\"https:\/\/schema.org\",\"@graph\":[{\"@type\":\"WebPage\",\"@id\":\"https:\/\/paracherkaoui.ma\/index.php\/produit\/vichy-deodorant-mineral-roll-on-48h-2\/\",\"url\":\"https:\/\/paracherkaoui.ma\/index.php\/produit\/vichy-deodorant-mineral-roll-on-48h-2\/\",\"name\":\"VICHY DEODORANT MINERAL ROLL ON 48H - Paracherkaoui.ma\",\"isPartOf\":{\"@id\":\"https:\/\/paracherkaoui.ma\/#website\"},\"primaryImageOfPage\":{\"@id\":\"https:\/\/paracherkaoui.ma\/index.php\/produit\/vichy-deodorant-mineral-roll-on-48h-2\/#primaryimage\"},\"image\":{\"@id\":\"https:\/\/paracherkaoui.ma\/index.php\/produit\/vichy-deodorant-mineral-roll-on-48h-2\/#primaryimage\"},\"thumbnailUrl\":\"https:\/\/paracherkaoui.ma\/wp-content\/uploads\/2025\/12\/vichy-vichy-deodorant-mineral-roll-on-48h-deodorants.jpg\",\"datePublished\":\"2025-12-12T17:52:11+00:00\",\"dateModified\":\"2025-12-12T17:52:16+00:00\",\"breadcrumb\":{\"@id\":\"https:\/\/paracherkaoui.ma\/index.php\/produit\/vichy-deodorant-mineral-roll-on-48h-2\/#breadcrumb\"},\"inLanguage\":\"fr-FR\",\"potentialAction\":[{\"@type\":\"ReadAction\",\"target\":[\"https:\/\/paracherkaoui.ma\/index.php\/produit\/vichy-deodorant-mineral-roll-on-48h-2\/\"]}]},{\"@type\":\"ImageObject\",\"inLanguage\":\"fr-FR\",\"@id\":\"https:\/\/paracherkaoui.ma\/index.php\/produit\/vichy-deodorant-mineral-roll-on-48h-2\/#primaryimage\",\"url\":\"https:\/\/paracherkaoui.ma\/wp-content\/uploads\/2025\/12\/vichy-vichy-deodorant-mineral-roll-on-48h-deodorants.jpg\",\"contentUrl\":\"https:\/\/paracherkaoui.ma\/wp-content\/uploads\/2025\/12\/vichy-vichy-deodorant-mineral-roll-on-48h-deodorants.jpg\",\"width\":700,\"height\":700},{\"@type\":\"BreadcrumbList\",\"@id\":\"https:\/\/paracherkaoui.ma\/index.php\/produit\/vichy-deodorant-mineral-roll-on-48h-2\/#breadcrumb\",\"itemListElement\":[{\"@type\":\"ListItem\",\"position\":1,\"name\":\"Accueil\",\"item\":\"https:\/\/paracherkaoui.ma\/\"},{\"@type\":\"ListItem\",\"position\":2,\"name\":\"Boutique\",\"item\":\"https:\/\/paracherkaoui.ma\/index.php\/boutique\/\"},{\"@type\":\"ListItem\",\"position\":3,\"name\":\"VICHY DEODORANT MINERAL ROLL ON 48H\"}]},{\"@type\":\"WebSite\",\"@id\":\"https:\/\/paracherkaoui.ma\/#website\",\"url\":\"https:\/\/paracherkaoui.ma\/\",\"name\":\"Paracherkaoui.ma\",\"description\":\"Achetez en ligne sur Paracherkaoui.ma\",\"potentialAction\":[{\"@type\":\"SearchAction\",\"target\":{\"@type\":\"EntryPoint\",\"urlTemplate\":\"https:\/\/paracherkaoui.ma\/?s={search_term_string}\"},\"query-input\":{\"@type\":\"PropertyValueSpecification\",\"valueRequired\":true,\"valueName\":\"search_term_string\"}}],\"inLanguage\":\"fr-FR\"}]}<\/script>\r\n<!-- \/ Yoast SEO plugin. -->","yoast_head_json":{"title":"VICHY DEODORANT MINERAL ROLL ON 48H - Paracherkaoui.ma","robots":{"index":"index","follow":"follow","max-snippet":"max-snippet:-1","max-image-preview":"max-image-preview:large","max-video-preview":"max-video-preview:-1"},"canonical":"https:\/\/paracherkaoui.ma\/index.php\/produit\/vichy-deodorant-mineral-roll-on-48h-2\/","og_locale":"fr_FR","og_type":"article","og_title":"VICHY DEODORANT MINERAL ROLL ON 48H - Paracherkaoui.ma","og_description":"Gr\u00e2ce \u00e0 sa formule enrichie en eau thermale de Vichy, connue pour ses propri\u00e9t\u00e9s apaisantes et fortifiantes, il hydrate et","og_url":"https:\/\/paracherkaoui.ma\/index.php\/produit\/vichy-deodorant-mineral-roll-on-48h-2\/","og_site_name":"Paracherkaoui.ma","article_modified_time":"2025-12-12T17:52:16+00:00","og_image":[{"width":700,"height":700,"url":"https:\/\/paracherkaoui.ma\/wp-content\/uploads\/2025\/12\/vichy-vichy-deodorant-mineral-roll-on-48h-deodorants.jpg","type":"image\/jpeg"}],"twitter_card":"summary_large_image","twitter_misc":{"Dur\u00e9e de lecture estim\u00e9e":"1 minute"},"schema":{"@context":"https:\/\/schema.org","@graph":[{"@type":"WebPage","@id":"https:\/\/paracherkaoui.ma\/index.php\/produit\/vichy-deodorant-mineral-roll-on-48h-2\/","url":"https:\/\/paracherkaoui.ma\/index.php\/produit\/vichy-deodorant-mineral-roll-on-48h-2\/","name":"VICHY DEODORANT MINERAL ROLL ON 48H - Paracherkaoui.ma","isPartOf":{"@id":"https:\/\/paracherkaoui.ma\/#website"},"primaryImageOfPage":{"@id":"https:\/\/paracherkaoui.ma\/index.php\/produit\/vichy-deodorant-mineral-roll-on-48h-2\/#primaryimage"},"image":{"@id":"https:\/\/paracherkaoui.ma\/index.php\/produit\/vichy-deodorant-mineral-roll-on-48h-2\/#primaryimage"},"thumbnailUrl":"https:\/\/paracherkaoui.ma\/wp-content\/uploads\/2025\/12\/vichy-vichy-deodorant-mineral-roll-on-48h-deodorants.jpg","datePublished":"2025-12-12T17:52:11+00:00","dateModified":"2025-12-12T17:52:16+00:00","breadcrumb":{"@id":"https:\/\/paracherkaoui.ma\/index.php\/produit\/vichy-deodorant-mineral-roll-on-48h-2\/#breadcrumb"},"inLanguage":"fr-FR","potentialAction":[{"@type":"ReadAction","target":["https:\/\/paracherkaoui.ma\/index.php\/produit\/vichy-deodorant-mineral-roll-on-48h-2\/"]}]},{"@type":"ImageObject","inLanguage":"fr-FR","@id":"https:\/\/paracherkaoui.ma\/index.php\/produit\/vichy-deodorant-mineral-roll-on-48h-2\/#primaryimage","url":"https:\/\/paracherkaoui.ma\/wp-content\/uploads\/2025\/12\/vichy-vichy-deodorant-mineral-roll-on-48h-deodorants.jpg","contentUrl":"https:\/\/paracherkaoui.ma\/wp-content\/uploads\/2025\/12\/vichy-vichy-deodorant-mineral-roll-on-48h-deodorants.jpg","width":700,"height":700},{"@type":"BreadcrumbList","@id":"https:\/\/paracherkaoui.ma\/index.php\/produit\/vichy-deodorant-mineral-roll-on-48h-2\/#breadcrumb","itemListElement":[{"@type":"ListItem","position":1,"name":"Accueil","item":"https:\/\/paracherkaoui.ma\/"},{"@type":"ListItem","position":2,"name":"Boutique","item":"https:\/\/paracherkaoui.ma\/index.php\/boutique\/"},{"@type":"ListItem","position":3,"name":"VICHY DEODORANT MINERAL ROLL ON 48H"}]},{"@type":"WebSite","@id":"https:\/\/paracherkaoui.ma\/#website","url":"https:\/\/paracherkaoui.ma\/","name":"Paracherkaoui.ma","description":"Achetez en ligne sur Paracherkaoui.ma","potentialAction":[{"@type":"SearchAction","target":{"@type":"EntryPoint","urlTemplate":"https:\/\/paracherkaoui.ma\/?s={search_term_string}"},"query-input":{"@type":"PropertyValueSpecification","valueRequired":true,"valueName":"search_term_string"}}],"inLanguage":"fr-FR"}]}},"_links":{"self":[{"href":"https:\/\/paracherkaoui.ma\/index.php\/wp-json\/wp\/v2\/product\/34522","targetHints":{"allow":["GET"]}}],"collection":[{"href":"https:\/\/paracherkaoui.ma\/index.php\/wp-json\/wp\/v2\/product"}],"about":[{"href":"https:\/\/paracherkaoui.ma\/index.php\/wp-json\/wp\/v2\/types\/product"}],"replies":[{"embeddable":true,"href":"https:\/\/paracherkaoui.ma\/index.php\/wp-json\/wp\/v2\/comments?post=34522"}],"version-history":[{"count":1,"href":"https:\/\/paracherkaoui.ma\/index.php\/wp-json\/wp\/v2\/product\/34522\/revisions"}],"predecessor-version":[{"id":34572,"href":"https:\/\/paracherkaoui.ma\/index.php\/wp-json\/wp\/v2\/product\/34522\/revisions\/34572"}],"wp:featuredmedia":[{"embeddable":true,"href":"https:\/\/paracherkaoui.ma\/index.php\/wp-json\/wp\/v2\/media\/14240"}],"wp:attachment":[{"href":"https:\/\/paracherkaoui.ma\/index.php\/wp-json\/wp\/v2\/media?parent=34522"}],"wp:term":[{"taxonomy":"product_brand","embeddable":true,"href":"https:\/\/paracherkaoui.ma\/index.php\/wp-json\/wp\/v2\/product_brand?post=34522"},{"taxonomy":"product_cat","embeddable":true,"href":"https:\/\/paracherkaoui.ma\/index.php\/wp-json\/wp\/v2\/product_cat?post=34522"},{"taxonomy":"product_tag","embeddable":true,"href":"https:\/\/paracherkaoui.ma\/index.php\/wp-json\/wp\/v2\/product_tag?post=34522"}],"curies":[{"name":"wp","href":"https:\/\/api.w.org\/{rel}","templated":true}]}}