{"id":34512,"date":"2025-12-12T18:52:10","date_gmt":"2025-12-12T17:52:10","guid":{"rendered":"https:\/\/test.ecbeaute.com\/?post_type=product&#038;p=34512"},"modified":"2025-12-12T18:52:14","modified_gmt":"2025-12-12T17:52:14","slug":"lea-nature-eau-thermale-jonzac-deo-soin-24h-haute-tolerance-50-ml","status":"publish","type":"product","link":"https:\/\/paracherkaoui.ma\/index.php\/produit\/lea-nature-eau-thermale-jonzac-deo-soin-24h-haute-tolerance-50-ml\/","title":{"rendered":"LEA NATURE EAU THERMALE JONZAC DEO SOIN 24H HAUTE TOLERANCE 50 ML"},"content":{"rendered":"<p>LEALe d\u00e9o soin haute tol\u00e9rance Nutritive Eau thermale Jonzac respecte les peaux sensibilis\u00e9es par les gels douches, les rasages, les \u00e9pilations.<br \/>\nL\u2019eau thermale de Jonzac se caract\u00e9rise par sa puret\u00e9, sa douceur et son hypermin\u00e9ralisation uniques. Isotonique, elle pr\u00e9serve l\u2019int\u00e9grit\u00e9 des cellules cutan\u00e9es. L\u2019eau thermale de Jonzac est puis\u00e9e d\u2019un aquif\u00e8re profond de 1850m sous la surface terrestre. Plusieurs \u00e9tudes confirment son effet sur la peau : l\u2019eau thermale de Jonzac favorise la r\u00e9g\u00e9n\u00e9ration cutan\u00e9e. Son action anti-inflammatoire apaise les peaux sensibles. Jour apr\u00e8s jour, l\u2019eau thermale de Jonzac r\u00e9g\u00e9n\u00e8re les cellules cutan\u00e9es et embellit l\u2019\u00e9piderme. Profitez des bienfaits de cet actif pr\u00e9sent dans le d\u00e9o soin haute tol\u00e9rance 24h Nutritive !<br \/>\nConseils d&rsquo;utilisation:<br \/>\nApr\u00e8s la douche, appliquez le d\u00e9odorant haute tol\u00e9rance Nutritive sur vos aisselles.<\/p>\n","protected":false},"excerpt":{"rendered":"<p>LEALe d\u00e9o soin haute tol\u00e9rance Nutritive Eau thermale Jonzac respecte les peaux sensibilis\u00e9es par les gels douches, les rasages, les<\/p>\n","protected":false},"featured_media":34554,"comment_status":"open","ping_status":"closed","template":"","meta":[],"product_brand":[373],"product_cat":[623],"product_tag":[],"class_list":{"0":"post-34512","1":"product","2":"type-product","3":"status-publish","4":"has-post-thumbnail","6":"product_brand-lea-nature","7":"product_cat-anti-transpirants-et-traitements-anti-transpirants","9":"first","10":"instock","11":"sale","12":"shipping-taxable","13":"purchasable","14":"product-type-simple"},"yoast_head":"<!-- This site is optimized with the Yoast SEO plugin v26.6 - https:\/\/yoast.com\/wordpress\/plugins\/seo\/ -->\r\n<title>LEA NATURE EAU THERMALE JONZAC DEO SOIN 24H HAUTE TOLERANCE 50 ML - Paracherkaoui.ma<\/title>\r\n<meta name=\"robots\" content=\"index, follow, max-snippet:-1, max-image-preview:large, max-video-preview:-1\" \/>\r\n<link rel=\"canonical\" href=\"https:\/\/paracherkaoui.ma\/index.php\/produit\/lea-nature-eau-thermale-jonzac-deo-soin-24h-haute-tolerance-50-ml\/\" \/>\r\n<meta property=\"og:locale\" content=\"fr_FR\" \/>\r\n<meta property=\"og:type\" content=\"article\" \/>\r\n<meta property=\"og:title\" content=\"LEA NATURE EAU THERMALE JONZAC DEO SOIN 24H HAUTE TOLERANCE 50 ML - Paracherkaoui.ma\" \/>\r\n<meta property=\"og:description\" content=\"LEALe d\u00e9o soin haute tol\u00e9rance Nutritive Eau thermale Jonzac respecte les peaux sensibilis\u00e9es par les gels douches, les rasages, les\" \/>\r\n<meta property=\"og:url\" content=\"https:\/\/paracherkaoui.ma\/index.php\/produit\/lea-nature-eau-thermale-jonzac-deo-soin-24h-haute-tolerance-50-ml\/\" \/>\r\n<meta property=\"og:site_name\" content=\"Paracherkaoui.ma\" \/>\r\n<meta property=\"article:modified_time\" content=\"2025-12-12T17:52:14+00:00\" \/>\r\n<meta property=\"og:image\" content=\"https:\/\/paracherkaoui.ma\/wp-content\/uploads\/2025\/12\/lea-nature-lea-nature-eau-thermale-jonzac-deo-soin-24h-haute-tolerance-50-ml-home.jpg\" \/>\r\n\t<meta property=\"og:image:width\" content=\"700\" \/>\r\n\t<meta property=\"og:image:height\" content=\"700\" \/>\r\n\t<meta property=\"og:image:type\" content=\"image\/jpeg\" \/>\r\n<meta name=\"twitter:card\" content=\"summary_large_image\" \/>\r\n<meta name=\"twitter:label1\" content=\"Dur\u00e9e de lecture estim\u00e9e\" \/>\n\t<meta name=\"twitter:data1\" content=\"1 minute\" \/>\r\n<script type=\"application\/ld+json\" class=\"yoast-schema-graph\">{\"@context\":\"https:\/\/schema.org\",\"@graph\":[{\"@type\":\"WebPage\",\"@id\":\"https:\/\/paracherkaoui.ma\/index.php\/produit\/lea-nature-eau-thermale-jonzac-deo-soin-24h-haute-tolerance-50-ml\/\",\"url\":\"https:\/\/paracherkaoui.ma\/index.php\/produit\/lea-nature-eau-thermale-jonzac-deo-soin-24h-haute-tolerance-50-ml\/\",\"name\":\"LEA NATURE EAU THERMALE JONZAC DEO SOIN 24H HAUTE TOLERANCE 50 ML - Paracherkaoui.ma\",\"isPartOf\":{\"@id\":\"https:\/\/paracherkaoui.ma\/#website\"},\"primaryImageOfPage\":{\"@id\":\"https:\/\/paracherkaoui.ma\/index.php\/produit\/lea-nature-eau-thermale-jonzac-deo-soin-24h-haute-tolerance-50-ml\/#primaryimage\"},\"image\":{\"@id\":\"https:\/\/paracherkaoui.ma\/index.php\/produit\/lea-nature-eau-thermale-jonzac-deo-soin-24h-haute-tolerance-50-ml\/#primaryimage\"},\"thumbnailUrl\":\"https:\/\/paracherkaoui.ma\/wp-content\/uploads\/2025\/12\/lea-nature-lea-nature-eau-thermale-jonzac-deo-soin-24h-haute-tolerance-50-ml-home.jpg\",\"datePublished\":\"2025-12-12T17:52:10+00:00\",\"dateModified\":\"2025-12-12T17:52:14+00:00\",\"breadcrumb\":{\"@id\":\"https:\/\/paracherkaoui.ma\/index.php\/produit\/lea-nature-eau-thermale-jonzac-deo-soin-24h-haute-tolerance-50-ml\/#breadcrumb\"},\"inLanguage\":\"fr-FR\",\"potentialAction\":[{\"@type\":\"ReadAction\",\"target\":[\"https:\/\/paracherkaoui.ma\/index.php\/produit\/lea-nature-eau-thermale-jonzac-deo-soin-24h-haute-tolerance-50-ml\/\"]}]},{\"@type\":\"ImageObject\",\"inLanguage\":\"fr-FR\",\"@id\":\"https:\/\/paracherkaoui.ma\/index.php\/produit\/lea-nature-eau-thermale-jonzac-deo-soin-24h-haute-tolerance-50-ml\/#primaryimage\",\"url\":\"https:\/\/paracherkaoui.ma\/wp-content\/uploads\/2025\/12\/lea-nature-lea-nature-eau-thermale-jonzac-deo-soin-24h-haute-tolerance-50-ml-home.jpg\",\"contentUrl\":\"https:\/\/paracherkaoui.ma\/wp-content\/uploads\/2025\/12\/lea-nature-lea-nature-eau-thermale-jonzac-deo-soin-24h-haute-tolerance-50-ml-home.jpg\",\"width\":700,\"height\":700},{\"@type\":\"BreadcrumbList\",\"@id\":\"https:\/\/paracherkaoui.ma\/index.php\/produit\/lea-nature-eau-thermale-jonzac-deo-soin-24h-haute-tolerance-50-ml\/#breadcrumb\",\"itemListElement\":[{\"@type\":\"ListItem\",\"position\":1,\"name\":\"Accueil\",\"item\":\"https:\/\/paracherkaoui.ma\/\"},{\"@type\":\"ListItem\",\"position\":2,\"name\":\"Boutique\",\"item\":\"https:\/\/paracherkaoui.ma\/index.php\/boutique\/\"},{\"@type\":\"ListItem\",\"position\":3,\"name\":\"LEA NATURE EAU THERMALE JONZAC DEO SOIN 24H HAUTE TOLERANCE 50 ML\"}]},{\"@type\":\"WebSite\",\"@id\":\"https:\/\/paracherkaoui.ma\/#website\",\"url\":\"https:\/\/paracherkaoui.ma\/\",\"name\":\"Paracherkaoui.ma\",\"description\":\"Achetez en ligne sur Paracherkaoui.ma\",\"potentialAction\":[{\"@type\":\"SearchAction\",\"target\":{\"@type\":\"EntryPoint\",\"urlTemplate\":\"https:\/\/paracherkaoui.ma\/?s={search_term_string}\"},\"query-input\":{\"@type\":\"PropertyValueSpecification\",\"valueRequired\":true,\"valueName\":\"search_term_string\"}}],\"inLanguage\":\"fr-FR\"}]}<\/script>\r\n<!-- \/ Yoast SEO plugin. -->","yoast_head_json":{"title":"LEA NATURE EAU THERMALE JONZAC DEO SOIN 24H HAUTE TOLERANCE 50 ML - Paracherkaoui.ma","robots":{"index":"index","follow":"follow","max-snippet":"max-snippet:-1","max-image-preview":"max-image-preview:large","max-video-preview":"max-video-preview:-1"},"canonical":"https:\/\/paracherkaoui.ma\/index.php\/produit\/lea-nature-eau-thermale-jonzac-deo-soin-24h-haute-tolerance-50-ml\/","og_locale":"fr_FR","og_type":"article","og_title":"LEA NATURE EAU THERMALE JONZAC DEO SOIN 24H HAUTE TOLERANCE 50 ML - Paracherkaoui.ma","og_description":"LEALe d\u00e9o soin haute tol\u00e9rance Nutritive Eau thermale Jonzac respecte les peaux sensibilis\u00e9es par les gels douches, les rasages, les","og_url":"https:\/\/paracherkaoui.ma\/index.php\/produit\/lea-nature-eau-thermale-jonzac-deo-soin-24h-haute-tolerance-50-ml\/","og_site_name":"Paracherkaoui.ma","article_modified_time":"2025-12-12T17:52:14+00:00","og_image":[{"width":700,"height":700,"url":"https:\/\/paracherkaoui.ma\/wp-content\/uploads\/2025\/12\/lea-nature-lea-nature-eau-thermale-jonzac-deo-soin-24h-haute-tolerance-50-ml-home.jpg","type":"image\/jpeg"}],"twitter_card":"summary_large_image","twitter_misc":{"Dur\u00e9e de lecture estim\u00e9e":"1 minute"},"schema":{"@context":"https:\/\/schema.org","@graph":[{"@type":"WebPage","@id":"https:\/\/paracherkaoui.ma\/index.php\/produit\/lea-nature-eau-thermale-jonzac-deo-soin-24h-haute-tolerance-50-ml\/","url":"https:\/\/paracherkaoui.ma\/index.php\/produit\/lea-nature-eau-thermale-jonzac-deo-soin-24h-haute-tolerance-50-ml\/","name":"LEA NATURE EAU THERMALE JONZAC DEO SOIN 24H HAUTE TOLERANCE 50 ML - Paracherkaoui.ma","isPartOf":{"@id":"https:\/\/paracherkaoui.ma\/#website"},"primaryImageOfPage":{"@id":"https:\/\/paracherkaoui.ma\/index.php\/produit\/lea-nature-eau-thermale-jonzac-deo-soin-24h-haute-tolerance-50-ml\/#primaryimage"},"image":{"@id":"https:\/\/paracherkaoui.ma\/index.php\/produit\/lea-nature-eau-thermale-jonzac-deo-soin-24h-haute-tolerance-50-ml\/#primaryimage"},"thumbnailUrl":"https:\/\/paracherkaoui.ma\/wp-content\/uploads\/2025\/12\/lea-nature-lea-nature-eau-thermale-jonzac-deo-soin-24h-haute-tolerance-50-ml-home.jpg","datePublished":"2025-12-12T17:52:10+00:00","dateModified":"2025-12-12T17:52:14+00:00","breadcrumb":{"@id":"https:\/\/paracherkaoui.ma\/index.php\/produit\/lea-nature-eau-thermale-jonzac-deo-soin-24h-haute-tolerance-50-ml\/#breadcrumb"},"inLanguage":"fr-FR","potentialAction":[{"@type":"ReadAction","target":["https:\/\/paracherkaoui.ma\/index.php\/produit\/lea-nature-eau-thermale-jonzac-deo-soin-24h-haute-tolerance-50-ml\/"]}]},{"@type":"ImageObject","inLanguage":"fr-FR","@id":"https:\/\/paracherkaoui.ma\/index.php\/produit\/lea-nature-eau-thermale-jonzac-deo-soin-24h-haute-tolerance-50-ml\/#primaryimage","url":"https:\/\/paracherkaoui.ma\/wp-content\/uploads\/2025\/12\/lea-nature-lea-nature-eau-thermale-jonzac-deo-soin-24h-haute-tolerance-50-ml-home.jpg","contentUrl":"https:\/\/paracherkaoui.ma\/wp-content\/uploads\/2025\/12\/lea-nature-lea-nature-eau-thermale-jonzac-deo-soin-24h-haute-tolerance-50-ml-home.jpg","width":700,"height":700},{"@type":"BreadcrumbList","@id":"https:\/\/paracherkaoui.ma\/index.php\/produit\/lea-nature-eau-thermale-jonzac-deo-soin-24h-haute-tolerance-50-ml\/#breadcrumb","itemListElement":[{"@type":"ListItem","position":1,"name":"Accueil","item":"https:\/\/paracherkaoui.ma\/"},{"@type":"ListItem","position":2,"name":"Boutique","item":"https:\/\/paracherkaoui.ma\/index.php\/boutique\/"},{"@type":"ListItem","position":3,"name":"LEA NATURE EAU THERMALE JONZAC DEO SOIN 24H HAUTE TOLERANCE 50 ML"}]},{"@type":"WebSite","@id":"https:\/\/paracherkaoui.ma\/#website","url":"https:\/\/paracherkaoui.ma\/","name":"Paracherkaoui.ma","description":"Achetez en ligne sur Paracherkaoui.ma","potentialAction":[{"@type":"SearchAction","target":{"@type":"EntryPoint","urlTemplate":"https:\/\/paracherkaoui.ma\/?s={search_term_string}"},"query-input":{"@type":"PropertyValueSpecification","valueRequired":true,"valueName":"search_term_string"}}],"inLanguage":"fr-FR"}]}},"_links":{"self":[{"href":"https:\/\/paracherkaoui.ma\/index.php\/wp-json\/wp\/v2\/product\/34512","targetHints":{"allow":["GET"]}}],"collection":[{"href":"https:\/\/paracherkaoui.ma\/index.php\/wp-json\/wp\/v2\/product"}],"about":[{"href":"https:\/\/paracherkaoui.ma\/index.php\/wp-json\/wp\/v2\/types\/product"}],"replies":[{"embeddable":true,"href":"https:\/\/paracherkaoui.ma\/index.php\/wp-json\/wp\/v2\/comments?post=34512"}],"version-history":[{"count":1,"href":"https:\/\/paracherkaoui.ma\/index.php\/wp-json\/wp\/v2\/product\/34512\/revisions"}],"predecessor-version":[{"id":34555,"href":"https:\/\/paracherkaoui.ma\/index.php\/wp-json\/wp\/v2\/product\/34512\/revisions\/34555"}],"wp:featuredmedia":[{"embeddable":true,"href":"https:\/\/paracherkaoui.ma\/index.php\/wp-json\/wp\/v2\/media\/34554"}],"wp:attachment":[{"href":"https:\/\/paracherkaoui.ma\/index.php\/wp-json\/wp\/v2\/media?parent=34512"}],"wp:term":[{"taxonomy":"product_brand","embeddable":true,"href":"https:\/\/paracherkaoui.ma\/index.php\/wp-json\/wp\/v2\/product_brand?post=34512"},{"taxonomy":"product_cat","embeddable":true,"href":"https:\/\/paracherkaoui.ma\/index.php\/wp-json\/wp\/v2\/product_cat?post=34512"},{"taxonomy":"product_tag","embeddable":true,"href":"https:\/\/paracherkaoui.ma\/index.php\/wp-json\/wp\/v2\/product_tag?post=34512"}],"curies":[{"name":"wp","href":"https:\/\/api.w.org\/{rel}","templated":true}]}}