{"id":34443,"date":"2025-12-12T18:52:03","date_gmt":"2025-12-12T17:52:03","guid":{"rendered":"https:\/\/test.ecbeaute.com\/?post_type=product&#038;p=34443"},"modified":"2025-12-12T18:52:08","modified_gmt":"2025-12-12T17:52:08","slug":"vichy-deodorant-anti-transpirant-48h-aerosol-125-ml-2","status":"publish","type":"product","link":"https:\/\/paracherkaoui.ma\/index.php\/produit\/vichy-deodorant-anti-transpirant-48h-aerosol-125-ml-2\/","title":{"rendered":"VICHY DEODORANT ANTI TRANSPIRANT 48H AEROSOL 125 ML"},"content":{"rendered":"<p>Gr\u00e2ce \u00e0 sa formule enrichie en actifs anti-transpirants micro-affin\u00e9s, ce d\u00e9odorant agit directement au niveau des pores sudoraux pour r\u00e9duire la production de sueur, limiter l\u2019humidit\u00e9 et pr\u00e9venir les mauvaises odeurs. Il contient \u00e9galement du dim\u00e9thicone, un agent \u00e9mollient reconnu pour adoucir, prot\u00e9ger et renforcer la barri\u00e8re cutan\u00e9e, ainsi que la pr\u00e9cieuse Eau Thermale de Vichy, connue pour ses propri\u00e9t\u00e9s apaisantes, hydratantes et remin\u00e9ralisantes.<br \/>\nCe soin en a\u00e9rosol est sans alcool, sans parab\u00e8ne et hypoallerg\u00e9nique, ce qui en fait une solution id\u00e9ale pour les personnes sujettes \u00e0 l\u2019hyperhidrose l\u00e9g\u00e8re ou \u00e0 la transpiration intense. Il ne laisse aucune trace sur les v\u00eatements et garantit un confort longue dur\u00e9e sans irritation.<br \/>\nPratique \u00e0 utiliser au quotidien, son application vous procure une sensation imm\u00e9diate de fra\u00eecheur et de propret\u00e9, tout en laissant votre peau saine et prot\u00e9g\u00e9e.<br \/>\nConseils d&rsquo;utilisation<br \/>\n\u00c0 utiliser quotidiennement sur peau propre et s\u00e8che.<br \/>\nBien agiter l\u2019a\u00e9rosol avant usage.<br \/>\nVaporiser \u00e0 15 cm des aisselles, en couche uniforme.<br \/>\nNe pas appliquer sur une peau irrit\u00e9e ou l\u00e9s\u00e9e.<br \/>\nLaisser s\u00e9cher quelques instants avant de s\u2019habiller.<br \/>\nComposition<br \/>\nIsobutane, Dimethicone, Aluminum Chlorohydrate, Triethyl Citrate, Dimethiconol, Isopropyl Palmitate, Parfum, Perlite, Stearalkonium Bentonite<\/p>\n","protected":false},"excerpt":{"rendered":"<p>Gr\u00e2ce \u00e0 sa formule enrichie en actifs anti-transpirants micro-affin\u00e9s, ce d\u00e9odorant agit directement au niveau des pores sudoraux pour r\u00e9duire<\/p>\n","protected":false},"featured_media":14232,"comment_status":"open","ping_status":"closed","template":"","meta":[],"product_brand":[139],"product_cat":[623],"product_tag":[],"class_list":{"0":"post-34443","1":"product","2":"type-product","3":"status-publish","4":"has-post-thumbnail","6":"product_brand-vichy","7":"product_cat-anti-transpirants-et-traitements-anti-transpirants","9":"first","10":"instock","11":"sale","12":"shipping-taxable","13":"purchasable","14":"product-type-simple"},"yoast_head":"<!-- This site is optimized with the Yoast SEO plugin v26.6 - https:\/\/yoast.com\/wordpress\/plugins\/seo\/ -->\r\n<title>VICHY DEODORANT ANTI TRANSPIRANT 48H AEROSOL 125 ML - Paracherkaoui.ma<\/title>\r\n<meta name=\"robots\" content=\"index, follow, max-snippet:-1, max-image-preview:large, max-video-preview:-1\" \/>\r\n<link rel=\"canonical\" href=\"https:\/\/paracherkaoui.ma\/index.php\/produit\/vichy-deodorant-anti-transpirant-48h-aerosol-125-ml-2\/\" \/>\r\n<meta property=\"og:locale\" content=\"fr_FR\" \/>\r\n<meta property=\"og:type\" content=\"article\" \/>\r\n<meta property=\"og:title\" content=\"VICHY DEODORANT ANTI TRANSPIRANT 48H AEROSOL 125 ML - Paracherkaoui.ma\" \/>\r\n<meta property=\"og:description\" content=\"Gr\u00e2ce \u00e0 sa formule enrichie en actifs anti-transpirants micro-affin\u00e9s, ce d\u00e9odorant agit directement au niveau des pores sudoraux pour r\u00e9duire\" \/>\r\n<meta property=\"og:url\" content=\"https:\/\/paracherkaoui.ma\/index.php\/produit\/vichy-deodorant-anti-transpirant-48h-aerosol-125-ml-2\/\" \/>\r\n<meta property=\"og:site_name\" content=\"Paracherkaoui.ma\" \/>\r\n<meta property=\"article:modified_time\" content=\"2025-12-12T17:52:08+00:00\" \/>\r\n<meta property=\"og:image\" content=\"https:\/\/paracherkaoui.ma\/wp-content\/uploads\/2025\/12\/vichy-vichy-deodorant-anti-transpirant-48h-aerosol-125-ml-deodorants.jpg\" \/>\r\n\t<meta property=\"og:image:width\" content=\"700\" \/>\r\n\t<meta property=\"og:image:height\" content=\"700\" \/>\r\n\t<meta property=\"og:image:type\" content=\"image\/jpeg\" \/>\r\n<meta name=\"twitter:card\" content=\"summary_large_image\" \/>\r\n<meta name=\"twitter:label1\" content=\"Dur\u00e9e de lecture estim\u00e9e\" \/>\n\t<meta name=\"twitter:data1\" content=\"1 minute\" \/>\r\n<script type=\"application\/ld+json\" class=\"yoast-schema-graph\">{\"@context\":\"https:\/\/schema.org\",\"@graph\":[{\"@type\":\"WebPage\",\"@id\":\"https:\/\/paracherkaoui.ma\/index.php\/produit\/vichy-deodorant-anti-transpirant-48h-aerosol-125-ml-2\/\",\"url\":\"https:\/\/paracherkaoui.ma\/index.php\/produit\/vichy-deodorant-anti-transpirant-48h-aerosol-125-ml-2\/\",\"name\":\"VICHY DEODORANT ANTI TRANSPIRANT 48H AEROSOL 125 ML - Paracherkaoui.ma\",\"isPartOf\":{\"@id\":\"https:\/\/paracherkaoui.ma\/#website\"},\"primaryImageOfPage\":{\"@id\":\"https:\/\/paracherkaoui.ma\/index.php\/produit\/vichy-deodorant-anti-transpirant-48h-aerosol-125-ml-2\/#primaryimage\"},\"image\":{\"@id\":\"https:\/\/paracherkaoui.ma\/index.php\/produit\/vichy-deodorant-anti-transpirant-48h-aerosol-125-ml-2\/#primaryimage\"},\"thumbnailUrl\":\"https:\/\/paracherkaoui.ma\/wp-content\/uploads\/2025\/12\/vichy-vichy-deodorant-anti-transpirant-48h-aerosol-125-ml-deodorants.jpg\",\"datePublished\":\"2025-12-12T17:52:03+00:00\",\"dateModified\":\"2025-12-12T17:52:08+00:00\",\"breadcrumb\":{\"@id\":\"https:\/\/paracherkaoui.ma\/index.php\/produit\/vichy-deodorant-anti-transpirant-48h-aerosol-125-ml-2\/#breadcrumb\"},\"inLanguage\":\"fr-FR\",\"potentialAction\":[{\"@type\":\"ReadAction\",\"target\":[\"https:\/\/paracherkaoui.ma\/index.php\/produit\/vichy-deodorant-anti-transpirant-48h-aerosol-125-ml-2\/\"]}]},{\"@type\":\"ImageObject\",\"inLanguage\":\"fr-FR\",\"@id\":\"https:\/\/paracherkaoui.ma\/index.php\/produit\/vichy-deodorant-anti-transpirant-48h-aerosol-125-ml-2\/#primaryimage\",\"url\":\"https:\/\/paracherkaoui.ma\/wp-content\/uploads\/2025\/12\/vichy-vichy-deodorant-anti-transpirant-48h-aerosol-125-ml-deodorants.jpg\",\"contentUrl\":\"https:\/\/paracherkaoui.ma\/wp-content\/uploads\/2025\/12\/vichy-vichy-deodorant-anti-transpirant-48h-aerosol-125-ml-deodorants.jpg\",\"width\":700,\"height\":700},{\"@type\":\"BreadcrumbList\",\"@id\":\"https:\/\/paracherkaoui.ma\/index.php\/produit\/vichy-deodorant-anti-transpirant-48h-aerosol-125-ml-2\/#breadcrumb\",\"itemListElement\":[{\"@type\":\"ListItem\",\"position\":1,\"name\":\"Accueil\",\"item\":\"https:\/\/paracherkaoui.ma\/\"},{\"@type\":\"ListItem\",\"position\":2,\"name\":\"Boutique\",\"item\":\"https:\/\/paracherkaoui.ma\/index.php\/boutique\/\"},{\"@type\":\"ListItem\",\"position\":3,\"name\":\"VICHY DEODORANT ANTI TRANSPIRANT 48H AEROSOL 125 ML\"}]},{\"@type\":\"WebSite\",\"@id\":\"https:\/\/paracherkaoui.ma\/#website\",\"url\":\"https:\/\/paracherkaoui.ma\/\",\"name\":\"Paracherkaoui.ma\",\"description\":\"Achetez en ligne sur Paracherkaoui.ma\",\"potentialAction\":[{\"@type\":\"SearchAction\",\"target\":{\"@type\":\"EntryPoint\",\"urlTemplate\":\"https:\/\/paracherkaoui.ma\/?s={search_term_string}\"},\"query-input\":{\"@type\":\"PropertyValueSpecification\",\"valueRequired\":true,\"valueName\":\"search_term_string\"}}],\"inLanguage\":\"fr-FR\"}]}<\/script>\r\n<!-- \/ Yoast SEO plugin. -->","yoast_head_json":{"title":"VICHY DEODORANT ANTI TRANSPIRANT 48H AEROSOL 125 ML - Paracherkaoui.ma","robots":{"index":"index","follow":"follow","max-snippet":"max-snippet:-1","max-image-preview":"max-image-preview:large","max-video-preview":"max-video-preview:-1"},"canonical":"https:\/\/paracherkaoui.ma\/index.php\/produit\/vichy-deodorant-anti-transpirant-48h-aerosol-125-ml-2\/","og_locale":"fr_FR","og_type":"article","og_title":"VICHY DEODORANT ANTI TRANSPIRANT 48H AEROSOL 125 ML - Paracherkaoui.ma","og_description":"Gr\u00e2ce \u00e0 sa formule enrichie en actifs anti-transpirants micro-affin\u00e9s, ce d\u00e9odorant agit directement au niveau des pores sudoraux pour r\u00e9duire","og_url":"https:\/\/paracherkaoui.ma\/index.php\/produit\/vichy-deodorant-anti-transpirant-48h-aerosol-125-ml-2\/","og_site_name":"Paracherkaoui.ma","article_modified_time":"2025-12-12T17:52:08+00:00","og_image":[{"width":700,"height":700,"url":"https:\/\/paracherkaoui.ma\/wp-content\/uploads\/2025\/12\/vichy-vichy-deodorant-anti-transpirant-48h-aerosol-125-ml-deodorants.jpg","type":"image\/jpeg"}],"twitter_card":"summary_large_image","twitter_misc":{"Dur\u00e9e de lecture estim\u00e9e":"1 minute"},"schema":{"@context":"https:\/\/schema.org","@graph":[{"@type":"WebPage","@id":"https:\/\/paracherkaoui.ma\/index.php\/produit\/vichy-deodorant-anti-transpirant-48h-aerosol-125-ml-2\/","url":"https:\/\/paracherkaoui.ma\/index.php\/produit\/vichy-deodorant-anti-transpirant-48h-aerosol-125-ml-2\/","name":"VICHY DEODORANT ANTI TRANSPIRANT 48H AEROSOL 125 ML - Paracherkaoui.ma","isPartOf":{"@id":"https:\/\/paracherkaoui.ma\/#website"},"primaryImageOfPage":{"@id":"https:\/\/paracherkaoui.ma\/index.php\/produit\/vichy-deodorant-anti-transpirant-48h-aerosol-125-ml-2\/#primaryimage"},"image":{"@id":"https:\/\/paracherkaoui.ma\/index.php\/produit\/vichy-deodorant-anti-transpirant-48h-aerosol-125-ml-2\/#primaryimage"},"thumbnailUrl":"https:\/\/paracherkaoui.ma\/wp-content\/uploads\/2025\/12\/vichy-vichy-deodorant-anti-transpirant-48h-aerosol-125-ml-deodorants.jpg","datePublished":"2025-12-12T17:52:03+00:00","dateModified":"2025-12-12T17:52:08+00:00","breadcrumb":{"@id":"https:\/\/paracherkaoui.ma\/index.php\/produit\/vichy-deodorant-anti-transpirant-48h-aerosol-125-ml-2\/#breadcrumb"},"inLanguage":"fr-FR","potentialAction":[{"@type":"ReadAction","target":["https:\/\/paracherkaoui.ma\/index.php\/produit\/vichy-deodorant-anti-transpirant-48h-aerosol-125-ml-2\/"]}]},{"@type":"ImageObject","inLanguage":"fr-FR","@id":"https:\/\/paracherkaoui.ma\/index.php\/produit\/vichy-deodorant-anti-transpirant-48h-aerosol-125-ml-2\/#primaryimage","url":"https:\/\/paracherkaoui.ma\/wp-content\/uploads\/2025\/12\/vichy-vichy-deodorant-anti-transpirant-48h-aerosol-125-ml-deodorants.jpg","contentUrl":"https:\/\/paracherkaoui.ma\/wp-content\/uploads\/2025\/12\/vichy-vichy-deodorant-anti-transpirant-48h-aerosol-125-ml-deodorants.jpg","width":700,"height":700},{"@type":"BreadcrumbList","@id":"https:\/\/paracherkaoui.ma\/index.php\/produit\/vichy-deodorant-anti-transpirant-48h-aerosol-125-ml-2\/#breadcrumb","itemListElement":[{"@type":"ListItem","position":1,"name":"Accueil","item":"https:\/\/paracherkaoui.ma\/"},{"@type":"ListItem","position":2,"name":"Boutique","item":"https:\/\/paracherkaoui.ma\/index.php\/boutique\/"},{"@type":"ListItem","position":3,"name":"VICHY DEODORANT ANTI TRANSPIRANT 48H AEROSOL 125 ML"}]},{"@type":"WebSite","@id":"https:\/\/paracherkaoui.ma\/#website","url":"https:\/\/paracherkaoui.ma\/","name":"Paracherkaoui.ma","description":"Achetez en ligne sur Paracherkaoui.ma","potentialAction":[{"@type":"SearchAction","target":{"@type":"EntryPoint","urlTemplate":"https:\/\/paracherkaoui.ma\/?s={search_term_string}"},"query-input":{"@type":"PropertyValueSpecification","valueRequired":true,"valueName":"search_term_string"}}],"inLanguage":"fr-FR"}]}},"_links":{"self":[{"href":"https:\/\/paracherkaoui.ma\/index.php\/wp-json\/wp\/v2\/product\/34443","targetHints":{"allow":["GET"]}}],"collection":[{"href":"https:\/\/paracherkaoui.ma\/index.php\/wp-json\/wp\/v2\/product"}],"about":[{"href":"https:\/\/paracherkaoui.ma\/index.php\/wp-json\/wp\/v2\/types\/product"}],"replies":[{"embeddable":true,"href":"https:\/\/paracherkaoui.ma\/index.php\/wp-json\/wp\/v2\/comments?post=34443"}],"version-history":[{"count":1,"href":"https:\/\/paracherkaoui.ma\/index.php\/wp-json\/wp\/v2\/product\/34443\/revisions"}],"predecessor-version":[{"id":34490,"href":"https:\/\/paracherkaoui.ma\/index.php\/wp-json\/wp\/v2\/product\/34443\/revisions\/34490"}],"wp:featuredmedia":[{"embeddable":true,"href":"https:\/\/paracherkaoui.ma\/index.php\/wp-json\/wp\/v2\/media\/14232"}],"wp:attachment":[{"href":"https:\/\/paracherkaoui.ma\/index.php\/wp-json\/wp\/v2\/media?parent=34443"}],"wp:term":[{"taxonomy":"product_brand","embeddable":true,"href":"https:\/\/paracherkaoui.ma\/index.php\/wp-json\/wp\/v2\/product_brand?post=34443"},{"taxonomy":"product_cat","embeddable":true,"href":"https:\/\/paracherkaoui.ma\/index.php\/wp-json\/wp\/v2\/product_cat?post=34443"},{"taxonomy":"product_tag","embeddable":true,"href":"https:\/\/paracherkaoui.ma\/index.php\/wp-json\/wp\/v2\/product_tag?post=34443"}],"curies":[{"name":"wp","href":"https:\/\/api.w.org\/{rel}","templated":true}]}}