{"id":34361,"date":"2025-12-12T18:51:56","date_gmt":"2025-12-12T17:51:56","guid":{"rendered":"https:\/\/test.ecbeaute.com\/?post_type=product&#038;p=34361"},"modified":"2025-12-12T18:51:59","modified_gmt":"2025-12-12T17:51:59","slug":"weleda-skin-food-light-creme-hydratante-tout-en-un-visage-et-corps-peaux-seches-75-ml","status":"publish","type":"product","link":"https:\/\/paracherkaoui.ma\/index.php\/produit\/weleda-skin-food-light-creme-hydratante-tout-en-un-visage-et-corps-peaux-seches-75-ml\/","title":{"rendered":"WELEDA SKIN FOOD LIGHT CREME HYDRATANTE TOUT EN UN VISAGE ET CORPS PEAUX SECHES 75 ML"},"content":{"rendered":"<p>a cr\u00e8me pour le corps nourrissante l\u00e9g\u00e8re de Weleda Skin Food est une version plus l\u00e9g\u00e8re et fluide de notre cr\u00e8me ultra-riche originale Skin Food la plus vendue. Cette cr\u00e8me \u00e0 absorption rapide nourrit votre peau d&rsquo;une dose d&rsquo;humidit\u00e9, avec un m\u00e9lange \u00e0 base de plantes vibrant de camomille, de calendula et de pens\u00e9e pour revigorer vos sens. Cette formule l\u00e9g\u00e8re est id\u00e9ale pour le printemps et l&rsquo;\u00e9t\u00e9, les climats plus chauds et les peaux grasses. Notre cr\u00e8me polyvalente peut \u00e9galement \u00eatre utilis\u00e9e de mani\u00e8re sans fin, de la reconstitution des mains et des coudes secs<\/p>\n","protected":false},"excerpt":{"rendered":"<p>a cr\u00e8me pour le corps nourrissante l\u00e9g\u00e8re de Weleda Skin Food est une version plus l\u00e9g\u00e8re et fluide de notre<\/p>\n","protected":false},"featured_media":34397,"comment_status":"open","ping_status":"closed","template":"","meta":[],"product_brand":[313],"product_cat":[618],"product_tag":[],"class_list":{"0":"post-34361","1":"product","2":"type-product","3":"status-publish","4":"has-post-thumbnail","6":"product_brand-weleda","7":"product_cat-hydratation-corps-corps","9":"first","10":"instock","11":"shipping-taxable","12":"purchasable","13":"product-type-simple"},"yoast_head":"<!-- This site is optimized with the Yoast SEO plugin v26.6 - https:\/\/yoast.com\/wordpress\/plugins\/seo\/ -->\r\n<title>WELEDA SKIN FOOD LIGHT CREME HYDRATANTE TOUT EN UN VISAGE ET CORPS PEAUX SECHES 75 ML - Paracherkaoui.ma<\/title>\r\n<meta name=\"robots\" content=\"index, follow, max-snippet:-1, max-image-preview:large, max-video-preview:-1\" \/>\r\n<link rel=\"canonical\" href=\"https:\/\/paracherkaoui.ma\/index.php\/produit\/weleda-skin-food-light-creme-hydratante-tout-en-un-visage-et-corps-peaux-seches-75-ml\/\" \/>\r\n<meta property=\"og:locale\" content=\"fr_FR\" \/>\r\n<meta property=\"og:type\" content=\"article\" \/>\r\n<meta property=\"og:title\" content=\"WELEDA SKIN FOOD LIGHT CREME HYDRATANTE TOUT EN UN VISAGE ET CORPS PEAUX SECHES 75 ML - Paracherkaoui.ma\" \/>\r\n<meta property=\"og:description\" content=\"a cr\u00e8me pour le corps nourrissante l\u00e9g\u00e8re de Weleda Skin Food est une version plus l\u00e9g\u00e8re et fluide de notre\" \/>\r\n<meta property=\"og:url\" content=\"https:\/\/paracherkaoui.ma\/index.php\/produit\/weleda-skin-food-light-creme-hydratante-tout-en-un-visage-et-corps-peaux-seches-75-ml\/\" \/>\r\n<meta property=\"og:site_name\" content=\"Paracherkaoui.ma\" \/>\r\n<meta property=\"article:modified_time\" content=\"2025-12-12T17:51:59+00:00\" \/>\r\n<meta property=\"og:image\" content=\"https:\/\/paracherkaoui.ma\/wp-content\/uploads\/2025\/12\/weleda-weleda-skin-food-light-creme-hydratante-tout-en-un-visage-et-corps-peaux-seches-75-ml-soins-hydratants.jpg\" \/>\r\n\t<meta property=\"og:image:width\" content=\"700\" \/>\r\n\t<meta property=\"og:image:height\" content=\"700\" \/>\r\n\t<meta property=\"og:image:type\" content=\"image\/jpeg\" \/>\r\n<meta name=\"twitter:card\" content=\"summary_large_image\" \/>\r\n<meta name=\"twitter:label1\" content=\"Dur\u00e9e de lecture estim\u00e9e\" \/>\n\t<meta name=\"twitter:data1\" content=\"1 minute\" \/>\r\n<script type=\"application\/ld+json\" class=\"yoast-schema-graph\">{\"@context\":\"https:\/\/schema.org\",\"@graph\":[{\"@type\":\"WebPage\",\"@id\":\"https:\/\/paracherkaoui.ma\/index.php\/produit\/weleda-skin-food-light-creme-hydratante-tout-en-un-visage-et-corps-peaux-seches-75-ml\/\",\"url\":\"https:\/\/paracherkaoui.ma\/index.php\/produit\/weleda-skin-food-light-creme-hydratante-tout-en-un-visage-et-corps-peaux-seches-75-ml\/\",\"name\":\"WELEDA SKIN FOOD LIGHT CREME HYDRATANTE TOUT EN UN VISAGE ET CORPS PEAUX SECHES 75 ML - Paracherkaoui.ma\",\"isPartOf\":{\"@id\":\"https:\/\/paracherkaoui.ma\/#website\"},\"primaryImageOfPage\":{\"@id\":\"https:\/\/paracherkaoui.ma\/index.php\/produit\/weleda-skin-food-light-creme-hydratante-tout-en-un-visage-et-corps-peaux-seches-75-ml\/#primaryimage\"},\"image\":{\"@id\":\"https:\/\/paracherkaoui.ma\/index.php\/produit\/weleda-skin-food-light-creme-hydratante-tout-en-un-visage-et-corps-peaux-seches-75-ml\/#primaryimage\"},\"thumbnailUrl\":\"https:\/\/paracherkaoui.ma\/wp-content\/uploads\/2025\/12\/weleda-weleda-skin-food-light-creme-hydratante-tout-en-un-visage-et-corps-peaux-seches-75-ml-soins-hydratants.jpg\",\"datePublished\":\"2025-12-12T17:51:56+00:00\",\"dateModified\":\"2025-12-12T17:51:59+00:00\",\"breadcrumb\":{\"@id\":\"https:\/\/paracherkaoui.ma\/index.php\/produit\/weleda-skin-food-light-creme-hydratante-tout-en-un-visage-et-corps-peaux-seches-75-ml\/#breadcrumb\"},\"inLanguage\":\"fr-FR\",\"potentialAction\":[{\"@type\":\"ReadAction\",\"target\":[\"https:\/\/paracherkaoui.ma\/index.php\/produit\/weleda-skin-food-light-creme-hydratante-tout-en-un-visage-et-corps-peaux-seches-75-ml\/\"]}]},{\"@type\":\"ImageObject\",\"inLanguage\":\"fr-FR\",\"@id\":\"https:\/\/paracherkaoui.ma\/index.php\/produit\/weleda-skin-food-light-creme-hydratante-tout-en-un-visage-et-corps-peaux-seches-75-ml\/#primaryimage\",\"url\":\"https:\/\/paracherkaoui.ma\/wp-content\/uploads\/2025\/12\/weleda-weleda-skin-food-light-creme-hydratante-tout-en-un-visage-et-corps-peaux-seches-75-ml-soins-hydratants.jpg\",\"contentUrl\":\"https:\/\/paracherkaoui.ma\/wp-content\/uploads\/2025\/12\/weleda-weleda-skin-food-light-creme-hydratante-tout-en-un-visage-et-corps-peaux-seches-75-ml-soins-hydratants.jpg\",\"width\":700,\"height\":700},{\"@type\":\"BreadcrumbList\",\"@id\":\"https:\/\/paracherkaoui.ma\/index.php\/produit\/weleda-skin-food-light-creme-hydratante-tout-en-un-visage-et-corps-peaux-seches-75-ml\/#breadcrumb\",\"itemListElement\":[{\"@type\":\"ListItem\",\"position\":1,\"name\":\"Accueil\",\"item\":\"https:\/\/paracherkaoui.ma\/\"},{\"@type\":\"ListItem\",\"position\":2,\"name\":\"Boutique\",\"item\":\"https:\/\/paracherkaoui.ma\/index.php\/boutique\/\"},{\"@type\":\"ListItem\",\"position\":3,\"name\":\"WELEDA SKIN FOOD LIGHT CREME HYDRATANTE TOUT EN UN VISAGE ET CORPS PEAUX SECHES 75 ML\"}]},{\"@type\":\"WebSite\",\"@id\":\"https:\/\/paracherkaoui.ma\/#website\",\"url\":\"https:\/\/paracherkaoui.ma\/\",\"name\":\"Paracherkaoui.ma\",\"description\":\"Achetez en ligne sur Paracherkaoui.ma\",\"potentialAction\":[{\"@type\":\"SearchAction\",\"target\":{\"@type\":\"EntryPoint\",\"urlTemplate\":\"https:\/\/paracherkaoui.ma\/?s={search_term_string}\"},\"query-input\":{\"@type\":\"PropertyValueSpecification\",\"valueRequired\":true,\"valueName\":\"search_term_string\"}}],\"inLanguage\":\"fr-FR\"}]}<\/script>\r\n<!-- \/ Yoast SEO plugin. -->","yoast_head_json":{"title":"WELEDA SKIN FOOD LIGHT CREME HYDRATANTE TOUT EN UN VISAGE ET CORPS PEAUX SECHES 75 ML - Paracherkaoui.ma","robots":{"index":"index","follow":"follow","max-snippet":"max-snippet:-1","max-image-preview":"max-image-preview:large","max-video-preview":"max-video-preview:-1"},"canonical":"https:\/\/paracherkaoui.ma\/index.php\/produit\/weleda-skin-food-light-creme-hydratante-tout-en-un-visage-et-corps-peaux-seches-75-ml\/","og_locale":"fr_FR","og_type":"article","og_title":"WELEDA SKIN FOOD LIGHT CREME HYDRATANTE TOUT EN UN VISAGE ET CORPS PEAUX SECHES 75 ML - Paracherkaoui.ma","og_description":"a cr\u00e8me pour le corps nourrissante l\u00e9g\u00e8re de Weleda Skin Food est une version plus l\u00e9g\u00e8re et fluide de notre","og_url":"https:\/\/paracherkaoui.ma\/index.php\/produit\/weleda-skin-food-light-creme-hydratante-tout-en-un-visage-et-corps-peaux-seches-75-ml\/","og_site_name":"Paracherkaoui.ma","article_modified_time":"2025-12-12T17:51:59+00:00","og_image":[{"width":700,"height":700,"url":"https:\/\/paracherkaoui.ma\/wp-content\/uploads\/2025\/12\/weleda-weleda-skin-food-light-creme-hydratante-tout-en-un-visage-et-corps-peaux-seches-75-ml-soins-hydratants.jpg","type":"image\/jpeg"}],"twitter_card":"summary_large_image","twitter_misc":{"Dur\u00e9e de lecture estim\u00e9e":"1 minute"},"schema":{"@context":"https:\/\/schema.org","@graph":[{"@type":"WebPage","@id":"https:\/\/paracherkaoui.ma\/index.php\/produit\/weleda-skin-food-light-creme-hydratante-tout-en-un-visage-et-corps-peaux-seches-75-ml\/","url":"https:\/\/paracherkaoui.ma\/index.php\/produit\/weleda-skin-food-light-creme-hydratante-tout-en-un-visage-et-corps-peaux-seches-75-ml\/","name":"WELEDA SKIN FOOD LIGHT CREME HYDRATANTE TOUT EN UN VISAGE ET CORPS PEAUX SECHES 75 ML - Paracherkaoui.ma","isPartOf":{"@id":"https:\/\/paracherkaoui.ma\/#website"},"primaryImageOfPage":{"@id":"https:\/\/paracherkaoui.ma\/index.php\/produit\/weleda-skin-food-light-creme-hydratante-tout-en-un-visage-et-corps-peaux-seches-75-ml\/#primaryimage"},"image":{"@id":"https:\/\/paracherkaoui.ma\/index.php\/produit\/weleda-skin-food-light-creme-hydratante-tout-en-un-visage-et-corps-peaux-seches-75-ml\/#primaryimage"},"thumbnailUrl":"https:\/\/paracherkaoui.ma\/wp-content\/uploads\/2025\/12\/weleda-weleda-skin-food-light-creme-hydratante-tout-en-un-visage-et-corps-peaux-seches-75-ml-soins-hydratants.jpg","datePublished":"2025-12-12T17:51:56+00:00","dateModified":"2025-12-12T17:51:59+00:00","breadcrumb":{"@id":"https:\/\/paracherkaoui.ma\/index.php\/produit\/weleda-skin-food-light-creme-hydratante-tout-en-un-visage-et-corps-peaux-seches-75-ml\/#breadcrumb"},"inLanguage":"fr-FR","potentialAction":[{"@type":"ReadAction","target":["https:\/\/paracherkaoui.ma\/index.php\/produit\/weleda-skin-food-light-creme-hydratante-tout-en-un-visage-et-corps-peaux-seches-75-ml\/"]}]},{"@type":"ImageObject","inLanguage":"fr-FR","@id":"https:\/\/paracherkaoui.ma\/index.php\/produit\/weleda-skin-food-light-creme-hydratante-tout-en-un-visage-et-corps-peaux-seches-75-ml\/#primaryimage","url":"https:\/\/paracherkaoui.ma\/wp-content\/uploads\/2025\/12\/weleda-weleda-skin-food-light-creme-hydratante-tout-en-un-visage-et-corps-peaux-seches-75-ml-soins-hydratants.jpg","contentUrl":"https:\/\/paracherkaoui.ma\/wp-content\/uploads\/2025\/12\/weleda-weleda-skin-food-light-creme-hydratante-tout-en-un-visage-et-corps-peaux-seches-75-ml-soins-hydratants.jpg","width":700,"height":700},{"@type":"BreadcrumbList","@id":"https:\/\/paracherkaoui.ma\/index.php\/produit\/weleda-skin-food-light-creme-hydratante-tout-en-un-visage-et-corps-peaux-seches-75-ml\/#breadcrumb","itemListElement":[{"@type":"ListItem","position":1,"name":"Accueil","item":"https:\/\/paracherkaoui.ma\/"},{"@type":"ListItem","position":2,"name":"Boutique","item":"https:\/\/paracherkaoui.ma\/index.php\/boutique\/"},{"@type":"ListItem","position":3,"name":"WELEDA SKIN FOOD LIGHT CREME HYDRATANTE TOUT EN UN VISAGE ET CORPS PEAUX SECHES 75 ML"}]},{"@type":"WebSite","@id":"https:\/\/paracherkaoui.ma\/#website","url":"https:\/\/paracherkaoui.ma\/","name":"Paracherkaoui.ma","description":"Achetez en ligne sur Paracherkaoui.ma","potentialAction":[{"@type":"SearchAction","target":{"@type":"EntryPoint","urlTemplate":"https:\/\/paracherkaoui.ma\/?s={search_term_string}"},"query-input":{"@type":"PropertyValueSpecification","valueRequired":true,"valueName":"search_term_string"}}],"inLanguage":"fr-FR"}]}},"_links":{"self":[{"href":"https:\/\/paracherkaoui.ma\/index.php\/wp-json\/wp\/v2\/product\/34361","targetHints":{"allow":["GET"]}}],"collection":[{"href":"https:\/\/paracherkaoui.ma\/index.php\/wp-json\/wp\/v2\/product"}],"about":[{"href":"https:\/\/paracherkaoui.ma\/index.php\/wp-json\/wp\/v2\/types\/product"}],"replies":[{"embeddable":true,"href":"https:\/\/paracherkaoui.ma\/index.php\/wp-json\/wp\/v2\/comments?post=34361"}],"version-history":[{"count":1,"href":"https:\/\/paracherkaoui.ma\/index.php\/wp-json\/wp\/v2\/product\/34361\/revisions"}],"predecessor-version":[{"id":34398,"href":"https:\/\/paracherkaoui.ma\/index.php\/wp-json\/wp\/v2\/product\/34361\/revisions\/34398"}],"wp:featuredmedia":[{"embeddable":true,"href":"https:\/\/paracherkaoui.ma\/index.php\/wp-json\/wp\/v2\/media\/34397"}],"wp:attachment":[{"href":"https:\/\/paracherkaoui.ma\/index.php\/wp-json\/wp\/v2\/media?parent=34361"}],"wp:term":[{"taxonomy":"product_brand","embeddable":true,"href":"https:\/\/paracherkaoui.ma\/index.php\/wp-json\/wp\/v2\/product_brand?post=34361"},{"taxonomy":"product_cat","embeddable":true,"href":"https:\/\/paracherkaoui.ma\/index.php\/wp-json\/wp\/v2\/product_cat?post=34361"},{"taxonomy":"product_tag","embeddable":true,"href":"https:\/\/paracherkaoui.ma\/index.php\/wp-json\/wp\/v2\/product_tag?post=34361"}],"curies":[{"name":"wp","href":"https:\/\/api.w.org\/{rel}","templated":true}]}}