{"id":34293,"date":"2025-12-12T18:51:50","date_gmt":"2025-12-12T17:51:50","guid":{"rendered":"https:\/\/test.ecbeaute.com\/?post_type=product&#038;p=34293"},"modified":"2025-12-12T18:51:55","modified_gmt":"2025-12-12T17:51:55","slug":"svr-topialyse-baume-en-spray-200ml-3","status":"publish","type":"product","link":"https:\/\/paracherkaoui.ma\/index.php\/produit\/svr-topialyse-baume-en-spray-200ml-3\/","title":{"rendered":"SVR TOPIALYSE BAUME EN SPRAY 200ML"},"content":{"rendered":"<p>Description:<br \/>\nTOPIALYSE BAUME EN SPRAY apaise d\u00e9mangeaisons, inconforts, irritations\u00a0durant 48h.\u00a0Sa texture hautement concentr\u00e9e en actifs relipidants (40%) r\u00e9pare la barri\u00e8re cutan\u00e9e en quelques heures sans faire de compromis sur le confort ou l\u2019habillage express.Sa formule minimaliste sans gaz assure une utilisation en toute s\u00e9curit\u00e9 d\u00e8s les 1er\u00a0jours de vie. Sa diffusio\u00a0360\u00b0 en un seul geste offre une application multi-zones, m\u00eame derri\u00e8re les jambes.Ce spray pratique et \u00e9cologique restitue plus de 99% de son contenant.<br \/>\nConseils d&rsquo;utilisation:<br \/>\nNettoyer pr\u00e9alablement la peau avec TOPIALYSE Baume Lavant. Vaporiser \u00e0 15cm de la peau TOPIALYSE Baume En Spray, ou dans le creux de la main si appliqu\u00e9 sur le visage, avant d\u2019\u00e9taler en insistant sur les zones tr\u00e8s s\u00e8ches et irrit\u00e9es. A utiliser en absence de temps pour apaiser d\u00e9mangeaisons, d\u2019irritations ou de s\u00e9cheresses s\u00e9v\u00e8res.En p\u00e9riode moins stressante, appliquer TOPIALYSE Baume Intensif.<\/p>\n","protected":false},"excerpt":{"rendered":"<p>Description: TOPIALYSE BAUME EN SPRAY apaise d\u00e9mangeaisons, inconforts, irritations\u00a0durant 48h.\u00a0Sa texture hautement concentr\u00e9e en actifs relipidants (40%) r\u00e9pare la barri\u00e8re<\/p>\n","protected":false},"featured_media":11548,"comment_status":"open","ping_status":"closed","template":"","meta":[],"product_brand":[133],"product_cat":[618],"product_tag":[],"class_list":{"0":"post-34293","1":"product","2":"type-product","3":"status-publish","4":"has-post-thumbnail","6":"product_brand-svr","7":"product_cat-hydratation-corps-corps","9":"first","10":"instock","11":"sale","12":"shipping-taxable","13":"purchasable","14":"product-type-simple"},"yoast_head":"<!-- This site is optimized with the Yoast SEO plugin v26.6 - https:\/\/yoast.com\/wordpress\/plugins\/seo\/ -->\r\n<title>SVR TOPIALYSE BAUME EN SPRAY 200ML - Paracherkaoui.ma<\/title>\r\n<meta name=\"robots\" content=\"index, follow, max-snippet:-1, max-image-preview:large, max-video-preview:-1\" \/>\r\n<link rel=\"canonical\" href=\"https:\/\/paracherkaoui.ma\/index.php\/produit\/svr-topialyse-baume-en-spray-200ml-3\/\" \/>\r\n<meta property=\"og:locale\" content=\"fr_FR\" \/>\r\n<meta property=\"og:type\" content=\"article\" \/>\r\n<meta property=\"og:title\" content=\"SVR TOPIALYSE BAUME EN SPRAY 200ML - Paracherkaoui.ma\" \/>\r\n<meta property=\"og:description\" content=\"Description: TOPIALYSE BAUME EN SPRAY apaise d\u00e9mangeaisons, inconforts, irritations\u00a0durant 48h.\u00a0Sa texture hautement concentr\u00e9e en actifs relipidants (40%) r\u00e9pare la barri\u00e8re\" \/>\r\n<meta property=\"og:url\" content=\"https:\/\/paracherkaoui.ma\/index.php\/produit\/svr-topialyse-baume-en-spray-200ml-3\/\" \/>\r\n<meta property=\"og:site_name\" content=\"Paracherkaoui.ma\" \/>\r\n<meta property=\"article:modified_time\" content=\"2025-12-12T17:51:55+00:00\" \/>\r\n<meta property=\"og:image\" content=\"https:\/\/paracherkaoui.ma\/wp-content\/uploads\/2025\/12\/svr-svr-topialyse-baume-en-spray-200ml-soins-hydratation-peaux-seches-et-atopiques.jpg\" \/>\r\n\t<meta property=\"og:image:width\" content=\"700\" \/>\r\n\t<meta property=\"og:image:height\" content=\"700\" \/>\r\n\t<meta property=\"og:image:type\" content=\"image\/jpeg\" \/>\r\n<meta name=\"twitter:card\" content=\"summary_large_image\" \/>\r\n<meta name=\"twitter:label1\" content=\"Dur\u00e9e de lecture estim\u00e9e\" \/>\n\t<meta name=\"twitter:data1\" content=\"1 minute\" \/>\r\n<script type=\"application\/ld+json\" class=\"yoast-schema-graph\">{\"@context\":\"https:\/\/schema.org\",\"@graph\":[{\"@type\":\"WebPage\",\"@id\":\"https:\/\/paracherkaoui.ma\/index.php\/produit\/svr-topialyse-baume-en-spray-200ml-3\/\",\"url\":\"https:\/\/paracherkaoui.ma\/index.php\/produit\/svr-topialyse-baume-en-spray-200ml-3\/\",\"name\":\"SVR TOPIALYSE BAUME EN SPRAY 200ML - Paracherkaoui.ma\",\"isPartOf\":{\"@id\":\"https:\/\/paracherkaoui.ma\/#website\"},\"primaryImageOfPage\":{\"@id\":\"https:\/\/paracherkaoui.ma\/index.php\/produit\/svr-topialyse-baume-en-spray-200ml-3\/#primaryimage\"},\"image\":{\"@id\":\"https:\/\/paracherkaoui.ma\/index.php\/produit\/svr-topialyse-baume-en-spray-200ml-3\/#primaryimage\"},\"thumbnailUrl\":\"https:\/\/paracherkaoui.ma\/wp-content\/uploads\/2025\/12\/svr-svr-topialyse-baume-en-spray-200ml-soins-hydratation-peaux-seches-et-atopiques.jpg\",\"datePublished\":\"2025-12-12T17:51:50+00:00\",\"dateModified\":\"2025-12-12T17:51:55+00:00\",\"breadcrumb\":{\"@id\":\"https:\/\/paracherkaoui.ma\/index.php\/produit\/svr-topialyse-baume-en-spray-200ml-3\/#breadcrumb\"},\"inLanguage\":\"fr-FR\",\"potentialAction\":[{\"@type\":\"ReadAction\",\"target\":[\"https:\/\/paracherkaoui.ma\/index.php\/produit\/svr-topialyse-baume-en-spray-200ml-3\/\"]}]},{\"@type\":\"ImageObject\",\"inLanguage\":\"fr-FR\",\"@id\":\"https:\/\/paracherkaoui.ma\/index.php\/produit\/svr-topialyse-baume-en-spray-200ml-3\/#primaryimage\",\"url\":\"https:\/\/paracherkaoui.ma\/wp-content\/uploads\/2025\/12\/svr-svr-topialyse-baume-en-spray-200ml-soins-hydratation-peaux-seches-et-atopiques.jpg\",\"contentUrl\":\"https:\/\/paracherkaoui.ma\/wp-content\/uploads\/2025\/12\/svr-svr-topialyse-baume-en-spray-200ml-soins-hydratation-peaux-seches-et-atopiques.jpg\",\"width\":700,\"height\":700},{\"@type\":\"BreadcrumbList\",\"@id\":\"https:\/\/paracherkaoui.ma\/index.php\/produit\/svr-topialyse-baume-en-spray-200ml-3\/#breadcrumb\",\"itemListElement\":[{\"@type\":\"ListItem\",\"position\":1,\"name\":\"Accueil\",\"item\":\"https:\/\/paracherkaoui.ma\/\"},{\"@type\":\"ListItem\",\"position\":2,\"name\":\"Boutique\",\"item\":\"https:\/\/paracherkaoui.ma\/index.php\/boutique\/\"},{\"@type\":\"ListItem\",\"position\":3,\"name\":\"SVR TOPIALYSE BAUME EN SPRAY 200ML\"}]},{\"@type\":\"WebSite\",\"@id\":\"https:\/\/paracherkaoui.ma\/#website\",\"url\":\"https:\/\/paracherkaoui.ma\/\",\"name\":\"Paracherkaoui.ma\",\"description\":\"Achetez en ligne sur Paracherkaoui.ma\",\"potentialAction\":[{\"@type\":\"SearchAction\",\"target\":{\"@type\":\"EntryPoint\",\"urlTemplate\":\"https:\/\/paracherkaoui.ma\/?s={search_term_string}\"},\"query-input\":{\"@type\":\"PropertyValueSpecification\",\"valueRequired\":true,\"valueName\":\"search_term_string\"}}],\"inLanguage\":\"fr-FR\"}]}<\/script>\r\n<!-- \/ Yoast SEO plugin. -->","yoast_head_json":{"title":"SVR TOPIALYSE BAUME EN SPRAY 200ML - Paracherkaoui.ma","robots":{"index":"index","follow":"follow","max-snippet":"max-snippet:-1","max-image-preview":"max-image-preview:large","max-video-preview":"max-video-preview:-1"},"canonical":"https:\/\/paracherkaoui.ma\/index.php\/produit\/svr-topialyse-baume-en-spray-200ml-3\/","og_locale":"fr_FR","og_type":"article","og_title":"SVR TOPIALYSE BAUME EN SPRAY 200ML - Paracherkaoui.ma","og_description":"Description: TOPIALYSE BAUME EN SPRAY apaise d\u00e9mangeaisons, inconforts, irritations\u00a0durant 48h.\u00a0Sa texture hautement concentr\u00e9e en actifs relipidants (40%) r\u00e9pare la barri\u00e8re","og_url":"https:\/\/paracherkaoui.ma\/index.php\/produit\/svr-topialyse-baume-en-spray-200ml-3\/","og_site_name":"Paracherkaoui.ma","article_modified_time":"2025-12-12T17:51:55+00:00","og_image":[{"width":700,"height":700,"url":"https:\/\/paracherkaoui.ma\/wp-content\/uploads\/2025\/12\/svr-svr-topialyse-baume-en-spray-200ml-soins-hydratation-peaux-seches-et-atopiques.jpg","type":"image\/jpeg"}],"twitter_card":"summary_large_image","twitter_misc":{"Dur\u00e9e de lecture estim\u00e9e":"1 minute"},"schema":{"@context":"https:\/\/schema.org","@graph":[{"@type":"WebPage","@id":"https:\/\/paracherkaoui.ma\/index.php\/produit\/svr-topialyse-baume-en-spray-200ml-3\/","url":"https:\/\/paracherkaoui.ma\/index.php\/produit\/svr-topialyse-baume-en-spray-200ml-3\/","name":"SVR TOPIALYSE BAUME EN SPRAY 200ML - Paracherkaoui.ma","isPartOf":{"@id":"https:\/\/paracherkaoui.ma\/#website"},"primaryImageOfPage":{"@id":"https:\/\/paracherkaoui.ma\/index.php\/produit\/svr-topialyse-baume-en-spray-200ml-3\/#primaryimage"},"image":{"@id":"https:\/\/paracherkaoui.ma\/index.php\/produit\/svr-topialyse-baume-en-spray-200ml-3\/#primaryimage"},"thumbnailUrl":"https:\/\/paracherkaoui.ma\/wp-content\/uploads\/2025\/12\/svr-svr-topialyse-baume-en-spray-200ml-soins-hydratation-peaux-seches-et-atopiques.jpg","datePublished":"2025-12-12T17:51:50+00:00","dateModified":"2025-12-12T17:51:55+00:00","breadcrumb":{"@id":"https:\/\/paracherkaoui.ma\/index.php\/produit\/svr-topialyse-baume-en-spray-200ml-3\/#breadcrumb"},"inLanguage":"fr-FR","potentialAction":[{"@type":"ReadAction","target":["https:\/\/paracherkaoui.ma\/index.php\/produit\/svr-topialyse-baume-en-spray-200ml-3\/"]}]},{"@type":"ImageObject","inLanguage":"fr-FR","@id":"https:\/\/paracherkaoui.ma\/index.php\/produit\/svr-topialyse-baume-en-spray-200ml-3\/#primaryimage","url":"https:\/\/paracherkaoui.ma\/wp-content\/uploads\/2025\/12\/svr-svr-topialyse-baume-en-spray-200ml-soins-hydratation-peaux-seches-et-atopiques.jpg","contentUrl":"https:\/\/paracherkaoui.ma\/wp-content\/uploads\/2025\/12\/svr-svr-topialyse-baume-en-spray-200ml-soins-hydratation-peaux-seches-et-atopiques.jpg","width":700,"height":700},{"@type":"BreadcrumbList","@id":"https:\/\/paracherkaoui.ma\/index.php\/produit\/svr-topialyse-baume-en-spray-200ml-3\/#breadcrumb","itemListElement":[{"@type":"ListItem","position":1,"name":"Accueil","item":"https:\/\/paracherkaoui.ma\/"},{"@type":"ListItem","position":2,"name":"Boutique","item":"https:\/\/paracherkaoui.ma\/index.php\/boutique\/"},{"@type":"ListItem","position":3,"name":"SVR TOPIALYSE BAUME EN SPRAY 200ML"}]},{"@type":"WebSite","@id":"https:\/\/paracherkaoui.ma\/#website","url":"https:\/\/paracherkaoui.ma\/","name":"Paracherkaoui.ma","description":"Achetez en ligne sur Paracherkaoui.ma","potentialAction":[{"@type":"SearchAction","target":{"@type":"EntryPoint","urlTemplate":"https:\/\/paracherkaoui.ma\/?s={search_term_string}"},"query-input":{"@type":"PropertyValueSpecification","valueRequired":true,"valueName":"search_term_string"}}],"inLanguage":"fr-FR"}]}},"_links":{"self":[{"href":"https:\/\/paracherkaoui.ma\/index.php\/wp-json\/wp\/v2\/product\/34293","targetHints":{"allow":["GET"]}}],"collection":[{"href":"https:\/\/paracherkaoui.ma\/index.php\/wp-json\/wp\/v2\/product"}],"about":[{"href":"https:\/\/paracherkaoui.ma\/index.php\/wp-json\/wp\/v2\/types\/product"}],"replies":[{"embeddable":true,"href":"https:\/\/paracherkaoui.ma\/index.php\/wp-json\/wp\/v2\/comments?post=34293"}],"version-history":[{"count":1,"href":"https:\/\/paracherkaoui.ma\/index.php\/wp-json\/wp\/v2\/product\/34293\/revisions"}],"predecessor-version":[{"id":34342,"href":"https:\/\/paracherkaoui.ma\/index.php\/wp-json\/wp\/v2\/product\/34293\/revisions\/34342"}],"wp:featuredmedia":[{"embeddable":true,"href":"https:\/\/paracherkaoui.ma\/index.php\/wp-json\/wp\/v2\/media\/11548"}],"wp:attachment":[{"href":"https:\/\/paracherkaoui.ma\/index.php\/wp-json\/wp\/v2\/media?parent=34293"}],"wp:term":[{"taxonomy":"product_brand","embeddable":true,"href":"https:\/\/paracherkaoui.ma\/index.php\/wp-json\/wp\/v2\/product_brand?post=34293"},{"taxonomy":"product_cat","embeddable":true,"href":"https:\/\/paracherkaoui.ma\/index.php\/wp-json\/wp\/v2\/product_cat?post=34293"},{"taxonomy":"product_tag","embeddable":true,"href":"https:\/\/paracherkaoui.ma\/index.php\/wp-json\/wp\/v2\/product_tag?post=34293"}],"curies":[{"name":"wp","href":"https:\/\/api.w.org\/{rel}","templated":true}]}}